000
CXUS56 KMFR 071027 RRA
CLAMFR
CLIMATE REPORT
NATIONAL WEATHER SERVICE MEDFORD, OR
213 AM PST FRI JAN 07 2022
...................................
...THE MEDFORD OR CLIMATE SUMMARY FOR THE YEAR OF 2021...
CLIMATE NORMAL PERIOD 1991 TO 2020
CLIMATE RECORD PERIOD 1911 TO 2022
WEATHER OBSERVED NORMAL DEPART LAST YEAR`S
VALUE DATE(S) VALUE FROM VALUE DATE(S)
NORMAL
................................................................
TEMPERATURE (F)
RECORD
HIGH 115 07/20/1946
LOW -10 12/13/1919
HIGHEST 115R 06/28 108 08/15
08/01
08/11
LOWEST 26 01/20 22 11/09
AVG. MAXIMUM 69.9 68.3 1.6 69.9
AVG. MINIMUM 45.5 43.6 1.9 44.4
MEAN 57.7 55.9 1.8 57.2
DAYS MAX >= 90 74 61.2 12.8 72
DAYS MAX <= 32 0 1.0 -1.0 0
DAYS MIN <= 32 47 63.9 -16.9 70
DAYS MIN <= 0 0 0.0 0.0 0
PRECIPITATION (INCHES)
RECORD
MAXIMUM 31.41 1996
MINIMUM 6.38
TOTALS 16.14 18.43 -2.29 15.43
DAILY AVG. T 0.05 -0.05 0.04
DAYS >= .01 97 103.4 -6.4 94
DAYS >= .10 50 51.0 -1.0 44
DAYS >= .50 6 8.6 -2.6 6
DAYS >= 1.00 0 1.5 -1.5 2
GREATEST
24 HR. TOTAL 1.04 09/18 TO 09/19
SNOWFALL (INCHES)
RECORDS
TOTAL 24.1 1930
TOTALS 4.6 3.4 1.2 0.05
SINCE 7/1 4.5 1.0 3.5 0.0
DAYS >= TRACE 9 3.7 5.3 3
DAYS >= 1.0 1 1.1 -0.1 0
DEGREE DAYS
HEATING TOTAL 3905 4203 -298 3848
SINCE 7/1 1669 1729 -60 1298
COOLING TOTAL 1333 908 425 1155
SINCE 1/1 967 909 58 1155
FREEZE DATES
................................................................
WIND (MPH)
AVERAGE WIND SPEED 4.0
HIGHEST WIND SPEED/DIRECTION 37/150 DATE 11/08
HIGHEST GUST SPEED/DIRECTION 48/160 DATE 11/08
SKY COVER
POSSIBLE SUNSHINE (PERCENT) MM
AVERAGE SKY COVER 0.47
NUMBER OF DAYS FAIR 175
NUMBER OF DAYS PC 108
NUMBER OF DAYS CLOUDY 82
AVERAGE RH (PERCENT) 64
WEATHER CONDITIONS. NUMBER OF DAYS WITH
THUNDERSTORM 4 MIXED PRECIP 1
HEAVY RAIN 5 RAIN 37
LIGHT RAIN 100 FREEZING RAIN 0
LT FREEZING RAIN 0 HAIL 0
HEAVY SNOW 0 SNOW 2
LIGHT SNOW 10 SLEET 0
FOG 123 FOG W/VIS <= 1/4 MILE 42
HAZE 78
- INDICATES NEGATIVE NUMBERS.
R INDICATES RECORD WAS SET OR TIED.
MM INDICATES DATA IS MISSING.
T INDICATES TRACE AMOUNT.
$$