000
CXUS53 KTOP 010910
CF6MHK
PRELIMINARY LOCAL CLIMATOLOGICAL DATA (WS FORM: F-6)
STATION: MANHATTAN KS
MONTH: DECEMBER
YEAR: 2022
LATITUDE: 39 9 N
LONGITUDE: 96 40 W
TEMPERATURE IN F: :PCPN: SNOW: WIND :SUNSHINE: SKY :PK WND
================================================================================
1 2 3 4 5 6A 6B 7 8 9 10 11 12 13 14 15 16 17 18
12Z AVG MX 2MIN
DY MAX MIN AVG DEP HDD CDD WTR SNW DPTH SPD SPD DIR MIN PSBL S-S WX SPD DR
================================================================================
1 53 16 35 -1 30 0 0.00 M M 14.3 33 210 M M 0 49 200
2 69 27 48 12 17 0 0.00 M M 16.8 33 210 M M 0 46 220
3 34 12 23 -13 42 0 0.00 M M 2.8 13 210 M M 0 20 310
4 46 21 34 -2 31 0 0.00 M M 1.6 9 210 M M 0 13 210
5 57 24 41 6 24 0 0.00 M M 3.9 12 30 M M 0 17 30
6 46 20 33 -2 32 0 0.00 M M 3.3 12 40 M M 2 15 30
7 49 21 35 1 30 0 0.00 M M 1.9 9 50 M M 4 12 12 50
8 42 33 38 4 27 0 0.08 M M 5.1 15 270 M M 10 128 22 260
9 36 30 33 -1 32 0 0.00 M M 4.0 10 270 M M 7 1 16 250
10 48 21 35 1 30 0 0.00 M M 3.1 10 270 M M 6 1 16 260
11 44 14 29 -4 36 0 0.00 M M 5.4 14 140 M M 4 1 18 140
12 50 40 45 12 20 0 0.10 M M 11.3 21 130 M M 10 1 33 130
13 58 30 44 11 21 0 0.47 M M 14.9 30 210 M M 6 13 40 120
14 37 26 32 0 33 0 0.00 M M 11.0 17 270 M M 5 27 250
15 38 26 32 0 33 0 T M M 11.5 23 270 M M 6 33 270
16 35 23 29 -3 36 0 0.00 M M 9.7 20 280 M M 4 32 280
17 38 15 27 -5 38 0 0.00 M M 6.0 14 280 M M 2 23 260
18 42 9 26 -5 39 0 0.00 M M 3.4 13 140 M M 0 19 130
19 41 21 31 0 34 0 0.15 M M 6.1 20 200 M M 10 1 29 200
20 21 16 19 -12 46 0 T M M 6.5 12 20 M M 10 8 16 340
21 32 8 20 -11 45 0 T M M 7.7 24 360 M M 10 168 44 10
22 8 -7 1 -30 64 0 0.02 M M 9.6 22 360 M M 7 89 37 10
23 13 -4 5 -25 60 0 0.00 M M 8.5 17 290 M M 0 30 280
24 20 0 10 -20 55 0 0.00 M M 3.3 12 300 M M 5 18 270
25 32 0 16 -14 49 0 0.02 M M 5.9 18 210 M M 2 25 210
26 34 7 21 -9 44 0 T M M 7.4 18 20 M M 3 36 340
27 41 10 26 -4 39 0 0.00 M M 10.8 21 210 M M 0 29 210
28 55 31 43 13 22 0 0.00 M M 9.4 21 210 M M 0 31 190
29 60 24 42 12 23 0 0.00 M M 10.1 33 220 M M 3 47 230
30 50 19 35 5 30 0 0.00 M M 1.0 6 210 M M 1 1 9 210
31 58 27 43 13 22 0 0.00 M M 3.9 16 210 M M 3 22 220
================================================================================
SM 1287 560 1084 0 0.84 M 220.2 M 120
================================================================================
AV 41.5 18.1 7.1 FASTST M M 4 MAX(MPH)
MISC ----> # 33 210 49 200
================================================================================
NOTES:
# LAST OF SEVERAL OCCURRENCES
COLUMN 17 PEAK WIND IN M.P.H.
PRELIMINARY LOCAL CLIMATOLOGICAL DATA (WS FORM: F-6) , PAGE 2
STATION: MANHATTAN KS
MONTH: DECEMBER
YEAR: 2022
LATITUDE: 39 9 N
LONGITUDE: 96 40 W
[TEMPERATURE DATA] [PRECIPITATION DATA] SYMBOLS USED IN COLUMN 16
AVERAGE MONTHLY: 29.8 TOTAL FOR MONTH: 0.84 1 = FOG OR MIST
DPTR FM NORMAL: -2.5 DPTR FM NORMAL: -0.22 2 = FOG REDUCING VISIBILITY
HIGHEST: 69 ON 2 GRTST 24HR 0.57 ON 12-13 TO 1/4 MILE OR LESS
LOWEST: -7 ON 22 3 = THUNDER
SNOW, ICE PELLETS, HAIL 4 = ICE PELLETS
TOTAL MONTH: M 5 = HAIL
GRTST 24HR M ON M 6 = FREEZING RAIN OR DRIZZLE
GRTST DEPTH: M ON M 7 = DUSTSTORM OR SANDSTORM:
VSBY 1/2 MILE OR LESS
8 = SMOKE OR HAZE
[NO. OF DAYS WITH] [WEATHER - DAYS WITH] 9 = BLOWING SNOW
X = TORNADO
MAX 32 OR BELOW: 6 0.01 INCH OR MORE: 6
MAX 90 OR ABOVE: 0 0.10 INCH OR MORE: 3
MIN 32 OR BELOW: 29 0.50 INCH OR MORE: 0
MIN 0 OR BELOW: 4 1.00 INCH OR MORE: 0
[HDD (BASE 65) ]
TOTAL THIS MO. 1084 CLEAR (SCALE 0-3) 15
DPTR FM NORMAL 70 PTCLDY (SCALE 4-7) 11
TOTAL FM JUL 1 2080 CLOUDY (SCALE 8-10) 5
DPTR FM NORMAL 34
[CDD (BASE 65) ]
TOTAL THIS MO. 0
DPTR FM NORMAL 0 [PRESSURE DATA]
TOTAL FM JAN 1 1763 HIGHEST SLP 30.69 ON 23
DPTR FM NORMAL 274 LOWEST SLP 29.43 ON 28
[REMARKS]
#FINAL-12-22#