000
CXUS53 KTOP 010810
CF6MHK
PRELIMINARY LOCAL CLIMATOLOGICAL DATA (WS FORM: F-6)
STATION: MANHATTAN KS
MONTH: JULY
YEAR: 2021
LATITUDE: 39 9 N
LONGITUDE: 96 40 W
TEMPERATURE IN F: :PCPN: SNOW: WIND :SUNSHINE: SKY :PK WND
================================================================================
1 2 3 4 5 6A 6B 7 8 9 10 11 12 13 14 15 16 17 18
12Z AVG MX 2MIN
DY MAX MIN AVG DEP HDD CDD WTR SNW DPTH SPD SPD DIR MIN PSBL S-S WX SPD DR
================================================================================
1 86 68 77 -1 0 12 0.00 M M 5.1 14 50 M M 1 21 20
2 89 63 76 -3 0 11 0.00 M M 3.2 13 80 M M 1 1 17 80
3 90 61 76 -3 0 11 0.00 M M 3.1 10 160 M M 1 1 17 210
4 90 64 77 -2 0 12 0.00 M M 5.6 16 180 M M 0 1 23 220
5 91 64 78 -1 0 13 0.00 M M 4.5 13 210 M M 1 1 18 150
6 91 63 77 -2 0 12 0.00 M M 4.7 15 190 M M 0 23 180
7 87 67 77 -2 0 12 0.04 M M 6.0 14 30 M M 6 138 24 30
8 90 60 75 -4 0 10 0.00 M M 3.2 13 150 M M 0 1 19 140
9 98 72 85 5 0 20 T M M 10.5 23 210 M M 1 3 36 210
10 88 66 77 -3 0 12 0.89 M M 5.7 21 100 M M 4 13 36 10
11 81 62 72 -8 0 7 0.02 M M 6.7 16 40 M M 6 1 24 10
12 85 58 72 -8 0 7 0.00 M M 2.9 13 40 M M 1 20 20
13 93 59 76 -4 0 11 0.00 M M 6.0 18 180 M M 0 26 180
14 94 69 82 2 0 17 0.19 M M 11.8 21 210 M M 0 13 31 210
15 81 68 75 -5 0 10 3.36 M M 6.1 17 170 M M 7 13 24 10
16 84 68 76 -4 0 11 0.00 M M 4.2 12 90 M M 6 18 15 80
17 86 70 78 -2 0 13 0.17 M M 5.3 17 140 M M 2 3 23 150
18 84 68 76 -4 0 11 0.00 M M 5.9 14 70 M M 3 17 90
19 86 63 75 -5 0 10 0.00 M M 4.3 14 80 M M 1 1 19 70
20 87 63 75 -5 0 10 0.00 M M 2.3 10 100 M M 1 1 14 110
21 88 63 76 -4 0 11 0.00 M M 2.1 10 170 M M 1 1 15 210
22 89 64 77 -3 0 12 0.00 M M 6.3 16 210 M M 0 18 22 220
23 94 70 82 2 0 17 0.00 M M 7.1 15 180 M M 1 24 210
24 99 74 87 7 0 22 0.00 M M 4.9 13 230 M M 0 17 230
25 86 68 77 -3 0 12 0.39 M M 5.6 20 20 M M 3 138 34 20
26 90 71 81 1 0 16 0.00 M M 3.8 14 100 M M 2 18 19 100
27 97 70 84 4 0 19 0.00 M M 1.8 8 220 M M 0 1 11 210
28 98 73 86 6 0 21 0.00 M M 5.0 14 190 M M 0 1 22 170
29 101 72 87 7 0 22 0.00 M M 3.1 13 230 M M 0 17 240
30 101 72 87 7 0 22 0.00 M M 3.9 12 230 M M 0 15 230
31 89 71 80 0 0 15 M M M 7.7 17 60 M M 2 18 24 30
================================================================================
SM 2793 2064 0 421 5.06 M 158.4 M 51
================================================================================
AV 90.1 66.6 5.1 FASTST M M 2 MAX(MPH)
MISC ----> 23 210 # 36 210
================================================================================
NOTES:
# LAST OF SEVERAL OCCURRENCES
COLUMN 17 PEAK WIND IN M.P.H.
PRELIMINARY LOCAL CLIMATOLOGICAL DATA (WS FORM: F-6) , PAGE 2
STATION: MANHATTAN KS
MONTH: JULY
YEAR: 2021
LATITUDE: 39 9 N
LONGITUDE: 96 40 W
[TEMPERATURE DATA] [PRECIPITATION DATA] SYMBOLS USED IN COLUMN 16
AVERAGE MONTHLY: 78.3 TOTAL FOR MONTH: 5.06 1 = FOG OR MIST
DPTR FM NORMAL: -1.5 DPTR FM NORMAL: 1.05 2 = FOG REDUCING VISIBILITY
HIGHEST: 101 ON 30,29 GRTST 24HR 3.55 ON 14-15 TO 1/4 MILE OR LESS
LOWEST: 58 ON 12 3 = THUNDER
SNOW, ICE PELLETS, HAIL 4 = ICE PELLETS
TOTAL MONTH: M 5 = HAIL
GRTST 24HR M ON M 6 = FREEZING RAIN OR DRIZZLE
GRTST DEPTH: M ON M 7 = DUSTSTORM OR SANDSTORM:
VSBY 1/2 MILE OR LESS
8 = SMOKE OR HAZE
[NO. OF DAYS WITH] [WEATHER - DAYS WITH] 9 = BLOWING SNOW
X = TORNADO
MAX 32 OR BELOW: 0 0.01 INCH OR MORE: 7
MAX 90 OR ABOVE: 15 0.10 INCH OR MORE: 5
MIN 32 OR BELOW: 0 0.50 INCH OR MORE: 2
MIN 0 OR BELOW: 0 1.00 INCH OR MORE: 1
[HDD (BASE 65) ]
TOTAL THIS MO. 0 CLEAR (SCALE 0-3) 26
DPTR FM NORMAL 0 PTCLDY (SCALE 4-7) 5
TOTAL FM JUL 1 0 CLOUDY (SCALE 8-10) 0
DPTR FM NORMAL 0
[CDD (BASE 65) ]
TOTAL THIS MO. 421
DPTR FM NORMAL -37 [PRESSURE DATA]
TOTAL FM JAN 1 930 HIGHEST SLP M ON M
DPTR FM NORMAL 34 LOWEST SLP 29.76 ON 9
[REMARKS]
#FINAL-07-21#