000
CXUS56 KMFR 010930
CF6MHS
PRELIMINARY LOCAL CLIMATOLOGICAL DATA (WS FORM: F-6)
STATION: MT SHASTA CITY CA
MONTH: OCTOBER
YEAR: 2023
LATITUDE: 41 19 N
LONGITUDE: 122 19 W
TEMPERATURE IN F: :PCPN: SNOW: WIND :SUNSHINE: SKY :PK WND
================================================================================
1 2 3 4 5 6A 6B 7 8 9 10 11 12 13 14 15 16 17 18
12Z AVG MX 2MIN
DY MAX MIN AVG DEP HDD CDD WTR SNW DPTH SPD SPD DIR MIN PSBL S-S WX SPD DR
================================================================================
1 63 42 53 -4 12 0 0.00 M M 3.6 12 60 M M 1 24 300
2 67 43 55 -1 10 0 0.00 M M 2.6 6 99 M M 3 M M
3 70 52 61 5 4 0 0.00 M M 3.8 9 300 M M 3 21 350
4 75 47 61 5 4 0 0.00 M M 2.1 8 290 M M 0 19 280
5 84 41 63 8 2 0 0.00 M M 0.2 5 80 M M 0 13 240
6 84 44 64 9 1 0 0.00 M M 0.1 6 220 M M 0 12 230
7 82 45 64 10 1 0 0.00 M M 0.3 6 100 M M 0 12 110
8 81 45 63 9 2 0 0.00 M M 1.4 8 130 M M 0 24 130
9 64 53 59 5 6 0 T M M 2.9 9 130 M M 5 21 130
10 56 42 49 -4 16 0 0.11 M M 2.9 8 350 M M 9 1 23 340
11 61 38 50 -3 15 0 0.00 M M 2.1 8 330 M M 5 18 350
12 66 32 49 -3 16 0 0.00 M M 1.1 6 280 M M 0 13 280
13 63 36 50 -2 15 0 0.12 M M 1.5 9 130 M M 3 23 130
14 64 45 55 3 10 0 0.00 M M 0.8 8 130 M M 7 18 130
15 72 42 57 6 8 0 0.00 M M 0.9 7 120 M M 1 16 120
16 66 43 55 4 10 0 T M M 1.6 9 80 M M 4 1 17 60
17 66 42 54 3 11 0 0.00 M M 2.1 10 290 M M 3 22 300
18 83 42 63 13 2 0 0.00 M M 0.7 6 290 M M 0 10 290
19 84 42 63 13 2 0 0.00 M M 0.5 7 120 M M 0 17 130
20 83 43 63 13 2 0 0.00 M M 0.0 5 80 M M 0 9 130
21 74 45 60 11 5 0 0.00 M M 0.5 7 140 M M 3 14 140
22 61 45 53 4 12 0 0.07 M M 1.0 7 340 M M 6 1 16 300
23 63 47 55 7 10 0 0.00 M M 4.6 12 340 M M 4 23 340
24 65 34 50 2 15 0 0.00 M M 0.7 7 350 M M 3 8 14 300
25 55 33 44 -4 21 0 0.01 M M 2.3 8 290 M M 6 8 19 340
26 54 25 40 -8 25 0 0.00 M M 0.5 6 300 M M 0 8 12 220
27 56 25 41 -6 24 0 0.00 M M 2.2 8 280 M M 0 8 16 310
28 50 25 38 -9 27 0 0.00 M M 2.0 9 290 M M 0 8 21 300
29 60 21 41 -5 24 0 0.00 M M 1.3 7 280 M M 0 8 14 280
30 62 25 44 -2 21 0 0.00 M M 1.2 8 300 M M 0 8 15 300
31 68 30 49 3 16 0 0.00 M M 0.3 5 230 M M 0 8 8 230
================================================================================
SM 2102 1214 349 0 0.31 M 47.8 M 66
================================================================================
AV 67.8 39.2 1.5 FASTST M M 2 MAX(MPH)
MISC ----> # 12 60 # 24 300
================================================================================
NOTES:
# LAST OF SEVERAL OCCURRENCES
COLUMN 17 PEAK WIND IN M.P.H.
PRELIMINARY LOCAL CLIMATOLOGICAL DATA (WS FORM: F-6) , PAGE 2
STATION: MT SHASTA CITY CA
MONTH: OCTOBER
YEAR: 2023
LATITUDE: 41 19 N
LONGITUDE: 122 19 W
[TEMPERATURE DATA] [PRECIPITATION DATA] SYMBOLS USED IN COLUMN 16
AVERAGE MONTHLY: 53.5 TOTAL FOR MONTH: 0.31 1 = FOG OR MIST
DPTR FM NORMAL: 2.4 DPTR FM NORMAL: -1.69 2 = FOG REDUCING VISIBILITY
HIGHEST: 84 ON 19, 6 GRTST 24HR 0.12 ON 13-13 TO 1/4 MILE OR LESS
LOWEST: 21 ON 29 3 = THUNDER
SNOW, ICE PELLETS, HAIL 4 = ICE PELLETS
TOTAL MONTH: M 5 = HAIL
GRTST 24HR M ON M 6 = FREEZING RAIN OR DRIZZLE
GRTST DEPTH: M ON M 7 = DUSTSTORM OR SANDSTORM:
VSBY 1/2 MILE OR LESS
8 = SMOKE OR HAZE
[NO. OF DAYS WITH] [WEATHER - DAYS WITH] 9 = BLOWING SNOW
X = TORNADO
MAX 32 OR BELOW: 0 0.01 INCH OR MORE: 4
MAX 90 OR ABOVE: 0 0.10 INCH OR MORE: 2
MIN 32 OR BELOW: 7 0.50 INCH OR MORE: 0
MIN 0 OR BELOW: 0 1.00 INCH OR MORE: 0
[HDD (BASE 65) ]
TOTAL THIS MO. 349 CLEAR (SCALE 0-3) 19
DPTR FM NORMAL -83 PTCLDY (SCALE 4-7) 11
TOTAL FM JUL 1 502 CLOUDY (SCALE 8-10) 1
DPTR FM NORMAL -120
[CDD (BASE 65) ]
TOTAL THIS MO. 0
DPTR FM NORMAL -1 [PRESSURE DATA]
TOTAL FM JAN 1 505 HIGHEST SLP M ON M
DPTR FM NORMAL 196 LOWEST SLP 29.72 ON 10
[REMARKS]
#FINAL-10-23#