000
CXUS53 KIND 010600
CF6MIE
PRELIMINARY LOCAL CLIMATOLOGICAL DATA (WS FORM: F-6)
STATION: MUNCIE IN
MONTH: APRIL
YEAR: 2023
LATITUDE: 40 13 N
LONGITUDE: 85 23 W
TEMPERATURE IN F: :PCPN: SNOW: WIND :SUNSHINE: SKY :PK WND
================================================================================
1 2 3 4 5 6A 6B 7 8 9 10 11 12 13 14 15 16 17 18
12Z AVG MX 2MIN
DY MAX MIN AVG DEP HDD CDD WTR SNW DPTH SPD SPD DIR MIN PSBL S-S WX SPD DR
================================================================================
1 58 36 47 -1 18 0 T M M 18.1 38 270 M M 7 8 57 300
2 54 36 45 -3 20 0 0.00 M M 6.7 16 190 M M 5 23 190
3 72 47 60 12 5 0 0.00 M M 10.2 20 190 M M 3 30 200
4 74 49 62 13 3 0 T M M 9.0 18 190 M M 5 18 28 190
5 75 47 61 12 4 0 0.47 M M 13.7 32 290 M M 5 138 45 280
6 52 38 45 -5 20 0 0.00 M M 7.6 16 310 M M 2 23 320
7 56 34 45 -5 20 0 0.00 M M 7.4 16 60 M M 0 25 60
8 60 34 47 -4 18 0 0.00 M M 9.3 18 110 M M 0 28 100
9 65 36 51 0 14 0 0.00 M M 7.6 18 120 M M 0 23 100
10 69 38 54 3 11 0 0.00 M M 4.3 10 170 M M 0 15 170
11 76 43 60 8 5 0 0.00 M M 8.1 18 260 M M 0 8 24 270
12 80 57 69 17 0 4 0.00 M M 10.7 20 250 M M 0 27 270
13 81 48 65 12 0 0 0.00 M M 5.2 13 190 M M 0 18 190
14 79 50 65 12 0 0 0.00 M M 4.0 13 250 M M 5 17 190
15 82 63 73 20 0 8 0.02 M M 7.1 17 240 M M 5 23 240
16 71 40 56 2 9 0 0.10 M M 13.6 29 270 M M 7 18 43 270
17 42 36 39 -15 26 0 0.09 M M 14.8 26 270 M M 10 18 40 270
18 60 34 47 -8 18 0 0.00 M M 9.3 20 260 M M 1 27 260
19 80 38 59 4 6 0 0.00 M M 9.5 20 180 M M 0 29 220
20 85 57 71 16 0 6 0.00 M M 11.6 25 190 M M 4 37 200
21 65 48 57 1 8 0 0.43 M M 5.4 23 310 M M 6 18 28 310
22 52 40 46 -10 19 0 0.02 M M 11.1 25 280 M M 9 35 260
23 47 38 43 -14 22 0 T M M 10.6 18 270 M M 9 26 250
24 52 34 43 -14 22 0 0.00 M M 6.0 20 330 M M 6 25 320
25 59 40 50 -7 15 0 0.00 M M 8.8 20 270 M M 7 29 280
26 60 34 47 -11 18 0 0.00 M M 5.4 12 70 M M 2 18 19 110
27 65 34 50 -8 15 0 0.01 M M 7.3 16 100 M M 1 20 90
28 56 46 51 -7 14 0 0.93 M M 8.5 16 40 M M 10 18 22 40
29 70 46 58 -1 7 0 0.67 M M 7.3 26 290 M M 4 138 36 290
30 54 41 48 -11 17 0 0.29 M M 13.2 29 290 M M 8 1 39 280
================================================================================
SM 1951 1262 354 18 3.03 M 271.4 M 121
================================================================================
AV 65.0 42.1 9.0 FASTST M M 4 MAX(MPH)
MISC ----> 38 270 57 300
================================================================================
NOTES:
# LAST OF SEVERAL OCCURRENCES
COLUMN 17 PEAK WIND IN M.P.H.
PRELIMINARY LOCAL CLIMATOLOGICAL DATA (WS FORM: F-6) , PAGE 2
STATION: MUNCIE IN
MONTH: APRIL
YEAR: 2023
LATITUDE: 40 13 N
LONGITUDE: 85 23 W
[TEMPERATURE DATA] [PRECIPITATION DATA] SYMBOLS USED IN COLUMN 16
AVERAGE MONTHLY: 53.6 TOTAL FOR MONTH: 3.03 1 = FOG OR MIST
DPTR FM NORMAL: 0.0 DPTR FM NORMAL: -0.86 2 = FOG REDUCING VISIBILITY
HIGHEST: 85 ON 20 GRTST 24HR 0.94 ON 27-28 TO 1/4 MILE OR LESS
LOWEST: 34 ON 27,26 3 = THUNDER
SNOW, ICE PELLETS, HAIL 4 = ICE PELLETS
TOTAL MONTH: M 5 = HAIL
GRTST 24HR M ON M 6 = FREEZING RAIN OR DRIZZLE
GRTST DEPTH: M ON M 7 = DUSTSTORM OR SANDSTORM:
VSBY 1/2 MILE OR LESS
8 = SMOKE OR HAZE
[NO. OF DAYS WITH] [WEATHER - DAYS WITH] 9 = BLOWING SNOW
X = TORNADO
MAX 32 OR BELOW: 0 0.01 INCH OR MORE: 10
MAX 90 OR ABOVE: 0 0.10 INCH OR MORE: 6
MIN 32 OR BELOW: 0 0.50 INCH OR MORE: 2
MIN 0 OR BELOW: 0 1.00 INCH OR MORE: 0
[HDD (BASE 65) ]
TOTAL THIS MO. 354 CLEAR (SCALE 0-3) 13
DPTR FM NORMAL -8 PTCLDY (SCALE 4-7) 13
TOTAL FM JUL 1 4563 CLOUDY (SCALE 8-10) 4
DPTR FM NORMAL -560
[CDD (BASE 65) ]
TOTAL THIS MO. 18
DPTR FM NORMAL 0 [PRESSURE DATA]
TOTAL FM JAN 1 18 HIGHEST SLP M ON M
DPTR FM NORMAL -3 LOWEST SLP 29.35 ON 1
[REMARKS]
#FINAL-04-23#