000
CXUS53 KIND 010600
CF6MIE
PRELIMINARY LOCAL CLIMATOLOGICAL DATA (WS FORM: F-6)
STATION: MUNCIE IN
MONTH: JULY
YEAR: 2021
LATITUDE: 40 13 N
LONGITUDE: 85 23 W
TEMPERATURE IN F: :PCPN: SNOW: WIND :SUNSHINE: SKY :PK WND
================================================================================
1 2 3 4 5 6A 6B 7 8 9 10 11 12 13 14 15 16 17 18
12Z AVG MX 2MIN
DY MAX MIN AVG DEP HDD CDD WTR SNW DPTH SPD SPD DIR MIN PSBL S-S WX SPD DR
================================================================================
1 84 65 75 -1 0 10 0.85 M M 6.5 16 340 M M 5 13 23 250
2 78 59 69 -7 0 4 0.00 M M 8.2 16 40 M M 3 23 10
3 79 56 68 -8 0 3 0.00 M M 7.1 15 270 M M 0 21 300
4 88 67 78 2 0 13 0.00 M M 8.1 14 320 M M 0 8 19 320
5 90 72 81 5 0 16 0.00 M M 6.6 15 270 M M 0 8 18 280
6 89 74 82 6 0 17 0.00 M M 6.8 14 290 M M 1 8 19 300
7 90 72 81 5 0 16 0.21 M M 6.8 16 260 M M 3 38 25 200
8 83 66 75 -1 0 10 0.27 M M 6.6 20 340 M M 7 138 25 340
9 75 59 67 -9 0 2 0.00 M M 5.6 14 270 M M 5 19 250
10 75 62 69 -7 0 4 0.07 M M 6.2 14 100 M M 5 1 18 110
11 79 68 74 -2 0 9 1.23 M M 6.0 14 30 M M 10 1 19 30
12 85 69 77 1 0 12 0.20 M M 6.9 24 200 M M 6 138 24 200
13 82 72 77 1 0 12 0.22 M M 7.6 18 280 M M 6 38 27 240
14 85 70 78 2 0 13 0.00 M M 6.3 12 210 M M 4 19 250
15 89 73 81 5 0 16 0.25 M M 9.2 20 330 M M 3 13 27 240
16 81 72 77 1 0 12 1.25 M M 5.3 14 230 M M 7 123 20 230
17 84 70 77 1 0 12 0.30 M M 5.2 12 310 M M 7 1 15 330
18 83 65 74 -2 0 9 0.00 M M 4.2 13 100 M M 3 17 130
19 84 62 73 -3 0 8 0.00 M M 2.8 10 20 M M 0 18 15 30
20 83 64 74 -2 0 9 0.00 M M 4.5 12 320 M M 0 18 15 330
21 80 63 72 -4 0 7 0.00 M M 6.9 12 50 M M 3 18 M M
22 82 60 71 -5 0 6 0.00 M M 2.9 8 150 M M 1 18 12 150
23 85 67 76 0 0 11 0.16 M M 5.1 14 330 M M 4 18 22 350
24 88 72 80 4 0 15 T M M 8.1 17 220 M M 2 38 25 220
25 90 71 81 5 0 16 0.00 M M 3.5 10 330 M M 4 38 16 340
26 89 68 79 3 0 14 0.00 M M 2.3 9 320 M M 0 18 15 310
27 88 63 76 1 0 11 0.00 M M 2.1 10 330 M M 0 18 16 340
28 89 68 79 4 0 14 0.00 M M 4.0 10 260 M M 1 18 15 260
29 88 72 80 5 0 15 0.24 M M 7.1 17 280 M M 3 138 25 250
30 80 66 73 -2 0 8 0.00 M M 7.0 14 20 M M 1 18 17 360
31 77 64 71 -4 0 6 T M M 5.7 14 300 M M 6 21 260
================================================================================
SM 2602 2071 0 330 5.25 M 181.2 M 100
================================================================================
AV 83.9 66.8 5.8 FASTST M M 3 MAX(MPH)
MISC ----> 24 200 # 27 240
================================================================================
NOTES:
# LAST OF SEVERAL OCCURRENCES
COLUMN 17 PEAK WIND IN M.P.H.
PRELIMINARY LOCAL CLIMATOLOGICAL DATA (WS FORM: F-6) , PAGE 2
STATION: MUNCIE IN
MONTH: JULY
YEAR: 2021
LATITUDE: 40 13 N
LONGITUDE: 85 23 W
[TEMPERATURE DATA] [PRECIPITATION DATA] SYMBOLS USED IN COLUMN 16
AVERAGE MONTHLY: 75.4 TOTAL FOR MONTH: 5.25 1 = FOG OR MIST
DPTR FM NORMAL: -0.6 DPTR FM NORMAL: 1.15 2 = FOG REDUCING VISIBILITY
HIGHEST: 90 ON 25, 7 GRTST 24HR 1.36 ON 16-17 TO 1/4 MILE OR LESS
LOWEST: 56 ON 3 3 = THUNDER
SNOW, ICE PELLETS, HAIL 4 = ICE PELLETS
TOTAL MONTH: M 5 = HAIL
GRTST 24HR M ON M 6 = FREEZING RAIN OR DRIZZLE
GRTST DEPTH: M ON M 7 = DUSTSTORM OR SANDSTORM:
VSBY 1/2 MILE OR LESS
8 = SMOKE OR HAZE
[NO. OF DAYS WITH] [WEATHER - DAYS WITH] 9 = BLOWING SNOW
X = TORNADO
MAX 32 OR BELOW: 0 0.01 INCH OR MORE: 12
MAX 90 OR ABOVE: 3 0.10 INCH OR MORE: 11
MIN 32 OR BELOW: 0 0.50 INCH OR MORE: 3
MIN 0 OR BELOW: 0 1.00 INCH OR MORE: 2
[HDD (BASE 65) ]
TOTAL THIS MO. 0 CLEAR (SCALE 0-3) 15
DPTR FM NORMAL -1 PTCLDY (SCALE 4-7) 15
TOTAL FM JUL 1 0 CLOUDY (SCALE 8-10) 1
DPTR FM NORMAL 0
[CDD (BASE 65) ]
TOTAL THIS MO. 330
DPTR FM NORMAL -14 [PRESSURE DATA]
TOTAL FM JAN 1 793 HIGHEST SLP M ON M
DPTR FM NORMAL 59 LOWEST SLP 29.76 ON 11
[REMARKS]
#FINAL-07-21#