000
CXUS53 KMKX 011631
CLSMKE
CLIMATE REPORT
NATIONAL WEATHER SERVICE MILWAUKEE/SULLIVAN WI
1131 AM CDT THU JUN 01 2023
...................................
...THE MILWAUKEE WI CLIMATE SUMMARY FOR THE SEASON, FROM
3/1/2023 TO 5/31/2023...
CLIMATE NORMAL PERIOD 1991 TO 2020
CLIMATE RECORD PERIOD 1871 TO 2023
WEATHER OBSERVED NORMAL DEPART LAST YEAR`S
VALUE DATE(S) VALUE FROM VALUE DATE(S)
NORMAL
................................................................
TEMPERATURE (F)
RECORD
HIGH 95 05/27/2018
LOW -10 03/01/1962
HIGHEST 86 05/31 85 1 87 05/12
05/30
LOWEST 13 03/18 7 6 8 03/12
AVG. MAXIMUM 56.4 55.2 1.2 55.3
AVG. MINIMUM 39.0 38.1 0.9 39.4
MEAN 47.7 46.6 1.1 47.4
DAYS MAX >= 90 0 0.3 -0.3 0
DAYS MAX <= 32 2 4.9 -2.9 4
DAYS MIN <= 32 22 27.4 -5.4 24
DAYS MIN <= 0 0 0.2 -0.2 0
PRECIPITATION (INCHES)
RECORD
MAXIMUM 16.66 1876
MINIMUM 2.94 1885
TOTALS 7.14 9.60 -2.46 11.06
DAILY AVG. 0.08 0.10 -0.02 0.12
DAYS >= .01 35 34.6 0.4 37
DAYS >= .10 21 19.8 1.2 25
DAYS >= .50 4 6.8 -2.8 8
DAYS >= 1.00 0 1.8 -1.8 3
GREATEST
24 HR. TOTAL 1.13 03/09 TO 03/10 1.21 05/25 TO 05/26
SNOWFALL (INCHES)
RECORDS
TOTAL 53.5 1881
TOTALS 23.9 8.8 15.1 6.8
SINCE 7/1 52.4 48.7 3.7 28.7
SNOWDEPTH AVG. 0 -1
DAYS >= 1.0 4 2.4 1.6 3
GREATEST
SNOW DEPTH 8 03/10 1 03/07
03/08
24 HR TOTAL 10.7 03/09 TO 03/10 2.0 03/07 TO 03/07
04/02 TO 04/02
DEGREE DAYS
HEATING TOTAL 1602 1730 -128 1667
SINCE 7/1 5751 6385 -634 5994
COOLING TOTAL 36 39 -3 71
SINCE 1/1 36 39 -3 71
FREEZE DATES
RECORD
EARLIEST 09/20/1956
LATEST 05/27/1961
EARLIEST 11/13
LATEST 04/27
................................................................
WIND (MPH)
AVERAGE WIND SPEED 9.8
RESULTANT WIND SPEED/DIRECTION 1/310
HIGHEST WIND SPEED/DIRECTION 38/130 DATE 04/04
HIGHEST GUST SPEED/DIRECTION 50/230 DATE 04/05
SKY COVER
AVERAGE SKY COVER 0.63
NUMBER OF DAYS FAIR 17
NUMBER OF DAYS PC 42
NUMBER OF DAYS CLOUDY 33
AVERAGE RH (PERCENT) 62
WEATHER CONDITIONS. NUMBER OF DAYS WITH
THUNDERSTORM 6 MIXED PRECIP 0
HEAVY RAIN 2 RAIN 11
LIGHT RAIN 30 FREEZING RAIN 0
LT FREEZING RAIN 0 HAIL 2
HEAVY SNOW 3 SNOW 5
LIGHT SNOW 19 SLEET 1
FOG 33 FOG W/VIS <= 1/4 MILE 7
HAZE 21
- INDICATES NEGATIVE NUMBERS.
R INDICATES RECORD WAS SET OR TIED.
MM INDICATES DATA IS MISSING.
T INDICATES TRACE AMOUNT.
$$