000
CXUS53 KGRR 010910
CF6MKG
PRELIMINARY LOCAL CLIMATOLOGICAL DATA (WS FORM: F-6)
STATION: MUSKEGON
MONTH: JUNE
YEAR: 2021
LATITUDE: 43 10 N
LONGITUDE: 86 14 W
TEMPERATURE IN F: :PCPN: SNOW: WIND :SUNSHINE: SKY :PK WND
================================================================================
1 2 3 4 5 6A 6B 7 8 9 10 11 12 13 14 15 16 17 18
12Z AVG MX 2MIN
DY MAX MIN AVG DEP HDD CDD WTR SNW DPTH SPD SPD DIR MIN PSBL S-S WX SPD DR
================================================================================
1 72 49 61 -2 4 0 0.00 0.0 0 5.8 14 230 M M 3 21 240
2 80 48 64 0 1 0 0.00 0.0 0 4.8 13 320 M M 5 18 310
3 77 50 64 0 1 0 T 0.0 0 7.0 17 200 M M 4 1 24 300
4 81 63 72 8 0 7 T 0.0 0 12.8 24 230 M M 6 37 240
5 86 66 76 11 0 11 0.00 0.0 0 15.9 25 230 M M 3 37 220
6 88 66 77 12 0 12 0.00 0.0 0 11.9 21 200 M M 3 30 180
7 78 68 73 8 0 8 0.08 0.0 0 9.5 20 190 M M 8 12 28 180
8 82 67 75 9 0 10 0.34 0.0 0 2.5 12 250 M M 8 12 16 240
9 88 67 78 12 0 13 0.07 0.0 0 4.6 21 170 M M 5 138 27 170
10 87 67 77 11 0 12 0.00 0.0 0 5.0 10 260 M M 3 16 220
11 89 68 79 13 0 14 0.00 0.0 0 4.6 12 270 M M 3 16 280
12 85 66 76 9 0 11 0.00 0.0 0 5.8 12 350 M M 3 18 18 360
13 84 64 74 7 0 9 0.00 0.0 0 6.7 15 290 M M 1 21 280
14 80 61 71 4 0 6 T 0.0 0 10.8 23 340 M M 4 33 340
15 79 59 69 1 0 4 0.00 0.0 0 9.6 18 330 M M 1 26 290
16 75 50 63 -5 2 0 0.00 0.0 0 5.6 13 320 M M 2 21 280
17 84 45 65 -3 0 0 T 0.0 0 8.2 18 190 M M 5 28 190
18 81 62 72 4 0 7 1.09 0.0 0 7.9 30 110 M M 6 13 40 280
19 78 60 69 0 0 4 0.18 0.0 0 5.6 21 330 M M 6 138 30 340
20 83 56 70 1 0 5 T 0.0 0 4.0 16 140 M M 6 25 140
21 70 46 58 -11 7 0 0.06 0.0 0 13.2 25 320 M M 8 138 40 330
22 69 44 57 -12 8 0 0.00 0.0 0 6.3 16 250 M M 3 23 250
23 72 51 62 -8 3 0 0.04 0.0 0 12.2 23 190 M M 8 34 170
24 72 63 68 -2 0 3 1.34 0.0 0 13.6 25 180 M M 8 13 42 190
25 72 66 69 -1 0 4 1.45 0.0 0 6.0 16 180 M M 10 12 27 180
26 75 67 71 1 0 6 2.24 0.0 0 10.9 24 190 M M 9 123 39 200
27 79 63 71 1 0 6 T 0.0 0 13.9 25 200 M M 8 42 160
28 82 62 72 2 0 7 0.01 0.0 0 3.8 9 190 M M 9 18 13 190
29 78 69 74 3 0 9 0.02 0.0 0 7.9 17 230 M M 8 1 24 230
30 81 67 74 3 0 9 0.00 0.0 0 4.5 12 270 M M 5 1 16 240
================================================================================
SM 2387 1800 26 177 6.92 0.0 240.9 M 161
================================================================================
AV 79.6 60.0 8.0 FASTST M M 5 MAX(MPH)
MISC ----> 30 110 # 42 190
================================================================================
NOTES:
# LAST OF SEVERAL OCCURRENCES
COLUMN 17 PEAK WIND IN M.P.H.
PRELIMINARY LOCAL CLIMATOLOGICAL DATA (WS FORM: F-6) , PAGE 2
STATION: MUSKEGON
MONTH: JUNE
YEAR: 2021
LATITUDE: 43 10 N
LONGITUDE: 86 14 W
[TEMPERATURE DATA] [PRECIPITATION DATA] SYMBOLS USED IN COLUMN 16
AVERAGE MONTHLY: 69.8 TOTAL FOR MONTH: 6.92 1 = FOG OR MIST
DPTR FM NORMAL: 2.4 DPTR FM NORMAL: 3.87 2 = FOG REDUCING VISIBILITY
HIGHEST: 89 ON 11 GRTST 24HR 2.24 ON 25-26 TO 1/4 MILE OR LESS
LOWEST: 44 ON 22 3 = THUNDER
SNOW, ICE PELLETS, HAIL 4 = ICE PELLETS
TOTAL MONTH: 0.0 INCH 5 = HAIL
GRTST 24HR 0.0 6 = FREEZING RAIN OR DRIZZLE
GRTST DEPTH: 0 7 = DUSTSTORM OR SANDSTORM:
VSBY 1/2 MILE OR LESS
8 = SMOKE OR HAZE
[NO. OF DAYS WITH] [WEATHER - DAYS WITH] 9 = BLOWING SNOW
X = TORNADO
MAX 32 OR BELOW: 0 0.01 INCH OR MORE: 12
MAX 90 OR ABOVE: 0 0.10 INCH OR MORE: 6
MIN 32 OR BELOW: 0 0.50 INCH OR MORE: 4
MIN 0 OR BELOW: 0 1.00 INCH OR MORE: 4
[HDD (BASE 65) ]
TOTAL THIS MO. 26 CLEAR (SCALE 0-3) 9
DPTR FM NORMAL -24 PTCLDY (SCALE 4-7) 15
TOTAL FM JUL 1 6006 CLOUDY (SCALE 8-10) 6
DPTR FM NORMAL -294
[CDD (BASE 65) ]
TOTAL THIS MO. 177
DPTR FM NORMAL 53 [PRESSURE DATA]
TOTAL FM JAN 1 227 HIGHEST SLP 30.24 ON 1
DPTR FM NORMAL 67 LOWEST SLP 29.39 ON 21
[REMARKS]
#FINAL-06-21#