000
CXHW52 PHFO 011250
CF6MKK
PRELIMINARY LOCAL CLIMATOLOGICAL DATA (WS FORM: F-6)
STATION: MOLOKAI HI
MONTH: FEBRUARY
YEAR: 2022
LATITUDE: 21 8 N
LONGITUDE: 157 6 W
TEMPERATURE IN F: :PCPN: SNOW: WIND :SUNSHINE: SKY :PK WND
================================================================================
1 2 3 4 5 6A 6B 7 8 9 10 11 12 13 14 15 16 17 18
12Z AVG MX 2MIN
DY MAX MIN AVG DEP HDD CDD WTR SNW DPTH SPD SPD DIR MIN PSBL S-S WX SPD DR
================================================================================
1 81 64 73 1 0 8 0.00 M M 9.0 20 50 M M 0 28 50
2 81 57 69 -3 0 4 0.00 M M 4.4 13 350 M M 0 19 360
3 80 57 69 -3 0 4 0.00 M M 7.6 17 50 M M 1 24 60
4 81 55 68 -4 0 3 0.00 M M 5.3 13 350 M M 0 17 360
5 80 63 72 0 0 7 T M M 7.5 23 50 M M 2 28 50
6 79 70 75 3 0 10 0.00 M M 12.7 24 60 M M 1 35 50
7 81 69 75 3 0 10 T M M 12.8 22 50 M M 3 31 50
8 80 64 72 0 0 7 0.00 M M 8.8 18 50 M M 0 25 60
9 82 57 70 -2 0 5 0.00 M M 3.8 18 40 M M 2 23 30
10 78 56 67 -5 0 2 0.00 M M 2.9 10 50 M M 4 14 60
11 81 54 68 -4 0 3 0.00 M M 4.1 15 70 M M 2 23 50
12 79 60 70 -2 0 5 T M M 8.0 16 360 M M 3 24 360
13 78 66 72 0 0 7 T M M 9.0 20 360 M M 4 27 350
14 78 60 69 -3 0 4 T M M 6.9 15 40 M M 2 22 50
15 79 57 68 -4 0 3 0.00 M M 8.0 18 30 M M 2 27 30
16 80 64 72 0 0 7 0.00 M M 9.0 20 50 M M 1 26 50
17 84 65 75 3 0 10 0.00 M M 10.0 20 50 M M 1 28 30
18 82 68 75 3 0 10 0.00 M M 9.7 18 50 M M 1 26 50
19 82 66 74 2 0 9 T M M 6.8 15 350 M M 4 19 350
20 76 69 73 1 0 8 0.29 M M 9.9 18 360 M M 7 1 23 10
21 76 69 73 1 0 8 0.52 M M 9.5 16 360 M M 7 1 23 10
22 83 67 75 3 0 10 0.00 M M 11.6 24 50 M M 1 33 50
23 81 69 75 3 0 10 0.00 M M 10.7 22 50 M M 0 30 30
24 82 62 72 0 0 7 0.00 M M 8.8 20 40 M M 2 29 50
25 80 62 71 -1 0 6 0.00 M M 9.9 23 50 M M 2 33 40
26 81 64 73 1 0 8 0.00 M M 8.2 22 50 M M 2 28 50
27 82 61 72 0 0 7 0.00 M M 3.5 12 360 M M 5 15 340
28 81 60 71 -1 0 6 0.00 M M 5.0 13 30 M M 3 18 140
================================================================================
SM 2248 1755 0 188 0.81 M 223.4 M 62
================================================================================
AV 80.3 62.7 8.0 FASTST M M 2 MAX(MPH)
MISC ----> # 24 60 35 50
================================================================================
NOTES:
# LAST OF SEVERAL OCCURRENCES
COLUMN 17 PEAK WIND IN M.P.H.
PRELIMINARY LOCAL CLIMATOLOGICAL DATA (WS FORM: F-6) , PAGE 2
STATION: MOLOKAI HI
MONTH: FEBRUARY
YEAR: 2022
LATITUDE: 21 8 N
LONGITUDE: 157 6 W
[TEMPERATURE DATA] [PRECIPITATION DATA] SYMBOLS USED IN COLUMN 16
AVERAGE MONTHLY: 71.5 TOTAL FOR MONTH: 0.81 1 = FOG OR MIST
DPTR FM NORMAL: -0.2 DPTR FM NORMAL: -1.50 2 = FOG REDUCING VISIBILITY
HIGHEST: 84 ON 17 GRTST 24HR 0.52 ON 20-21 TO 1/4 MILE OR LESS
LOWEST: 54 ON 11 3 = THUNDER
SNOW, ICE PELLETS, HAIL 4 = ICE PELLETS
TOTAL MONTH: M 5 = HAIL
GRTST 24HR M ON M 6 = FREEZING RAIN OR DRIZZLE
GRTST DEPTH: M ON M 7 = DUSTSTORM OR SANDSTORM:
VSBY 1/2 MILE OR LESS
8 = SMOKE OR HAZE
[NO. OF DAYS WITH] [WEATHER - DAYS WITH] 9 = BLOWING SNOW
X = TORNADO
MAX 32 OR BELOW: 0 0.01 INCH OR MORE: 2
MAX 90 OR ABOVE: 0 0.10 INCH OR MORE: 2
MIN 32 OR BELOW: 0 0.50 INCH OR MORE: 1
MIN 0 OR BELOW: 0 1.00 INCH OR MORE: 0
[HDD (BASE 65) ]
TOTAL THIS MO. 0 CLEAR (SCALE 0-3) 21
DPTR FM NORMAL 0 PTCLDY (SCALE 4-7) 7
TOTAL FM JUL 1 0 CLOUDY (SCALE 8-10) 0
DPTR FM NORMAL 0
[CDD (BASE 65) ]
TOTAL THIS MO. 188
DPTR FM NORMAL 0 [PRESSURE DATA]
TOTAL FM JAN 1 387 HIGHEST SLP 30.16 ON 25
DPTR FM NORMAL -8 LOWEST SLP 29.91 ON 14
[REMARKS]
#FINAL-02-22#