000
CXUS54 KMEG 011619
CLMMKL
CLIMATE REPORT
NATIONAL WEATHER SERVICE MEMPHIS TN
1019 AM CST THU FEB 01 2024
...................................
...THE JACKSON CLIMATE SUMMARY FOR THE MONTH OF JANUARY 2024...
CLIMATE NORMAL PERIOD 1991 TO 2020
CLIMATE RECORD PERIOD 1948 TO 2024
WEATHER OBSERVED NORMAL DEPART LAST YEAR`S
VALUE DATE(S) VALUE FROM VALUE DATE(S)
NORMAL
................................................................
TEMPERATURE (F)
RECORD
HIGH 78 01/24/1972
01/01/1952
LOW -13 01/24/1963
HIGHEST 63 01/25 47 16 73 01/01
LOWEST -10 01/17 27 -37 23 01/15
01/24
AVG. MAXIMUM 44.0 48.7 -4.7 55.1
AVG. MINIMUM 25.4 29.3 -3.9 35.8
MEAN 34.7 39.0 -4.3 45.5
DAYS MAX >= 90 0 0.0 0.0 0
DAYS MAX <= 32 7 2.9 4.1 1
DAYS MIN <= 32 22 19.4 2.6 14
DAYS MIN <= 0 2 0.1 1.9 0
PRECIPITATION (INCHES)
RECORD
MAXIMUM 10.28 1990
MINIMUM 0.74 2015
TOTALS 5.90 4.07 1.83 6.27
DAILY AVG. 0.19 0.13 0.06 0.20
DAYS >= .01 13 10.1 2.9 15
DAYS >= .10 9 6.6 2.4 10
DAYS >= .50 4 3.0 1.0 4
DAYS >= 1.00 3 1.0 2.0 1
GREATEST
24 HR. TOTAL 1.90 01/08 TO 01/09
SNOWFALL (INCHES)
RECORDS
TOTAL 12.7 1966
TOTALS MM MM MM MM
SINCE 7/1 MM MM MM MM
SNOWDEPTH AVG. MM MM
DAYS >= 1.0 MM MM MM MM
GREATEST
SNOW DEPTH MM MM MM
24 HR TOTAL MM
DEGREE DAYS
HEATING TOTAL 932 806 126 598
SINCE 7/1 2144 2210 -66 MM
COOLING TOTAL 0 0 0 1
SINCE 1/1 0 0 0 MM
................................................................
WIND (MPH)
AVERAGE WIND SPEED 7.4
HIGHEST WIND SPEED/DIRECTION 36/250 DATE 01/12
HIGHEST GUST SPEED/DIRECTION 49/240 DATE 01/09
49/180 01/12
SKY COVER
POSSIBLE SUNSHINE (PERCENT) MM
AVERAGE SKY COVER 0.54
NUMBER OF DAYS FAIR 10
NUMBER OF DAYS PC 9
NUMBER OF DAYS CLOUDY 12
AVERAGE RH (PERCENT) 75
WEATHER CONDITIONS. NUMBER OF DAYS WITH
THUNDERSTORM 2 MIXED PRECIP 0
HEAVY RAIN 3 RAIN 7
LIGHT RAIN 10 FREEZING RAIN 0
LT FREEZING RAIN 1 HAIL 0
HEAVY SNOW 0 SNOW 0
LIGHT SNOW 2 SLEET 0
FOG 15 FOG W/VIS <= 1/4 MILE 2
HAZE 5
- INDICATES NEGATIVE NUMBERS.
R INDICATES RECORD WAS SET OR TIED.
MM INDICATES DATA IS MISSING.
T INDICATES TRACE AMOUNT.
$$