000
CXUS54 KFWD 010730
CF6MKN
PRELIMINARY LOCAL CLIMATOLOGICAL DATA (WS FORM: F-6)
STATION: COMANCHE
MONTH: APRIL
YEAR: 2023
LATITUDE: 31 55 N
LONGITUDE: 98 36 W
TEMPERATURE IN F: :PCPN: SNOW: WIND :SUNSHINE: SKY :PK WND
================================================================================
1 2 3 4 5 6A 6B 7 8 9 10 11 12 13 14 15 16 17 18
12Z AVG MX 2MIN
DY MAX MIN AVG DEP HDD CDD WTR SNW DPTH SPD SPD DIR MIN PSBL S-S WX SPD DR
================================================================================
1 78 55 67 M 0 2 0.00 M M 7.0 12 250 M M 0 16 250
2 84 55 70 M 0 5 0.00 M M 10.2 18 180 M M 0 26 190
3 96 56 76 M 0 11 0.00 M M 12.3 18 150 M M 0 25 210
4 92 69 81 M 0 16 0.00 M M 11.3 15 190 M M 0 23 160
5 75 44 60 M 5 0 0.00 M M 12.2 21 330 M M 0 26 330
6 64 43 54 M 11 0 0.00 M M 8.4 16 70 M M 0 23 40
7 68 51 60 M 5 0 0.00 M M 7.3 12 10 M M 0 16 40
8 75 51 63 M 2 0 0.00 M M 3.8 9 120 M M 0 1 M M
9 82 50 66 M 0 1 0.00 M M 5.4 10 140 M M 0 1 16 120
10 82 55 69 M 0 4 0.01 M M 4.3 8 110 M M 0 13 16 0
11 82 50 66 M 0 1 0.00 M M 5.0 9 110 M M 0 1 M M
12 82 46 64 M 1 0 0.00 M M 6.6 13 150 M M 0 16 130
13 85 52 69 M 0 4 0.00 M M 10.8 15 150 M M 0 23 140
14 94 60 77 M 0 12 0.00 M M 10.5 16 200 M M 0 26 150
15 81 55 68 M 0 3 0.00 M M 11.7 18 200 M M 0 28 350
16 77 43 60 M 5 0 0.00 M M 4.1 8 10 M M 0 M M
17 83 46 65 M 0 0 0.00 M M 11.6 24 180 M M 0 33 180
18 82 56 69 M 0 4 0.00 M M 13.6 21 160 M M 0 31 160
19 88 66 77 M 0 12 0.00 M M 16.4 24 200 M M 0 32 200
20 86 59 73 M 0 8 0.01 M M 10.8 17 170 M M 0 38 23 170
21 81 52 67 M 0 2 0.00 M M 6.0 14 360 M M 0 21 30
22 82 49 66 M 0 1 0.04 M M 10.0 16 140 M M 0 24 130
23 50 44 47 M 18 0 1.56 M M 8.7 14 20 M M 3 3 22 20
24 71 44 58 M 7 0 0.01 M M 7.6 14 150 M M 0 1 18 110
25 74 57 66 M 0 1 0.02 M M 9.6 16 150 M M 0 1 22 140
26 88 58 73 M 0 8 0.21 M M 9.1 18 20 M M 0 12 28 20
27 76 51 64 M 1 0 0.00 M M 7.4 16 320 M M 0 1 22 310
28 77 50 64 M 1 0 0.00 M M 12.3 29 340 M M 0 35 340
29 74 49 62 M 3 0 0.00 M M 11.9 22 330 M M 0 31 330
30 95 57 76 M 0 11 0.00 M M 8.5 14 240 M M 0 22 80
================================================================================
SM 2404 1573 59 106 1.86 M 274.4 M 3
================================================================================
AV 80.1 52.4 9.1 FASTST M M 0 MAX(MPH)
MISC ----> 29 340 35 340
================================================================================
NOTES:
# LAST OF SEVERAL OCCURRENCES
COLUMN 17 PEAK WIND IN M.P.H.
PRELIMINARY LOCAL CLIMATOLOGICAL DATA (WS FORM: F-6) , PAGE 2
STATION: COMANCHE
MONTH: APRIL
YEAR: 2023
LATITUDE: 31 55 N
LONGITUDE: 98 36 W
[TEMPERATURE DATA] [PRECIPITATION DATA] SYMBOLS USED IN COLUMN 16
AVERAGE MONTHLY: 66.3 TOTAL FOR MONTH: 1.86 1 = FOG OR MIST
DPTR FM NORMAL: 0.0 DPTR FM NORMAL: -0.64 2 = FOG REDUCING VISIBILITY
HIGHEST: 96 ON 3 GRTST 24HR 1.56 ON 23-23 TO 1/4 MILE OR LESS
LOWEST: 43 ON 16, 6 3 = THUNDER
SNOW, ICE PELLETS, HAIL 4 = ICE PELLETS
TOTAL MONTH: M 5 = HAIL
GRTST 24HR M ON M 6 = FREEZING RAIN OR DRIZZLE
GRTST DEPTH: M ON M 7 = DUSTSTORM OR SANDSTORM:
VSBY 1/2 MILE OR LESS
8 = SMOKE OR HAZE
[NO. OF DAYS WITH] [WEATHER - DAYS WITH] 9 = BLOWING SNOW
X = TORNADO
MAX 32 OR BELOW: 0 0.01 INCH OR MORE: 7
MAX 90 OR ABOVE: 4 0.10 INCH OR MORE: 2
MIN 32 OR BELOW: 0 0.50 INCH OR MORE: 1
MIN 0 OR BELOW: 0 1.00 INCH OR MORE: 1
[HDD (BASE 65) ]
TOTAL THIS MO. 59 CLEAR (SCALE 0-3) 30
DPTR FM NORMAL M PTCLDY (SCALE 4-7) 0
TOTAL FM JUL 1 1715 CLOUDY (SCALE 8-10) 0
DPTR FM NORMAL M
[CDD (BASE 65) ]
TOTAL THIS MO. 106
DPTR FM NORMAL M [PRESSURE DATA]
TOTAL FM JAN 1 205 HIGHEST SLP M ON M
DPTR FM NORMAL M LOWEST SLP M ON M
[REMARKS]
#FINAL-04-23#