000
CXUS54 KFWD 010730
CF6MKN
PRELIMINARY LOCAL CLIMATOLOGICAL DATA (WS FORM: F-6)
STATION: COMANCHE
MONTH: MAY
YEAR: 2022
LATITUDE: 31 55 N
LONGITUDE: 98 36 W
TEMPERATURE IN F: :PCPN: SNOW: WIND :SUNSHINE: SKY :PK WND
================================================================================
1 2 3 4 5 6A 6B 7 8 9 10 11 12 13 14 15 16 17 18
12Z AVG MX 2MIN
DY MAX MIN AVG DEP HDD CDD WTR SNW DPTH SPD SPD DIR MIN PSBL S-S WX SPD DR
================================================================================
1 88 57 73 M 0 8 0.01 M M 9.5 17 140 M M 6 3 25 120
2 90 70 80 M 0 15 0.00 M M 15.3 24 190 M M 4 30 190
3 73 55 64 M 1 0 0.00 M M 8.0 18 200 M M 5 24 200
4 90 57 74 M 0 9 0.00 M M 12.7 21 170 M M 7 1 33 150
5 82 59 71 M 0 6 0.00 M M 10.3 24 190 M M 3 33 190
6 102 54 78 M 0 13 0.00 M M 7.1 18 140 M M 0 22 90
7 108 64 86 M 0 21 0.00 M M 10.3 24 140 M M 3 12 31 140
8 106 73 90 M 0 25 0.00 M M 13.9 21 160 M M 0 30 210
9 102 73 88 M 0 23 0.00 M M 15.0 21 170 M M 2 30 170
10 99 73 86 M 0 21 0.00 M M 14.9 21 180 M M 3 29 180
11 99 70 85 M 0 20 0.00 M M 12.7 20 150 M M 0 31 160
12 95 79 87 M 0 22 0.00 M M 15.1 18 160 M M 0 23 160
13 102 70 86 M 0 21 0.02 M M 10.5 15 170 M M 0 23 220
14 99 66 83 M 0 18 0.00 M M 6.6 12 150 M M 0 16 140
15 106 70 88 M 0 23 0.00 M M 9.0 16 170 M M 0 25 170
16 102 72 87 M 0 22 0.00 M M 10.8 20 150 M M 1 28 150
17 102 70 86 M 0 21 0.00 M M 12.3 24 160 M M 0 32 160
18 102 73 88 M 0 23 0.00 M M 14.8 22 200 M M 0 29 200
19 104 70 87 M 0 22 0.00 M M 15.4 29 170 M M 0 37 170
20 100 73 87 M 0 22 0.00 M M 14.9 23 170 M M 2 30 170
21 90 63 77 M 0 12 M M M 11.6 17 360 M M 2 3 24 10
22 84 61 73 M 0 8 0.00 M M 9.1 16 10 M M 4 23 10
23 73 61 67 M 0 2 0.08 M M 5.8 13 140 M M 6 3 18 100
24 84 57 71 M 0 6 0.13 M M 9.8 16 300 M M 7 3 36 300
25 77 57 67 M 0 2 0.00 M M 10.5 16 300 M M 3 25 300
26 95 55 75 M 0 10 0.00 M M 8.7 15 330 M M 0 25 240
27 100 61 81 M 0 16 0.00 M M 6.8 13 110 M M 0 16 170
28 99 68 84 M 0 19 0.00 M M 14.4 24 190 M M 0 33 170
29 99 72 86 M 0 21 0.00 M M 19.5 24 160 M M 0 32 160
30 97 72 85 M 0 20 0.00 M M 17.6 24 200 M M 5 31 180
31 99 73 86 M 0 21 0.00 M M 15.5 22 190 M M 5 35 190
================================================================================
SM 2948 2048 1 492 0.24 M 368.4 M 68
================================================================================
AV 95.1 66.1 11.9 FASTST M M 2 MAX(MPH)
MISC ----> 29 170 37 170
================================================================================
NOTES:
# LAST OF SEVERAL OCCURRENCES
COLUMN 17 PEAK WIND IN M.P.H.
PRELIMINARY LOCAL CLIMATOLOGICAL DATA (WS FORM: F-6) , PAGE 2
STATION: COMANCHE
MONTH: MAY
YEAR: 2022
LATITUDE: 31 55 N
LONGITUDE: 98 36 W
[TEMPERATURE DATA] [PRECIPITATION DATA] SYMBOLS USED IN COLUMN 16
AVERAGE MONTHLY: 80.6 TOTAL FOR MONTH: 0.24 1 = FOG OR MIST
DPTR FM NORMAL: 0.0 DPTR FM NORMAL: -3.81 2 = FOG REDUCING VISIBILITY
HIGHEST: 108 ON 7 GRTST 24HR 0.13 ON 24-24 TO 1/4 MILE OR LESS
LOWEST: 54 ON 6 3 = THUNDER
SNOW, ICE PELLETS, HAIL 4 = ICE PELLETS
TOTAL MONTH: M 5 = HAIL
GRTST 24HR M ON M 6 = FREEZING RAIN OR DRIZZLE
GRTST DEPTH: M ON M 7 = DUSTSTORM OR SANDSTORM:
VSBY 1/2 MILE OR LESS
8 = SMOKE OR HAZE
[NO. OF DAYS WITH] [WEATHER - DAYS WITH] 9 = BLOWING SNOW
X = TORNADO
MAX 32 OR BELOW: 0 0.01 INCH OR MORE: 4
MAX 90 OR ABOVE: 24 0.10 INCH OR MORE: 1
MIN 32 OR BELOW: 0 0.50 INCH OR MORE: 0
MIN 0 OR BELOW: 0 1.00 INCH OR MORE: 0
[HDD (BASE 65) ]
TOTAL THIS MO. 1 CLEAR (SCALE 0-3) 21
DPTR FM NORMAL M PTCLDY (SCALE 4-7) 10
TOTAL FM JUL 1 1749 CLOUDY (SCALE 8-10) 0
DPTR FM NORMAL M
[CDD (BASE 65) ]
TOTAL THIS MO. 492
DPTR FM NORMAL M [PRESSURE DATA]
TOTAL FM JAN 1 744 HIGHEST SLP M ON M
DPTR FM NORMAL M LOWEST SLP M ON M
[REMARKS]
#FINAL-05-22#