000
CXUS54 KFWD 010730
CF6MKN
PRELIMINARY LOCAL CLIMATOLOGICAL DATA (WS FORM: F-6)
STATION: COMANCHE
MONTH: JULY
YEAR: 2021
LATITUDE: 31 55 N
LONGITUDE: 98 36 W
TEMPERATURE IN F: :PCPN: SNOW: WIND :SUNSHINE: SKY :PK WND
================================================================================
1 2 3 4 5 6A 6B 7 8 9 10 11 12 13 14 15 16 17 18
12Z AVG MX 2MIN
DY MAX MIN AVG DEP HDD CDD WTR SNW DPTH SPD SPD DIR MIN PSBL S-S WX SPD DR
================================================================================
1 95 72 84 M 0 19 0.00 M M 3.3 8 260 M M 7 M M
2 93 73 83 M 0 18 0.02 M M 6.3 12 120 M M 7 18 40
3 82 71 77 M 0 12 0.42 M M 2.6 8 130 M M 8 M M
4 87 71 79 M 0 14 0.03 M M 5.2 12 120 M M 7 1 M M
5 87 71 79 M 0 14 0.33 M M 5.5 16 120 M M 7 1 23 120
6 87 70 79 M 0 14 0.04 M M 5.6 15 130 M M 7 1 M M
7 89 69 79 M 0 14 0.00 M M 2.6 8 100 M M 3 12 M M
8 90 69 80 M 0 15 0.00 M M 4.8 8 140 M M 1 16 130
9 84 72 78 M 0 13 0.11 M M 7.7 16 120 M M 9 21 150
10 91 71 81 M 0 16 0.00 M M 10.1 20 190 M M 7 1 25 190
11 89 69 79 M 0 14 0.15 M M 6.9 21 180 M M 6 3 23 240
12 86 68 77 M 0 12 0.00 M M 6.7 20 190 M M 5 29 190
13 91 66 79 M 0 14 0.00 M M 6.7 12 170 M M 5 1 25 170
14 91 69 80 M 0 15 0.00 M M 10.8 17 160 M M 6 30 160
15 91 70 81 M 0 16 M M M 10.9 17 200 M M 3 23 200
16 93 73 83 M 0 18 M M M 9.5 16 190 M M 1 23 190
17 93 74 84 M 0 19 M M M 8.6 13 190 M M 4 17 190
18 95 72 84 M 0 19 M M M 5.5 14 200 M M 1 17 200
19 91 73 82 M 0 17 M M M 5.0 12 330 M M 5 17 330
20 89 69 79 M 0 14 M M M 5.6 10 40 M M 3 16 30
21 91 67 79 M 0 14 0.00 M M 3.9 10 70 M M 2 17 70
22 94 67 81 M 0 16 0.00 M M 5.7 14 160 M M 1 17 160
23 95 72 84 M 0 19 0.00 M M 11.9 17 180 M M 3 23 160
24 99 72 86 M 0 21 0.00 M M 9.4 16 180 M M 0 22 190
25 101 73 87 M 0 22 0.00 M M 7.4 12 220 M M 0 23 220
26 100 73 87 M 0 22 0.00 M M 5.4 12 210 M M 0 M M
27 101 77 89 M 0 24 0.00 M M 4.7 10 260 M M 0 M M
28 96 74 85 M 0 20 0.00 M M 4.4 10 90 M M 5 M M
29 98 71 85 M 0 20 0.00 M M 4.1 13 70 M M 7 3 25 70
30 99 72 86 M 0 21 0.00 M M 4.4 8 160 M M 8 M M
31 101 73 87 M 0 22 0.00 M M 5.2 10 130 M M 10 M M
================================================================================
SM 2869 2203 0 528 1.10 M 196.2 M 138
================================================================================
AV 92.5 71.1 6.3 FASTST M M 4 MAX(MPH)
MISC ----> 21 180 30 160
================================================================================
NOTES:
# LAST OF SEVERAL OCCURRENCES
COLUMN 17 PEAK WIND IN M.P.H.
PRELIMINARY LOCAL CLIMATOLOGICAL DATA (WS FORM: F-6) , PAGE 2
STATION: COMANCHE
MONTH: JULY
YEAR: 2021
LATITUDE: 31 55 N
LONGITUDE: 98 36 W
[TEMPERATURE DATA] [PRECIPITATION DATA] SYMBOLS USED IN COLUMN 16
AVERAGE MONTHLY: 81.8 TOTAL FOR MONTH: 1.10 1 = FOG OR MIST
DPTR FM NORMAL: 0.0 DPTR FM NORMAL: -0.88 2 = FOG REDUCING VISIBILITY
HIGHEST: 101 ON 31,27 GRTST 24HR 0.42 ON 3- 3 TO 1/4 MILE OR LESS
LOWEST: 66 ON 13 3 = THUNDER
SNOW, ICE PELLETS, HAIL 4 = ICE PELLETS
TOTAL MONTH: M 5 = HAIL
GRTST 24HR M ON M 6 = FREEZING RAIN OR DRIZZLE
GRTST DEPTH: M ON M 7 = DUSTSTORM OR SANDSTORM:
VSBY 1/2 MILE OR LESS
8 = SMOKE OR HAZE
[NO. OF DAYS WITH] [WEATHER - DAYS WITH] 9 = BLOWING SNOW
X = TORNADO
MAX 32 OR BELOW: 0 0.01 INCH OR MORE: 7
MAX 90 OR ABOVE: 22 0.10 INCH OR MORE: 4
MIN 32 OR BELOW: 0 0.50 INCH OR MORE: 0
MIN 0 OR BELOW: 0 1.00 INCH OR MORE: 0
[HDD (BASE 65) ]
TOTAL THIS MO. 0 CLEAR (SCALE 0-3) 12
DPTR FM NORMAL M PTCLDY (SCALE 4-7) 16
TOTAL FM JUL 1 0 CLOUDY (SCALE 8-10) 3
DPTR FM NORMAL M
[CDD (BASE 65) ]
TOTAL THIS MO. 528
DPTR FM NORMAL M [PRESSURE DATA]
TOTAL FM JAN 1 1227 HIGHEST SLP M ON M
DPTR FM NORMAL M LOWEST SLP M ON M
[REMARKS]
#FINAL-07-21#