000
CXUS54 KFWD 010730
CF6MKN
PRELIMINARY LOCAL CLIMATOLOGICAL DATA (WS FORM: F-6)
STATION: COMANCHE
MONTH: JUNE
YEAR: 2021
LATITUDE: 31 55 N
LONGITUDE: 98 36 W
TEMPERATURE IN F: :PCPN: SNOW: WIND :SUNSHINE: SKY :PK WND
================================================================================
1 2 3 4 5 6A 6B 7 8 9 10 11 12 13 14 15 16 17 18
12Z AVG MX 2MIN
DY MAX MIN AVG DEP HDD CDD WTR SNW DPTH SPD SPD DIR MIN PSBL S-S WX SPD DR
================================================================================
1 72 61 67 M 0 2 0.00 M M 4.3 10 320 M M 7 1 M M
2 81 58 70 M 0 5 0.12 M M 2.6 9 360 M M 3 22 360
3 79 64 72 M 0 7 0.00 M M 2.5 10 130 M M 6 M M
4 80 65 73 M 0 8 0.00 M M 2.9 10 140 M M 7 1 M M
5 83 66 75 M 0 10 0.04 M M 4.1 10 190 M M 5 13 M M
6 88 65 77 M 0 12 0.00 M M 9.1 14 180 M M 5 22 180
7 87 66 77 M 0 12 0.51 M M 8.7 16 170 M M 5 3 30 0
8 91 66 79 M 0 14 0.80 M M 10.7 21 340 M M 4 3 36 160
9 89 73 81 M 0 16 0.00 M M 8.7 13 190 M M 4 8 20 180
10 91 75 83 M 0 18 0.00 M M 8.8 15 170 M M 3 18 170
11 92 74 83 M 0 18 0.00 M M 12.1 20 190 M M 3 24 190
12 91 68 80 M 0 15 0.00 M M 4.8 10 140 M M 2 1 M M
13 93 69 81 M 0 16 0.00 M M 1.9 8 130 M M 1 1 M M
14 91 73 82 M 0 17 M M M 4.8 10 150 M M 2 20 30
15 91 72 82 M 0 17 0.00 M M 3.8 9 80 M M 2 10 80
16 92 69 81 M 0 16 0.00 M M 2.6 6 120 M M 1 M M
17 93 67 80 M 0 15 0.00 M M 3.6 9 130 M M 0 M M
18 93 70 82 M 0 17 0.00 M M 4.3 10 90 M M 1 17 100
19 93 68 81 M 0 16 0.00 M M 6.1 12 160 M M 1 M M
20 94 71 83 M 0 18 0.00 M M 10.6 14 160 M M 0 23 200
21 92 69 81 M 0 16 0.00 M M 9.2 18 360 M M 5 29 20
22 83 66 75 M 0 10 0.00 M M 5.7 9 150 M M 8 M M
23 95 71 83 M 0 18 0.00 M M 9.9 15 200 M M 4 1 22 190
24 94 74 84 M 0 19 0.00 M M 12.6 17 170 M M 1 27 210
25 94 74 84 M 0 19 0.00 M M 13.5 18 190 M M 1 28 160
26 94 74 84 M 0 19 0.00 M M 13.3 18 180 M M 5 25 180
27 93 69 81 M 0 16 0.00 M M 6.3 17 140 M M 2 25 0
28 89 67 78 M 0 13 0.00 M M 4.6 15 120 M M 4 22 120
29 88 72 80 M 0 15 0.23 M M 6.7 23 160 M M 6 26 160
30 91 71 81 M 0 16 0.00 M M 4.8 8 130 M M 8 M M
================================================================================
SM 2677 2067 0 430 1.70 M 203.7 M 106
================================================================================
AV 89.2 68.9 6.8 FASTST M M 4 MAX(MPH)
MISC ----> 23 160 36 160
================================================================================
NOTES:
# LAST OF SEVERAL OCCURRENCES
COLUMN 17 PEAK WIND IN M.P.H.
PRELIMINARY LOCAL CLIMATOLOGICAL DATA (WS FORM: F-6) , PAGE 2
STATION: COMANCHE
MONTH: JUNE
YEAR: 2021
LATITUDE: 31 55 N
LONGITUDE: 98 36 W
[TEMPERATURE DATA] [PRECIPITATION DATA] SYMBOLS USED IN COLUMN 16
AVERAGE MONTHLY: 79.1 TOTAL FOR MONTH: 1.70 1 = FOG OR MIST
DPTR FM NORMAL: 0.0 DPTR FM NORMAL: -3.00 2 = FOG REDUCING VISIBILITY
HIGHEST: 95 ON 23 GRTST 24HR 0.80 ON 8- 8 TO 1/4 MILE OR LESS
LOWEST: 58 ON 2 3 = THUNDER
SNOW, ICE PELLETS, HAIL 4 = ICE PELLETS
TOTAL MONTH: M 5 = HAIL
GRTST 24HR M ON M 6 = FREEZING RAIN OR DRIZZLE
GRTST DEPTH: M ON M 7 = DUSTSTORM OR SANDSTORM:
VSBY 1/2 MILE OR LESS
8 = SMOKE OR HAZE
[NO. OF DAYS WITH] [WEATHER - DAYS WITH] 9 = BLOWING SNOW
X = TORNADO
MAX 32 OR BELOW: 0 0.01 INCH OR MORE: 5
MAX 90 OR ABOVE: 19 0.10 INCH OR MORE: 4
MIN 32 OR BELOW: 0 0.50 INCH OR MORE: 2
MIN 0 OR BELOW: 0 1.00 INCH OR MORE: 0
[HDD (BASE 65) ]
TOTAL THIS MO. 0 CLEAR (SCALE 0-3) 14
DPTR FM NORMAL M PTCLDY (SCALE 4-7) 16
TOTAL FM JUL 1 2260 CLOUDY (SCALE 8-10) 0
DPTR FM NORMAL M
[CDD (BASE 65) ]
TOTAL THIS MO. 430
DPTR FM NORMAL M [PRESSURE DATA]
TOTAL FM JAN 1 699 HIGHEST SLP M ON M
DPTR FM NORMAL M LOWEST SLP M ON M
[REMARKS]
#FINAL-06-21#