000
CXUS54 KFWD 010730
CF6MKN
PRELIMINARY LOCAL CLIMATOLOGICAL DATA (WS FORM: F-6)
STATION: COMANCHE
MONTH: APRIL
YEAR: 2021
LATITUDE: 31 55 N
LONGITUDE: 98 36 W
TEMPERATURE IN F: :PCPN: SNOW: WIND :SUNSHINE: SKY :PK WND
================================================================================
1 2 3 4 5 6A 6B 7 8 9 10 11 12 13 14 15 16 17 18
12Z AVG MX 2MIN
DY MAX MIN AVG DEP HDD CDD WTR SNW DPTH SPD SPD DIR MIN PSBL S-S WX SPD DR
================================================================================
1 67 45 56 M 9 0 0.00 M M 4.2 9 140 M M 0 9 100
2 70 39 55 M 10 0 0.00 M M 10.5 20 150 M M 3 27 150
3 63 50 57 M 8 0 0.00 M M 10.1 15 180 M M 7 23 170
4 71 54 63 M 2 0 0.00 M M 8.9 15 190 M M 9 20 210
5 79 49 64 M 1 0 0.00 M M 9.1 18 160 M M 4 1 25 180
6 86 62 74 M 0 9 0.00 M M 18.2 25 190 M M 4 32 190
7 77 57 67 M 0 2 0.00 M M 12.0 18 340 M M 3 29 170
8 88 49 69 M 0 4 0.00 M M 4.9 15 210 M M 1 20 170
9 93 60 77 M 0 12 0.00 M M 12.2 23 350 M M 0 31 350
10 73 46 60 M 5 0 0.00 M M 7.9 18 20 M M 0 25 10
11 88 49 69 M 0 4 0.00 M M 10.7 18 180 M M 0 25 180
12 85 60 73 M 0 8 0.00 0.0 M 8.6 16 360 M M 1 21 340
13 73 53 63 M 2 0 0.00 M M 9.0 16 360 M M 7 22 360
14 75 55 65 M 0 0 0.00 M M 8.8 13 30 M M 8 17 50
15 58 55 57 M 8 0 1.06 M M 6.9 10 110 M M 10 13 17 70
16 61 51 56 M 9 0 0.05 M M 9.0 16 360 M M 10 1 22 340
17 56 43 50 M 15 0 0.11 M M 11.7 17 350 M M 8 24 20
18 66 41 54 M 11 0 0.00 M M 6.0 12 20 M M 0 18 10
19 72 46 59 M 6 0 0.00 M M 5.3 9 200 M M 1 M M
20 59 40 50 M 15 0 0.00 M M 11.3 22 340 M M 0 26 340
21 54 35 45 M 20 0 0.00 M M 4.7 8 130 M M 8 M M
22 58 48 53 M 12 0 M M M 8.0 15 140 M M 10 21 150
23 75 58 67 M 0 2 0.02 M M 8.5 16 180 M M 7 13 21 270
24 73 53 63 M 2 0 M M M 9.4 15 330 M M 3 22 330
25 87 50 69 M 0 4 0.00 M M 10.0 16 200 M M 0 1 22 190
26 85 61 73 M 0 8 0.00 M M 13.5 20 170 M M 0 30 170
27 78 69 74 M 0 9 M M M 13.8 23 150 M M 7 30 150
28 83 65 74 M 0 9 0.39 M M 11.2 17 160 M M 7 3 26 120
29 67 60 64 M 1 0 1.02 M M 9.5 13 10 M M 10 20 350
30 65 58 62 M 3 0 0.21 M M 7.1 13 50 M M 10 1 20 350
================================================================================
SM 2185 1561 139 71 2.86 0.0 281.1 M 138
================================================================================
AV 72.8 52.0 9.4 FASTST M M 5 MAX(MPH)
MISC ----> 25 190 32 190
================================================================================
NOTES:
# LAST OF SEVERAL OCCURRENCES
COLUMN 17 PEAK WIND IN M.P.H.
PRELIMINARY LOCAL CLIMATOLOGICAL DATA (WS FORM: F-6) , PAGE 2
STATION: COMANCHE
MONTH: APRIL
YEAR: 2021
LATITUDE: 31 55 N
LONGITUDE: 98 36 W
[TEMPERATURE DATA] [PRECIPITATION DATA] SYMBOLS USED IN COLUMN 16
AVERAGE MONTHLY: 62.4 TOTAL FOR MONTH: 2.86 1 = FOG OR MIST
DPTR FM NORMAL: 0.0 DPTR FM NORMAL: 0.36 2 = FOG REDUCING VISIBILITY
HIGHEST: 93 ON 9 GRTST 24HR 1.06 ON 15-15 TO 1/4 MILE OR LESS
LOWEST: 35 ON 21 3 = THUNDER
SNOW, ICE PELLETS, HAIL 4 = ICE PELLETS
TOTAL MONTH: 0.0 INCH 5 = HAIL
GRTST 24HR 0.0 6 = FREEZING RAIN OR DRIZZLE
GRTST DEPTH: M ON M 7 = DUSTSTORM OR SANDSTORM:
VSBY 1/2 MILE OR LESS
8 = SMOKE OR HAZE
[NO. OF DAYS WITH] [WEATHER - DAYS WITH] 9 = BLOWING SNOW
X = TORNADO
MAX 32 OR BELOW: 0 0.01 INCH OR MORE: 7
MAX 90 OR ABOVE: 1 0.10 INCH OR MORE: 5
MIN 32 OR BELOW: 0 0.50 INCH OR MORE: 2
MIN 0 OR BELOW: 0 1.00 INCH OR MORE: 2
[HDD (BASE 65) ]
TOTAL THIS MO. 139 CLEAR (SCALE 0-3) 13
DPTR FM NORMAL M PTCLDY (SCALE 4-7) 10
TOTAL FM JUL 1 2238 CLOUDY (SCALE 8-10) 7
DPTR FM NORMAL M
[CDD (BASE 65) ]
TOTAL THIS MO. 71
DPTR FM NORMAL M [PRESSURE DATA]
TOTAL FM JAN 1 95 HIGHEST SLP M ON M
DPTR FM NORMAL M LOWEST SLP M ON M
[REMARKS]
#FINAL-04-21#