000
CXUS54 KFWD 010731
CF6MKN
PRELIMINARY LOCAL CLIMATOLOGICAL DATA (WS FORM: F-6)
STATION: COMANCHE
MONTH: AUGUST
YEAR: 2020
LATITUDE: 31 55 N
LONGITUDE: 98 36 W
TEMPERATURE IN F: :PCPN: SNOW: WIND :SUNSHINE: SKY :PK WND
================================================================================
1 2 3 4 5 6A 6B 7 8 9 10 11 12 13 14 15 16 17 18
12Z AVG MX 2MIN
DY MAX MIN AVG DEP HDD CDD WTR SNW DPTH SPD SPD DIR MIN PSBL S-S WX SPD DR
================================================================================
1 95 66 81 M 0 16 0.00 0.0 0 4.2 9 60 M M 0 M M
2 99 66 83 M 0 18 0.00 0.0 0 5.0 12 60 M M 0 18 60
3 84 70 77 M 0 12 0.01 0.0 0 2.6 8 180 M M 4 M M
4 102 66 84 M 0 19 0.00 0.0 0 5.7 12 150 M M 2 16 180
5 104 73 89 M 0 24 0.00 0.0 0 7.9 13 200 M M 1 17 210
6 102 75 89 M 0 24 0.00 0.0 0 10.9 16 150 M M 0 24 160
7 100 75 88 M 0 23 0.00 0.0 0 12.2 18 170 M M 0 22 170
8 100 75 88 M 0 23 0.00 0.0 0 10.9 15 180 M M 0 22 170
9 102 77 90 M 0 25 0.00 0.0 0 12.2 18 160 M M 1 22 170
10 102 75 89 M 0 24 0.00 0.0 0 12.7 18 200 M M 0 28 170
11 102 77 90 M 0 25 0.00 0.0 0 10.8 16 180 M M 0 22 190
12 104 79 92 M 0 27 0.00 0.0 0 10.9 17 220 M M 0 22 220
13 106 79 93 M 0 28 0.00 0.0 0 11.3 14 160 M M 0 22 220
14 108 81 95 M 0 30 0.00 0.0 0 10.4 16 210 M M 0 23 210
15 108 81 95 M 0 30 0.00 0.0 0 7.8 18 220 M M 0 27 220
16 106 70 88 M 0 23 0.14 0.0 0 6.3 25 20 M M 1 3 41 20
17 91 68 80 M 0 15 0.09 0.0 0 4.3 10 330 M M 2 3 16 330
18 96 67 82 M 0 17 0.00 0.0 0 4.8 10 20 M M 1 M M
19 95 68 82 M 0 17 0.00 0.0 0 4.1 13 40 M M 0 16 40
20 89 66 78 M 0 13 0.00 0.0 0 3.0 7 130 M M 1 M M
21 99 65 82 M 0 17 0.00 0.0 0 5.4 10 120 M M 1 16 160
22 98 68 83 M 0 18 0.00 0.0 0 6.2 13 130 M M 3 3 M M
23 96 67 82 M 0 17 0.00 0.0 0 5.0 9 130 M M 1 8 9 170
24 97 69 83 M 0 18 0.00 0.0 0 3.5 9 100 M M 2 M M
25 97 68 83 M 0 18 0.00 0.0 0 3.6 10 60 M M 2 M M
26 97 70 84 M 0 19 0.00 0.0 0 3.9 10 120 M M 2 17 120
27 96 69 83 M 0 18 0.00 0.0 0 4.0 10 160 M M 1 M M
28 106 76 91 M 0 26 0.00 0.0 0 8.7 16 210 M M 1 21 210
29 106 80 93 M 0 28 0.00 0.0 0 8.8 16 200 M M 1 21 210
30 102 77 90 M 0 25 0.00 0.0 0 11.1 16 160 M M 3 23 190
31 102 79 91 M 0 26 0.00 0.0 0 12.0 18 170 M M 1 31 170
================================================================================
SM 3091 2242 0 663 0.24 0.0 230.2 M 31
================================================================================
AV 99.7 72.3 7.4 FASTST M M 1 MAX(MPH)
MISC ----> # 25 20 # 41 20
================================================================================
NOTES:
# LAST OF SEVERAL OCCURRENCES
COLUMN 17 PEAK WIND IN M.P.H.
PRELIMINARY LOCAL CLIMATOLOGICAL DATA (WS FORM: F-6) , PAGE 2
STATION: COMANCHE
MONTH: AUGUST
YEAR: 2020
LATITUDE: 31 55 N
LONGITUDE: 98 36 W
[TEMPERATURE DATA] [PRECIPITATION DATA] SYMBOLS USED IN COLUMN 16
AVERAGE MONTHLY: 86.0 TOTAL FOR MONTH: 0.24 1 = FOG OR MIST
DPTR FM NORMAL: M DPTR FM NORMAL: -2.35 2 = FOG REDUCING VISIBILITY
HIGHEST: 108 ON 15,14 GRTST 24HR 0.14 ON 16-16 TO 1/4 MILE OR LESS
LOWEST: 65 ON 21 3 = THUNDER
SNOW, ICE PELLETS, HAIL 4 = ICE PELLETS
TOTAL MONTH: 0.0 INCH 5 = HAIL
GRTST 24HR 0.0 6 = FREEZING RAIN OR DRIZZLE
GRTST DEPTH: 0 7 = DUSTSTORM OR SANDSTORM:
VSBY 1/2 MILE OR LESS
8 = SMOKE OR HAZE
[NO. OF DAYS WITH] [WEATHER - DAYS WITH] 9 = BLOWING SNOW
X = TORNADO
MAX 32 OR BELOW: 0 0.01 INCH OR MORE: 3
MAX 90 OR ABOVE: 29 0.10 INCH OR MORE: 1
MIN 32 OR BELOW: 0 0.50 INCH OR MORE: 0
MIN 0 OR BELOW: 0 1.00 INCH OR MORE: 0
[HDD (BASE 65) ]
TOTAL THIS MO. 0 CLEAR (SCALE 0-3) 30
DPTR FM NORMAL M PTCLDY (SCALE 4-7) 1
TOTAL FM JUL 1 0 CLOUDY (SCALE 8-10) 0
DPTR FM NORMAL M
[CDD (BASE 65) ]
TOTAL THIS MO. 663
DPTR FM NORMAL M [PRESSURE DATA]
TOTAL FM JAN 1 2180 HIGHEST SLP M ON M
DPTR FM NORMAL M LOWEST SLP M ON M
[REMARKS]
#FINAL-08-20#