000
CXUS54 KFWD 010730
CF6MKN
PRELIMINARY LOCAL CLIMATOLOGICAL DATA (WS FORM: F-6)
STATION: COMANCHE
MONTH: MARCH
YEAR: 2020
LATITUDE: 31 55 N
LONGITUDE: 98 36 W
TEMPERATURE IN F: :PCPN: SNOW: WIND :SUNSHINE: SKY :PK WND
================================================================================
1 2 3 4 5 6A 6B 7 8 9 10 11 12 13 14 15 16 17 18
12Z AVG MX 2MIN
DY MAX MIN AVG DEP HDD CDD WTR SNW DPTH SPD SPD DIR MIN PSBL S-S WX SPD DR
================================================================================
1 73 55 64 M 1 0 0.00 0.0 0 12.6 18 170 M M 1 28 170
2 73 55 64 M 1 0 0.00 0.0 0 7.5 15 220 M M 1 17 220
3 72 54 63 M 2 0 0.01 0.0 0 4.9 9 60 M M 6 M M
4 57 46 52 M 13 0 1.34 0.0 0 13.4 20 350 M M 10 3 33 50
5 72 43 58 M 7 0 0.00 0.0 0 7.9 14 340 M M 1 21 340
6 66 43 55 M 10 0 0.00 0.0 0 5.9 12 80 M M 0 16 80
7 68 41 55 M 10 0 0.00 0.0 0 10.1 18 170 M M 1 27 170
8 66 46 56 M 9 0 0.00 0.0 0 14.7 24 180 M M 8 31 180
9 75 61 68 M 0 3 0.00 0.0 0 13.1 23 180 M M 3 30 180
10 81 55 68 M 0 3 0.00 0.0 0 7.5 14 190 M M 4 12 M M
11 84 64 74 M 0 9 0.00 0.0 0 9.6 20 240 M M 1 25 240
12 82 66 74 M 0 9 0.00 0.0 0 9.2 15 210 M M 2 21 200
13 68 59 64 M 1 0 0.08 0.0 0 4.4 8 10 M M 8 123 M M
14 66 55 61 M 4 0 0.00 0.0 0 6.6 13 330 M M 10 1 M M
15 55 50 53 M 12 0 0.80 0.0 0 7.2 13 290 M M 10 13 18 290
16 M M M M M M M M M M M M M M M M M
17 M M M M M M M M M M M M M M M M M
18 M M M M M M M M M M M M M M M M M
19 M M M M M M M M M M M M M M M M M
20 M M M M M M M M M M M M M M M M M
21 M M M M M M M M M M M M M M M M M
22 M M M M M M M M M M M M M M M M M
23 M M M M M M M M M M M M M M M M M
24 M M M M M M M M M M M M M M M M M
25 M M M M M M M M M M M M M M M M M
26 M M M M M M M M M M M M M M M M M
27 M M M M M M M M M M M M M M M M M
28 M M M M M M M M M M M M M M M M M
29 M M M M M M M M M M M M M M M M M
30 M M M M M M M M M M M M M M M M M
31 M M M M M M M M M M M M M M M M M
================================================================================
SM 1058 793 70 24 2.23 0.0 134.6 M 66
================================================================================
AV 70.5 52.9 9.0 FASTST M M 4 MAX(MPH)
MISC ----> # 24 180 # 33 50
================================================================================
NOTES:
# LAST OF SEVERAL OCCURRENCES
COLUMN 17 PEAK WIND IN M.P.H.
PRELIMINARY LOCAL CLIMATOLOGICAL DATA (WS FORM: F-6) , PAGE 2
STATION: COMANCHE
MONTH: MARCH
YEAR: 2020
LATITUDE: 31 55 N
LONGITUDE: 98 36 W
[TEMPERATURE DATA] [PRECIPITATION DATA] SYMBOLS USED IN COLUMN 16
AVERAGE MONTHLY: 61.7 TOTAL FOR MONTH: 2.23 1 = FOG OR MIST
DPTR FM NORMAL: M DPTR FM NORMAL: -0.67 2 = FOG REDUCING VISIBILITY
HIGHEST: 84 ON 11 GRTST 24HR 1.34 ON 4- 4 TO 1/4 MILE OR LESS
LOWEST: 41 ON 7 3 = THUNDER
SNOW, ICE PELLETS, HAIL 4 = ICE PELLETS
TOTAL MONTH: 0.0 INCH 5 = HAIL
GRTST 24HR 0.0 6 = FREEZING RAIN OR DRIZZLE
GRTST DEPTH: 0 7 = DUSTSTORM OR SANDSTORM:
VSBY 1/2 MILE OR LESS
8 = SMOKE OR HAZE
[NO. OF DAYS WITH] [WEATHER - DAYS WITH] 9 = BLOWING SNOW
X = TORNADO
MAX 32 OR BELOW: 0 0.01 INCH OR MORE: 4
MAX 90 OR ABOVE: 0 0.10 INCH OR MORE: 2
MIN 32 OR BELOW: 0 0.50 INCH OR MORE: 2
MIN 0 OR BELOW: 0 1.00 INCH OR MORE: 1
[HDD (BASE 65) ]
TOTAL THIS MO. 70 CLEAR (SCALE 0-3) 7
DPTR FM NORMAL M PTCLDY (SCALE 4-7) 4
TOTAL FM JUL 1 1773 CLOUDY (SCALE 8-10) 4
DPTR FM NORMAL M
[CDD (BASE 65) ]
TOTAL THIS MO. 24
DPTR FM NORMAL M [PRESSURE DATA]
TOTAL FM JAN 1 32 HIGHEST SLP M ON M
DPTR FM NORMAL M LOWEST SLP M ON M
[REMARKS]
#FINAL-03-20#