000
CXUS52 KMLB 010624
CF6MLB
PRELIMINARY LOCAL CLIMATOLOGICAL DATA (WS FORM: F-6)
STATION: MELBOURNE
MONTH: JUNE
YEAR: 2022
LATITUDE: 28 6 N
LONGITUDE: 80 39 W
TEMPERATURE IN F: :PCPN: SNOW: WIND :SUNSHINE: SKY :PK WND
================================================================================
1 2 3 4 5 6A 6B 7 8 9 10 11 12 13 14 15 16 17 18
12Z AVG MX 2MIN
DY MAX MIN AVG DEP HDD CDD WTR SNW DPTH SPD SPD DIR MIN PSBL S-S WX SPD DR
================================================================================
1 85 74 80 0 0 15 0.24 0.0 0 12.3 22 70 M M 4 18 27 60
2 85 76 81 0 0 16 0.00 0.0 0 8.2 16 140 M M 1 22 110
3 85 72 79 -2 0 14 0.19 0.0 0 6.8 15 160 M M 5 1 19 190
4 79 72 76 -5 0 11 1.33 0.0 0 13.4 29 70 M M 9 1 35 70
5 87 71 79 -2 0 14 0.00 0.0 0 7.1 15 60 M M 3 18 50
6 87 71 79 -2 0 14 1.03 0.0 0 8.2 26 10 M M 4 138 37 10
7 88 69 79 -2 0 14 0.00 0.0 0 5.7 15 60 M M 1 19 60
8 90 71 81 0 0 16 0.66 0.0 0 7.9 31 320 M M 2 13 38 310
9 89 73 81 0 0 16 0.06 0.0 0 9.1 21 270 M M 2 3 25 280
10 92 73 83 1 0 18 0.75 0.0 0 8.5 28 240 M M 3 13 37 250
11 90 71 81 -1 0 16 0.16 0.0 0 9.1 26 250 M M 2 13 36 250
12 93 74 84 2 0 19 T 0.0 0 9.0 20 270 M M 1 3 27 210
13 90 75 83 1 0 18 0.00 0.0 0 8.1 17 140 M M 1 21 140
14 90 77 84 2 0 19 0.00 0.0 0 8.1 15 140 M M 1 3 19 140
15 90 75 83 1 0 18 0.00 0.0 0 5.9 16 120 M M 0 19 120
16 91 75 83 1 0 18 0.00 0.0 0 6.6 16 70 M M 1 19 70
17 88 77 83 1 0 18 0.00 0.0 0 8.0 14 90 M M 1 17 90
18 94 72 83 1 0 18 0.60 0.0 0 6.1 30 300 M M 1 13 40 320
19 90 71 81 -1 0 16 0.00 0.0 0 6.1 14 60 M M 1 3 19 110
20 88 76 82 0 0 17 0.43 0.0 0 10.7 20 60 M M 3 13 25 50
21 86 76 81 -1 0 16 0.00 0.0 0 10.5 18 50 M M 2 23 60
22 85 74 80 -2 0 15 0.00 0.0 0 7.7 14 60 M M 2 17 120
23 96 69 83 1 0 18 0.00 0.0 0 7.2 14 120 M M 0 21 270
24 97 78 88 5 0 23 0.00 0.0 0 9.0 18 340 M M 1 38 22 340
25 90 73 82 -1 0 17 0.00 0.0 0 9.2 20 60 M M 2 38 24 60
26 88 75 82 -1 0 17 0.18 0.0 0 11.3 20 110 M M 6 13 28 120
27 88 76 82 -1 0 17 0.00 0.0 0 8.1 17 100 M M 2 3 21 90
28 89 75 82 -1 0 17 0.00 0.0 0 10.0 18 100 M M 2 24 110
29 85 77 81 -2 0 16 0.03 0.0 0 6.8 15 60 M M 3 18 20
30 89 75 82 -1 0 17 T 0.0 0 5.9 20 130 M M 2 3 24 140
================================================================================
SM 2664 2213 0 498 5.66 0.0 250.6 M 68
================================================================================
AV 88.8 73.8 8.4 FASTST M M 2 MAX(MPH)
MISC ----> 31 320 40 320
================================================================================
NOTES:
# LAST OF SEVERAL OCCURRENCES
COLUMN 17 PEAK WIND IN M.P.H.
PRELIMINARY LOCAL CLIMATOLOGICAL DATA (WS FORM: F-6) , PAGE 2
STATION: MELBOURNE
MONTH: JUNE
YEAR: 2022
LATITUDE: 28 6 N
LONGITUDE: 80 39 W
[TEMPERATURE DATA] [PRECIPITATION DATA] SYMBOLS USED IN COLUMN 16
AVERAGE MONTHLY: 81.3 TOTAL FOR MONTH: 5.66 1 = FOG OR MIST
DPTR FM NORMAL: -0.6 DPTR FM NORMAL: -1.44 2 = FOG REDUCING VISIBILITY
HIGHEST: 97 ON 24 GRTST 24HR 1.51 ON 3- 4 TO 1/4 MILE OR LESS
LOWEST: 69 ON 23, 7 3 = THUNDER
SNOW, ICE PELLETS, HAIL 4 = ICE PELLETS
TOTAL MONTH: 0.0 INCH 5 = HAIL
GRTST 24HR 0.0 6 = FREEZING RAIN OR DRIZZLE
GRTST DEPTH: 0 7 = DUSTSTORM OR SANDSTORM:
VSBY 1/2 MILE OR LESS
8 = SMOKE OR HAZE
[NO. OF DAYS WITH] [WEATHER - DAYS WITH] 9 = BLOWING SNOW
X = TORNADO
MAX 32 OR BELOW: 0 0.01 INCH OR MORE: 12
MAX 90 OR ABOVE: 13 0.10 INCH OR MORE: 10
MIN 32 OR BELOW: 0 0.50 INCH OR MORE: 5
MIN 0 OR BELOW: 0 1.00 INCH OR MORE: 2
[HDD (BASE 65) ]
TOTAL THIS MO. 0 CLEAR (SCALE 0-3) 23
DPTR FM NORMAL 0 PTCLDY (SCALE 4-7) 6
TOTAL FM JUL 1 303 CLOUDY (SCALE 8-10) 1
DPTR FM NORMAL -88
[CDD (BASE 65) ]
TOTAL THIS MO. 498
DPTR FM NORMAL -9 [PRESSURE DATA]
TOTAL FM JAN 1 1569 HIGHEST SLP M ON M
DPTR FM NORMAL 69 LOWEST SLP 29.63 ON 4
[REMARKS]
#FINAL-06-22#