000
CXUS52 KMLB 010629
CF6MLB
PRELIMINARY LOCAL CLIMATOLOGICAL DATA (WS FORM: F-6)
STATION: MELBOURNE
MONTH: JUNE
YEAR: 2020
LATITUDE: 28 6 N
LONGITUDE: 80 39 W
TEMPERATURE IN F: :PCPN: SNOW: WIND :SUNSHINE: SKY :PK WND
================================================================================
1 2 3 4 5 6A 6B 7 8 9 10 11 12 13 14 15 16 17 18
12Z AVG MX 2MIN
DY MAX MIN AVG DEP HDD CDD WTR SNW DPTH SPD SPD DIR MIN PSBL S-S WX SPD DR
================================================================================
1 86 76 81 2 0 16 T 0.0 0 10.4 18 60 M M 5 24 60
2 80 73 77 -2 0 12 1.65 0.0 0 13.6 22 60 M M 9 18 28 50
3 79 74 77 -2 0 12 0.25 0.0 0 7.7 15 100 M M 8 1 19 110
4 79 71 75 -5 0 10 1.05 0.0 0 6.5 22 160 M M 7 1 28 150
5 85 72 79 -1 0 14 0.45 0.0 0 4.5 18 110 M M 5 138 25 100
6 83 77 80 0 0 15 T 0.0 0 9.0 18 110 M M 4 1 24 110
7 87 79 83 3 0 18 T 0.0 0 9.5 17 190 M M 2 1 23 200
8 94 77 86 6 0 21 0.01 0.0 0 7.2 17 200 M M 4 13 22 200
9 89 76 83 3 0 18 0.09 0.0 0 5.3 14 110 M M 3 1 15 110
10 88 74 81 1 0 16 0.00 0.0 0 5.5 15 70 M M 2 1 19 80
11 85 73 79 -1 0 14 0.00 0.0 0 9.2 16 100 M M 3 20 100
12 85 75 80 0 0 15 0.00 0.0 0 9.8 15 100 M M 2 19 90
13 85 71 78 -2 0 13 0.00 0.0 0 7.8 13 80 M M 1 18 100
14 86 71 79 -1 0 14 T 0.0 0 7.1 15 70 M M 3 18 70
15 86 72 79 -1 0 14 T 0.0 0 10.8 24 40 M M 2 29 30
16 83 67 75 -6 0 10 0.00 0.0 0 9.5 17 50 M M 1 22 40
17 85 68 77 -4 0 12 0.00 0.0 0 8.5 21 140 M M 2 25 140
18 86 69 78 -3 0 13 0.04 0.0 0 6.8 17 100 M M 3 3 23 110
19 85 73 79 -2 0 14 0.26 0.0 0 3.7 16 170 M M 3 13 21 170
20 88 71 80 -1 0 15 0.85 0.0 0 M M M M M 2 13 M M
21 88 71 80 -1 0 15 T 0.0 0 M 24 180 M M M 3 30 170
22 89 74 82 1 0 17 0.06 0.0 0 8.1 18 280 M M 3 3 23 290
23 94 73 84 3 0 19 0.90 0.0 0 6.4 37 20 M M 1 38 58 30
24 91 74 83 2 0 18 0.00 0.0 0 7.6 16 110 M M 1 20 130
25 91 73 82 1 0 17 0.04 0.0 0 6.5 21 340 M M 2 3 25 340
26 89 75 82 1 0 17 0.00 0.0 0 5.4 13 100 M M 1 16 80
27 91 75 83 2 0 18 0.00 0.0 0 6.9 14 110 M M 0 18 110
28 94 75 85 4 0 20 0.00 0.0 0 6.9 13 140 M M 0 15 130
29 91 75 83 2 0 18 0.00 0.0 0 7.6 15 60 M M 1 18 60
30 96 76 86 5 0 21 0.00 0.0 0 6.2 15 260 M M 2 20 240
================================================================================
SM 2618 2200 0 466 5.65 0.0 214.0 M 82
================================================================================
AV 87.3 73.3 7.6 FASTST M M 3 MAX(MPH)
MISC ----> 37 20 58 30
================================================================================
NOTES:
# LAST OF SEVERAL OCCURRENCES
COLUMN 17 PEAK WIND IN M.P.H.
PRELIMINARY LOCAL CLIMATOLOGICAL DATA (WS FORM: F-6) , PAGE 2
STATION: MELBOURNE
MONTH: JUNE
YEAR: 2020
LATITUDE: 28 6 N
LONGITUDE: 80 39 W
[TEMPERATURE DATA] [PRECIPITATION DATA] SYMBOLS USED IN COLUMN 16
AVERAGE MONTHLY: 80.3 TOTAL FOR MONTH: 5.65 1 = FOG OR MIST
DPTR FM NORMAL: -0.1 DPTR FM NORMAL: -1.06 2 = FOG REDUCING VISIBILITY
HIGHEST: 96 ON 30 GRTST 24HR 1.65 ON 2- 2 TO 1/4 MILE OR LESS
LOWEST: 67 ON 16 3 = THUNDER
SNOW, ICE PELLETS, HAIL 4 = ICE PELLETS
TOTAL MONTH: 0.0 INCH 5 = HAIL
GRTST 24HR 0.0 6 = FREEZING RAIN OR DRIZZLE
GRTST DEPTH: 0 7 = DUSTSTORM OR SANDSTORM:
VSBY 1/2 MILE OR LESS
8 = SMOKE OR HAZE
[NO. OF DAYS WITH] [WEATHER - DAYS WITH] 9 = BLOWING SNOW
X = TORNADO
MAX 32 OR BELOW: 0 0.01 INCH OR MORE: 12
MAX 90 OR ABOVE: 8 0.10 INCH OR MORE: 7
MIN 32 OR BELOW: 0 0.50 INCH OR MORE: 4
MIN 0 OR BELOW: 0 1.00 INCH OR MORE: 2
[HDD (BASE 65) ]
TOTAL THIS MO. 0 CLEAR (SCALE 0-3) 21
DPTR FM NORMAL 0 PTCLDY (SCALE 4-7) 7
TOTAL FM JUL 1 300 CLOUDY (SCALE 8-10) 2
DPTR FM NORMAL -277
[CDD (BASE 65) ]
TOTAL THIS MO. 466
DPTR FM NORMAL 4 [PRESSURE DATA]
TOTAL FM JAN 1 1562 HIGHEST SLP M ON M
DPTR FM NORMAL 374 LOWEST SLP 29.89 ON 6
[REMARKS]
#FINAL-06-20#
USED MLBF1 FOR PRECIP ON 6/20 AND MIN TEMP ON 6/21 DUE TO ASOS FAILURE.