000
CXUS52 KMLB 011517
CLMMLB
CLIMATE REPORT
NATIONAL WEATHER SERVICE MELBOURNE FL
1117 AM EDT MON APR 01 2024
...................................
...THE MELBOURNE CLIMATE SUMMARY FOR THE MONTH OF MARCH 2024...
CLIMATE NORMAL PERIOD 1991 TO 2020
CLIMATE RECORD PERIOD 1939 TO 2024
WEATHER OBSERVED NORMAL DEPART LAST YEAR`S
VALUE DATE(S) VALUE FROM VALUE
NORMAL
..............................................................
TEMPERATURE (F)
MONTHLY RECORD
WARMEST 72.7 1948
COOLEST 60.2 1969
DAILY RECORD
HIGH 93 03/28/1994
LOW 25 03/03/1980
MARCH 2024
HIGHEST 88 03/09 92
03/18
LOWEST 47 03/20 45
AVG. MAXIMUM 79.2 77.1 2.1 82.5
AVG. MINIMUM 61.8 57.7 4.1 62.8
MEAN 70.5 67.4 3.1 72.6
DAYS MAX >= 90 0 0.7 -0.7 5
DAYS MAX <= 32 0 0.0 0.0 0
DAYS MIN <= 32 0 0.0 0.0 0
DAYS MIN <= 0 0 0.0 0.0 0
PRECIPITATION (INCHES)
MONTHLY RECORD
MAXIMUM 11.58 1996
MINIMUM 0.03 1956
DAILY RECORD
MAXIMUM 5.24 03/11/1996
MARCH 2024
TOTALS 0.63 2.69 -2.06 1.16
DAYS >= .01 6 6.8 -0.8 4
DAYS >= .10 2 4.0 -2.0 2
DAYS >= .50 0 1.4 -1.4 1
DAYS >= 1.00 0 0.6 -0.6 1
GREATEST
24 HR. TOTAL 0.25 03/22 TO 03/22
SNOWFALL (INCHES)
TOTALS 0.0 MM MM 0.0
SINCE 7/1 0.0 MM MM MM
DAYS >= TRACE 0 0
DEGREE DAYS
HEATING TOTAL 14 56 -42 22
SINCE 7/1 327 475 -148 MM
COOLING TOTAL 191 131 60 265
SINCE 1/1 298 268 30 MM
..............................................................
WIND (MPH)
AVERAGE WIND SPEED 9.3
HIGHEST WIND SPEED/DIRECTION 35/140 DATE 03/22
HIGHEST GUST SPEED/DIRECTION 50/140 DATE 03/22
SKY COVER
POSSIBLE SUNSHINE (PERCENT) MM
AVERAGE SKY COVER 0.25
NUMBER OF DAYS FAIR 22
NUMBER OF DAYS PC 8
NUMBER OF DAYS CLOUDY 1
AVERAGE RH (PERCENT) 74
WEATHER CONDITIONS. NUMBER OF DAYS WITH
THUNDERSTORM 2 MIXED PRECIP 0
HEAVY RAIN 0 RAIN 2
LIGHT RAIN 8 LT FREEZING RAIN 0
HAIL 0 LIGHT SNOW 0
SLEET 0 FOG 8
FOG W/VIS <= 1/4 MILE 0 HAZE 1
- INDICATES NEGATIVE NUMBERS.
R INDICATES RECORD WAS SET OR TIED.
MM INDICATES DATA IS MISSING.
T INDICATES TRACE AMOUNT.
$$