000
CXUS53 KDVN 011100
CF6MLI
PRELIMINARY LOCAL CLIMATOLOGICAL DATA (WS FORM: F-6)
STATION: MOLINE IL
MONTH: APRIL
YEAR: 2020
LATITUDE: 41 27 N
LONGITUDE: 90 31 W
TEMPERATURE IN F: :PCPN: SNOW: WIND :SUNSHINE: SKY :PK WND
================================================================================
1 2 3 4 5 6A 6B 7 8 9 10 11 12 13 14 15 16 17 18
12Z AVG MX 2MIN
DY MAX MIN AVG DEP HDD CDD WTR SNW DPTH SPD SPD DIR MIN PSBL S-S WX SPD DR
================================================================================
1 59 37 48 2 17 0 0.00 0.0 0 6.5 15 160 M M 5 22 150
2 65 38 52 6 13 0 0.02 0.0 0 10.4 22 130 M M 2 30 150
3 64 34 49 2 16 0 0.02 0.0 0 12.4 23 300 M M 9 1 30 300
4 56 31 44 -3 21 0 0.00 0.0 0 9.0 18 310 M M 6 25 310
5 62 36 49 1 16 0 0.00 0.0 0 5.9 14 60 M M 4 19 70
6 68 36 52 4 13 0 0.00 0.0 0 7.8 20 210 M M 6 26 210
7 80 58 69 21 0 4 T 0.0 0 9.7 22 260 M M 4 3 28 260
8 79 46 63 14 2 0 T 0.0 0 8.1 28 340 M M 3 1238 45 340
9 51 35 43 -6 22 0 T T 0 18.1 38 310 M M 3 57 310
10 55 31 43 -6 22 0 0.00 0.0 0 10.6 20 300 M M 2 27 280
11 66 40 53 3 12 0 0.21 0.0 0 6.3 22 210 M M 7 1 30 200
12 69 37 53 3 12 0 0.50 0.0 0 11.4 25 320 M M 6 1 37 330
13 43 31 37 -13 28 0 0.00 0.0 0 19.5 31 300 M M 5 1 45 300
14 45 26 36 -15 29 0 T T 0 12.2 26 260 M M 4 1 40 250
15 42 26 34 -17 31 0 0.10 2.8 3 9.3 20 260 M M 6 1 29 280
16 46 24 35 -17 30 0 0.07 0.9 0 5.5 14 220 M M 4 1 18 230
17 48 33 41 -11 24 0 0.30 3.7 4 9.4 20 240 M M 7 1 24 250
18 60 32 46 -6 19 0 0.00 0.0 0 13.8 29 220 M M 0 41 220
19 64 38 51 -2 14 0 0.00 0.0 0 8.4 21 300 M M 1 28 320
20 66 30 48 -5 17 0 0.00 0.0 0 11.5 26 250 M M 4 40 300
21 59 37 48 -6 17 0 0.00 0.0 0 11.7 26 280 M M 1 36 280
22 77 35 56 2 9 0 T 0.0 0 10.4 22 220 M M 3 32 220
23 72 46 59 5 6 0 0.00 0.0 0 6.0 15 50 M M 7 38 21 40
24 55 47 51 -4 14 0 0.23 0.0 0 9.8 17 70 M M 9 138 22 60
25 53 41 47 -8 18 0 0.20 0.0 0 9.1 22 50 M M 6 18 28 50
26 71 36 54 -1 11 0 0.00 0.0 0 5.0 13 270 M M 1 1 16 270
27 72 53 63 7 2 0 0.13 0.0 0 13.7 25 210 M M 4 3 39 200
28 77 52 65 9 0 0 0.23 0.0 0 10.4 26 300 M M 3 3 39 300
29 56 49 53 -3 12 0 0.26 0.0 0 13.2 22 300 M M 10 1 31 320
30 71 42 57 0 8 0 0.00 0.0 0 11.5 26 320 M M 1 39 310
================================================================================
SM 1851 1137 455 4 2.27 7.4 306.6 M 133
================================================================================
AV 61.7 37.9 10.2 FASTST M M 4 MAX(MPH)
MISC ----> # 38 310 # 57 310
================================================================================
NOTES:
# LAST OF SEVERAL OCCURRENCES
COLUMN 17 PEAK WIND IN M.P.H.
PRELIMINARY LOCAL CLIMATOLOGICAL DATA (WS FORM: F-6) , PAGE 2
STATION: MOLINE IL
MONTH: APRIL
YEAR: 2020
LATITUDE: 41 27 N
LONGITUDE: 90 31 W
[TEMPERATURE DATA] [PRECIPITATION DATA] SYMBOLS USED IN COLUMN 16
AVERAGE MONTHLY: 49.8 TOTAL FOR MONTH: 2.27 1 = FOG OR MIST
DPTR FM NORMAL: -1.6 DPTR FM NORMAL: -1.32 2 = FOG REDUCING VISIBILITY
HIGHEST: 80 ON 7 GRTST 24HR 0.50 ON 12-12 TO 1/4 MILE OR LESS
LOWEST: 24 ON 16 3 = THUNDER
SNOW, ICE PELLETS, HAIL 4 = ICE PELLETS
TOTAL MONTH: 7.4 INCHES 5 = HAIL
GRTST 24HR 3.7 ON 17-17 6 = FREEZING RAIN OR DRIZZLE
GRTST DEPTH: 4 ON 17 7 = DUSTSTORM OR SANDSTORM:
VSBY 1/2 MILE OR LESS
8 = SMOKE OR HAZE
[NO. OF DAYS WITH] [WEATHER - DAYS WITH] 9 = BLOWING SNOW
X = TORNADO
MAX 32 OR BELOW: 0 0.01 INCH OR MORE: 12
MAX 90 OR ABOVE: 0 0.10 INCH OR MORE: 9
MIN 32 OR BELOW: 8 0.50 INCH OR MORE: 1
MIN 0 OR BELOW: 0 1.00 INCH OR MORE: 0
[HDD (BASE 65) ]
TOTAL THIS MO. 455 CLEAR (SCALE 0-3) 11
DPTR FM NORMAL 34 PTCLDY (SCALE 4-7) 16
TOTAL FM JUL 1 5578 CLOUDY (SCALE 8-10) 3
DPTR FM NORMAL -445
[CDD (BASE 65) ]
TOTAL THIS MO. 4
DPTR FM NORMAL -9 [PRESSURE DATA]
TOTAL FM JAN 1 4 HIGHEST SLP 30.39 ON 16
DPTR FM NORMAL -10 LOWEST SLP 29.40 ON 12
[REMARKS]
#FINAL-04-20#