247
CXUS51 KCAR 010600
CF6MLT
PRELIMINARY LOCAL CLIMATOLOGICAL DATA (WS FORM: F-6)
STATION: MILLINOCKET ME
MONTH: NOVEMBER
YEAR: 2020
LATITUDE: 45 39 N
LONGITUDE: 68 41 W
TEMPERATURE IN F: :PCPN: SNOW: WIND :SUNSHINE: SKY :PK WND
================================================================================
1 2 3 4 5 6A 6B 7 8 9 10 11 12 13 14 15 16 17 18
12Z AVG MX 2MIN
DY MAX MIN AVG DEP HDD CDD WTR SNW DPTH SPD SPD DIR MIN PSBL S-S WX SPD DR
================================================================================
1 47 21 34 -6 31 0 0.25 M M 2.7 12 170 M M 8 1 18 160
2 44 28 36 -4 29 0 0.31 M M 12.4 29 290 M M 9 1 43 310
3 33 20 27 -13 38 0 0.01 M M 6.5 17 330 M M 5 1 23 310
4 32 18 25 -14 40 0 0.00 M M 2.3 9 160 M M 6 14 180
5 52 27 40 1 25 0 0.00 M M 1.2 8 250 M M 5 1 13 180
6 66 33 50 12 15 0 T M M 1.6 8 240 M M 1 1 14 200
7 67 51 59 21 6 0 0.00 M M 5.6 15 290 M M 2 8 26 280
8 54 42 48 10 17 0 0.00 M M 4.2 10 80 M M 9 1 13 60
9 69 44 57 20 8 0 0.00 M M 2.2 9 170 M M 4 1 13 260
10 74 42 58 21 7 0 0.00 M M 1.7 8 160 M M 0 1 11 180
11 66 40 53 16 12 0 T M M 3.3 9 260 M M 1 1 19 240
12 66 32 49 13 16 0 0.00 M M 8.4 20 310 M M 2 26 300
13 39 24 32 -4 33 0 0.11 M M 2.1 10 70 M M 4 1 12 70
14 45 31 38 3 27 0 0.01 M M 7.7 17 300 M M 5 1 24 310
15 37 25 31 -4 34 0 0.20 M M 4.9 16 300 M M 3 1 22 130
16 47 32 40 5 25 0 0.68 M M 5.4 17 260 M M 8 1 30 250
17 39 27 33 -1 32 0 T M M 9.0 17 300 M M 6 26 300
18 30 22 26 -8 39 0 0.00 M M 11.1 21 320 M M 7 28 330
19 31 20 26 -7 39 0 T M M 4.7 13 160 M M 6 8 19 160
20 44 29 37 4 28 0 0.00 M M 2.0 6 250 M M 5 11 200
21 51 28 40 7 25 0 0.00 M M 10.3 24 310 M M 4 35 300
22 35 17 26 -6 39 0 T M M 1.7 8 80 M M 3 10 110
23 41 31 36 4 29 0 1.99 M M 8.1 23 290 M M 10 13 37 310
24 32 16 24 -7 41 0 0.00 M M 14.5 28 320 M M 4 40 290
25 27 15 21 -10 44 0 0.19 M M 1.9 7 340 M M 7 126 11 190
26 34 25 30 0 35 0 0.35 M M 1.7 7 30 M M 10 16 11 30
27 49 30 40 10 25 0 0.00 M M 2.4 16 290 M M 9 1 21 280
28 39 29 34 4 31 0 0.02 M M 0.1 7 270 M M 9 1 13 260
29 42 28 35 6 30 0 0.00 M M 2.1 9 290 M M 9 1 13 270
30 54 28 41 12 24 0 1.25 M M 4.7 21 120 M M 8 1 32 110
================================================================================
SM 1386 855 824 0 5.37 M 146.5 M 169
================================================================================
AV 46.2 28.5 4.9 FASTST M M 6 MAX(MPH)
MISC ----> 29 290 43 310
================================================================================
NOTES:
# LAST OF SEVERAL OCCURRENCES
COLUMN 17 PEAK WIND IN M.P.H.
PRELIMINARY LOCAL CLIMATOLOGICAL DATA (WS FORM: F-6) , PAGE 2
STATION: MILLINOCKET ME
MONTH: NOVEMBER
YEAR: 2020
LATITUDE: 45 39 N
LONGITUDE: 68 41 W
[TEMPERATURE DATA] [PRECIPITATION DATA] SYMBOLS USED IN COLUMN 16
AVERAGE MONTHLY: 37.4 TOTAL FOR MONTH: 5.37 1 = FOG OR MIST
DPTR FM NORMAL: 2.6 DPTR FM NORMAL: 0.94 2 = FOG REDUCING VISIBILITY
HIGHEST: 74 ON 10 GRTST 24HR 1.99 ON 22-23 TO 1/4 MILE OR LESS
LOWEST: 15 ON 25 3 = THUNDER
SNOW, ICE PELLETS, HAIL 4 = ICE PELLETS
TOTAL MONTH: M 5 = HAIL
GRTST 24HR M ON M 6 = FREEZING RAIN OR DRIZZLE
GRTST DEPTH: M ON M 7 = DUSTSTORM OR SANDSTORM:
VSBY 1/2 MILE OR LESS
8 = SMOKE OR HAZE
[NO. OF DAYS WITH] [WEATHER - DAYS WITH] 9 = BLOWING SNOW
X = TORNADO
MAX 32 OR BELOW: 5 0.01 INCH OR MORE: 12
MAX 90 OR ABOVE: 0 0.10 INCH OR MORE: 9
MIN 32 OR BELOW: 24 0.50 INCH OR MORE: 3
MIN 0 OR BELOW: 0 1.00 INCH OR MORE: 2
[HDD (BASE 65) ]
TOTAL THIS MO. 824 CLEAR (SCALE 0-3) 6
DPTR FM NORMAL -85 PTCLDY (SCALE 4-7) 15
TOTAL FM JUL 1 1720 CLOUDY (SCALE 8-10) 9
DPTR FM NORMAL -124
[CDD (BASE 65) ]
TOTAL THIS MO. 0
DPTR FM NORMAL 0 [PRESSURE DATA]
TOTAL FM JAN 1 527 HIGHEST SLP M ON M
DPTR FM NORMAL 259 LOWEST SLP 29.19 ON 2
[REMARKS]
#FINAL-11-20#