000
CXUS54 KSHV 011300
CF6MLU
PRELIMINARY LOCAL CLIMATOLOGICAL DATA (WS FORM: F-6)
STATION: MONROE
MONTH: MARCH
YEAR: 2023
LATITUDE: 32 30 N
LONGITUDE: 92 2 W
TEMPERATURE IN F: :PCPN: SNOW: WIND :SUNSHINE: SKY :PK WND
================================================================================
1 2 3 4 5 6A 6B 7 8 9 10 11 12 13 14 15 16 17 18
12Z AVG MX 2MIN
DY MAX MIN AVG DEP HDD CDD WTR SNW DPTH SPD SPD DIR MIN PSBL S-S WX SPD DR
================================================================================
1 84 68 76 22 0 11 0.00 0.0 0 11.0 20 200 M M 6 18 27 190
2 79 70 75 21 0 10 0.03 0.0 0 9.0 21 180 M M 6 18 37 160
3 75 51 63 8 2 0 0.42 0.0 0 16.7 31 250 M M 7 13 43 250
4 72 47 60 5 5 0 T 0.0 0 3.2 12 320 M M 2 16 340
5 79 45 62 7 3 0 T 0.0 0 2.2 8 160 M M 0 1 12 170
6 83 50 67 11 0 2 0.00 0.0 0 4.1 16 250 M M 3 18 20 220
7 84 61 73 17 0 8 T 0.0 0 3.3 12 50 M M 6 128 16 60
8 78 58 68 12 0 3 T 0.0 0 6.0 18 340 M M 7 18 22 350
9 83 57 70 14 0 5 T 0.0 0 5.2 22 310 M M 5 1 32 300
10 66 52 59 2 6 0 0.37 0.0 0 6.7 18 10 M M 9 13 25 360
11 77 48 63 6 2 0 0.00 0.0 0 7.3 20 200 M M 6 27 200
12 71 47 59 2 6 0 0.87 0.0 0 9.0 21 200 M M 7 138 30 210
13 62 44 53 -4 12 0 0.00 0.0 0 7.7 18 360 M M 0 23 350
14 56 41 49 -9 16 0 0.00 0.0 0 7.7 15 50 M M 3 22 60
15 64 37 51 -7 14 0 0.00 0.0 0 4.0 9 90 M M 0 15 70
16 75 48 62 4 3 0 0.94 0.0 0 9.3 21 200 M M 8 13 38 190
17 65 43 54 -4 11 0 0.28 0.0 0 11.7 23 320 M M 5 13 34 310
18 58 41 50 -9 15 0 0.00 0.0 0 9.7 20 340 M M 0 29 340
19 50 33 42 -17 23 0 0.00 0.0 0 7.2 17 360 M M 0 27 10
20 57 27 42 -17 23 0 0.00 0.0 0 2.8 10 170 M M 2 17 110
21 71 50 61 1 4 0 T 0.0 0 7.5 15 170 M M 8 25 170
22 81 59 70 10 0 5 0.00 0.0 0 9.4 18 210 M M 6 25 200
23 84 66 75 15 0 10 0.00 0.0 0 10.0 24 200 M M 6 35 210
24 79 64 72 12 0 7 0.11 0.0 0 11.1 23 200 M M 8 13 34 190
25 84 57 71 11 0 6 0.00 0.0 0 4.7 20 260 M M 1 12 25 270
26 84 54 69 8 0 4 0.39 0.0 0 3.2 25 270 M M 4 13 32 260
27 76 54 65 4 0 0 0.00 0.0 0 9.1 18 40 M M 2 12 26 40
28 74 53 64 3 1 0 0.00 0.0 0 11.0 21 60 M M 1 28 60
29 67 48 58 -3 7 0 0.00 0.0 0 4.1 14 40 M M 0 20 60
30 80 46 63 1 2 0 0.00 0.0 0 5.1 15 170 M M 4 29 160
31 84 66 75 13 0 10 0.21 0.0 0 15.5 38 240 M M 6 13 49 220
================================================================================
SM 2282 1585 155 81 3.62 0.0 234.5 M 128
================================================================================
AV 73.6 51.1 7.6 FASTST M M 4 MAX(MPH)
MISC ----> 38 240 49 220
================================================================================
NOTES:
# LAST OF SEVERAL OCCURRENCES
COLUMN 17 PEAK WIND IN M.P.H.
PRELIMINARY LOCAL CLIMATOLOGICAL DATA (WS FORM: F-6) , PAGE 2
STATION: MONROE
MONTH: MARCH
YEAR: 2023
LATITUDE: 32 30 N
LONGITUDE: 92 2 W
[TEMPERATURE DATA] [PRECIPITATION DATA] SYMBOLS USED IN COLUMN 16
AVERAGE MONTHLY: 62.4 TOTAL FOR MONTH: 3.62 1 = FOG OR MIST
DPTR FM NORMAL: 4.3 DPTR FM NORMAL: -1.59 2 = FOG REDUCING VISIBILITY
HIGHEST: 84 ON 31,26 GRTST 24HR 1.22 ON 16-17 TO 1/4 MILE OR LESS
LOWEST: 27 ON 20 3 = THUNDER
SNOW, ICE PELLETS, HAIL 4 = ICE PELLETS
TOTAL MONTH: 0.0 INCH 5 = HAIL
GRTST 24HR 0.0 6 = FREEZING RAIN OR DRIZZLE
GRTST DEPTH: 0 7 = DUSTSTORM OR SANDSTORM:
VSBY 1/2 MILE OR LESS
8 = SMOKE OR HAZE
[NO. OF DAYS WITH] [WEATHER - DAYS WITH] 9 = BLOWING SNOW
X = TORNADO
MAX 32 OR BELOW: 0 0.01 INCH OR MORE: 9
MAX 90 OR ABOVE: 0 0.10 INCH OR MORE: 8
MIN 32 OR BELOW: 1 0.50 INCH OR MORE: 2
MIN 0 OR BELOW: 0 1.00 INCH OR MORE: 0
[HDD (BASE 65) ]
TOTAL THIS MO. 155 CLEAR (SCALE 0-3) 13
DPTR FM NORMAL -91 PTCLDY (SCALE 4-7) 17
TOTAL FM JUL 1 1553 CLOUDY (SCALE 8-10) 1
DPTR FM NORMAL -567
[CDD (BASE 65) ]
TOTAL THIS MO. 81
DPTR FM NORMAL 47 [PRESSURE DATA]
TOTAL FM JAN 1 143 HIGHEST SLP 30.55 ON 19
DPTR FM NORMAL 97 LOWEST SLP 29.23 ON 3
[REMARKS]
#FINAL-03-23#