000
CXUS56 KPQR 011201
CF6MMV
PRELIMINARY LOCAL CLIMATOLOGICAL DATA (WS FORM: F-6)
STATION: MCMINNVILLE OR
MONTH: MAY
YEAR: 2023
LATITUDE: 45 11 N
LONGITUDE: 123 8 W
TEMPERATURE IN F: :PCPN: SNOW: WIND :SUNSHINE: SKY :PK WND
================================================================================
1 2 3 4 5 6A 6B 7 8 9 10 11 12 13 14 15 16 17 18
12Z AVG MX 2MIN
DY MAX MIN AVG DEP HDD CDD WTR SNW DPTH SPD SPD DIR MIN PSBL S-S WX SPD DR
================================================================================
1 62 46 54 1 11 0 0.00 M M 4.6 14 20 M M 9 16 30
2 64 48 56 3 9 0 T M M 5.4 13 170 M M 5 3 15 30
3 70 43 57 3 8 0 0.03 M M 6.3 15 240 M M 1 1 20 240
4 55 46 51 -3 14 0 0.41 M M 6.6 10 220 M M 7 1 13 250
5 60 47 54 0 11 0 T M M 5.7 M M M M 10 M M
6 63 44 54 0 11 0 T M M 5.6 16 280 M M 8 12 22 250
7 64 46 55 0 10 0 T M M 3.1 17 250 M M 7 23 240
8 63 45 54 -1 11 0 0.00 M M 6.4 16 260 M M 7 22 210
9 65 43 54 -1 11 0 0.00 M M 2.7 12 330 M M 5 14 340
10 74 40 57 2 8 0 0.00 M M 3.3 14 170 M M 1 1 18 220
11 77 46 62 7 3 0 0.00 M M 3.5 13 230 M M 1 16 230
12 86 47 67 11 0 2 0.00 M M 3.4 9 360 M M 0 11 10
13 91 50 71 15 0 6 0.00 M M 7.8 18 30 M M 0 26 30
14 90 54 72 16 0 7 0.00 M M 9.1 20 70 M M 0 25 50
15 85 57 71 15 0 6 0.00 M M 5.8 18 280 M M 0 24 250
16 85 51 68 12 0 3 0.00 M M 3.4 9 220 M M 0 11 270
17 91 53 72 16 0 7 0.00 M M 3.6 14 240 M M 0 19 250
18 76 53 65 8 0 0 0.00 M M 8.3 17 220 M M 0 21 210
19 83 50 67 10 0 2 0.00 M M 5.4 15 230 M M 0 20 230
20 80 53 67 10 0 2 0.00 M M 6.7 17 220 M M 2 22 210
21 67 47 57 0 8 0 0.00 M M 4.6 16 320 M M 8 22 330
22 64 43 54 -3 11 0 T M M 6.3 17 310 M M 7 21 290
23 66 43 55 -2 10 0 0.00 M M 4.6 13 360 M M 7 16 360
24 75 46 61 3 4 0 0.00 M M 5.6 16 40 M M 2 20 60
25 82 45 64 6 1 0 0.00 M M 4.7 20 350 M M 0 24 340
26 82 49 66 8 0 1 0.00 M M 5.4 16 250 M M 1 8 20 250
27 74 50 62 4 3 0 T M M 4.9 14 230 M M 4 17 230
28 75 44 60 2 5 0 0.00 M M 5.3 10 360 M M 0 16 30
29 79 43 61 3 4 0 0.00 M M 3.4 14 340 M M 0 17 230
30 68 43 56 -2 9 0 0.00 M M 4.5 15 360 M M 5 20 360
31 65 38 52 -6 13 0 0.00 M M 4.2 16 320 M M 5 18 20 320
================================================================================
SM 2281 1453 175 36 0.44 M 160.2 M 102
================================================================================
AV 73.6 46.9 5.2 FASTST M M 3 MAX(MPH)
MISC ----> # 20 70 26 30
================================================================================
NOTES:
# LAST OF SEVERAL OCCURRENCES
COLUMN 17 PEAK WIND IN M.P.H.
PRELIMINARY LOCAL CLIMATOLOGICAL DATA (WS FORM: F-6) , PAGE 2
STATION: MCMINNVILLE OR
MONTH: MAY
YEAR: 2023
LATITUDE: 45 11 N
LONGITUDE: 123 8 W
[TEMPERATURE DATA] [PRECIPITATION DATA] SYMBOLS USED IN COLUMN 16
AVERAGE MONTHLY: 60.2 TOTAL FOR MONTH: 0.44 1 = FOG OR MIST
DPTR FM NORMAL: 4.1 DPTR FM NORMAL: -1.55 2 = FOG REDUCING VISIBILITY
HIGHEST: 91 ON 17,13 GRTST 24HR 0.44 ON 3- 4 TO 1/4 MILE OR LESS
LOWEST: 38 ON 31 3 = THUNDER
SNOW, ICE PELLETS, HAIL 4 = ICE PELLETS
TOTAL MONTH: M 5 = HAIL
GRTST 24HR M ON M 6 = FREEZING RAIN OR DRIZZLE
GRTST DEPTH: M ON M 7 = DUSTSTORM OR SANDSTORM:
VSBY 1/2 MILE OR LESS
8 = SMOKE OR HAZE
[NO. OF DAYS WITH] [WEATHER - DAYS WITH] 9 = BLOWING SNOW
X = TORNADO
MAX 32 OR BELOW: 0 0.01 INCH OR MORE: 2
MAX 90 OR ABOVE: 3 0.10 INCH OR MORE: 1
MIN 32 OR BELOW: 0 0.50 INCH OR MORE: 0
MIN 0 OR BELOW: 0 1.00 INCH OR MORE: 0
[HDD (BASE 65) ]
TOTAL THIS MO. 175 CLEAR (SCALE 0-3) 17
DPTR FM NORMAL -107 PTCLDY (SCALE 4-7) 12
TOTAL FM JUL 1 4512 CLOUDY (SCALE 8-10) 2
DPTR FM NORMAL -36
[CDD (BASE 65) ]
TOTAL THIS MO. 36
DPTR FM NORMAL 28 [PRESSURE DATA]
TOTAL FM JAN 1 44 HIGHEST SLP 30.26 ON 22
DPTR FM NORMAL 35 LOWEST SLP 29.70 ON 2
[REMARKS]
#FINAL-05-23#