000
CXUS53 KBIS 010930
CF6MOT
PRELIMINARY LOCAL CLIMATOLOGICAL DATA (WS FORM: F-6)
STATION: MINOT ND
MONTH: FEBRUARY
YEAR: 2024
LATITUDE: 48 15 N
LONGITUDE: 101 16 W
TEMPERATURE IN F: :PCPN: SNOW: WIND :SUNSHINE: SKY :PK WND
================================================================================
1 2 3 4 5 6A 6B 7 8 9 10 11 12 13 14 15 16 17 18
12Z AVG MX 2MIN
DY MAX MIN AVG DEP HDD CDD WTR SNW DPTH SPD SPD DIR MIN PSBL S-S WX SPD DR
================================================================================
1 51 24 38 24 27 0 0.00 M M 5.7 15 130 M M 0 18 20 130
2 42 28 35 21 30 0 0.00 M M 10.8 18 130 M M 8 1 26 130
3 41 34 38 23 27 0 T M M 8.2 16 170 M M 10 1 22 160
4 41 33 37 22 28 0 T M M 5.8 12 110 M M 10 12 15 130
5 40 30 35 20 30 0 T M M 5.8 14 200 M M 10 128 17 200
6 37 33 35 20 30 0 T M M 7.3 14 70 M M 10 12 18 70
7 33 30 32 17 33 0 M M M 12.4 18 70 M M 10 126 28 90
8 32 25 29 13 36 0 M M M 17.0 25 310 M M 10 1 34 310
9 27 25 26 10 39 0 M M M 15.1 23 310 M M 10 32 310
10 27 10 19 3 46 0 T M M 13.5 23 280 M M 7 1 30 270
11 34 11 23 7 42 0 0.00 M M 14.5 25 280 M M 2 35 280
12 31 17 24 8 41 0 0.00 M M 8.5 22 290 M M 0 28 300
13 35 15 25 8 40 0 M M M 11.6 28 270 M M 6 1 38 280
14 23 11 17 0 48 0 0.00 M M 12.3 23 290 M M 3 28 290
15 16 0 8 -9 57 0 T M M 11.2 20 300 M M 6 8 26 320
16 21 -3 9 -8 56 0 0.00 M M 17.3 30 270 M M 3 38 270
17 37 15 26 8 39 0 0.00 M M 22.8 36 260 M M 0 46 270
18 39 13 26 8 39 0 0.00 M M 6.4 21 280 M M 0 27 290
19 35 10 23 5 42 0 0.00 M M 5.1 13 310 M M 0 15 320
20 41 10 26 7 39 0 0.00 M M 3.3 13 230 M M 3 26 240
21 48 23 36 17 29 0 0.00 M M 5.6 20 290 M M 3 1 26 280
22 48 27 38 19 27 0 0.00 M M 13.8 20 280 M M 2 1 26 260
23 35 24 30 10 35 0 0.00 M M 8.0 18 290 M M 5 1 26 290
24 49 31 40 20 25 0 0.00 M M 14.1 25 260 M M 2 33 260
25 36 27 32 12 33 0 T M M 7.8 16 130 M M 9 24 130
26 55 7 31 10 34 0 M M M 14.7 26 330 M M 5 1 35 330
27 9 -2 4 -17 61 0 M M M 16.0 26 330 M M 6 18 33 320
28 19 -4 8 -14 57 0 0.00 M M 7.1 18 110 M M 4 24 120
29 48 9 29 7 36 0 0.00 M M 8.6 21 160 M M 1 31 170
================================================================================
SM 1030 513 1106 0 T M 310.3 M 145
================================================================================
AV 35.5 17.7 10.7 FASTST M M 5 MAX(MPH)
MISC ----> 36 260 46 270
================================================================================
NOTES:
# LAST OF SEVERAL OCCURRENCES
COLUMN 17 PEAK WIND IN M.P.H.
PRELIMINARY LOCAL CLIMATOLOGICAL DATA (WS FORM: F-6) , PAGE 2
STATION: MINOT ND
MONTH: FEBRUARY
YEAR: 2024
LATITUDE: 48 15 N
LONGITUDE: 101 16 W
[TEMPERATURE DATA] [PRECIPITATION DATA] SYMBOLS USED IN COLUMN 16
AVERAGE MONTHLY: 26.6 TOTAL FOR MONTH: T 1 = FOG OR MIST
DPTR FM NORMAL: 9.3 DPTR FM NORMAL: -0.29 2 = FOG REDUCING VISIBILITY
HIGHEST: 55 ON 26 GRTST 24HR 0.02 ON 7- 8 TO 1/4 MILE OR LESS
LOWEST: -4 ON 28 3 = THUNDER
SNOW, ICE PELLETS, HAIL 4 = ICE PELLETS
TOTAL MONTH: M 5 = HAIL
GRTST 24HR M ON M 6 = FREEZING RAIN OR DRIZZLE
GRTST DEPTH: M ON M 7 = DUSTSTORM OR SANDSTORM:
VSBY 1/2 MILE OR LESS
8 = SMOKE OR HAZE
[NO. OF DAYS WITH] [WEATHER - DAYS WITH] 9 = BLOWING SNOW
X = TORNADO
MAX 32 OR BELOW: 9 0.01 INCH OR MORE: 0
MAX 90 OR ABOVE: 0 0.10 INCH OR MORE: 0
MIN 32 OR BELOW: 26 0.50 INCH OR MORE: 0
MIN 0 OR BELOW: 4 1.00 INCH OR MORE: 0
[HDD (BASE 65) ]
TOTAL THIS MO. 1106 CLEAR (SCALE 0-3) 12
DPTR FM NORMAL -228 PTCLDY (SCALE 4-7) 8
TOTAL FM JUL 1 5673 CLOUDY (SCALE 8-10) 9
DPTR FM NORMAL -670
[CDD (BASE 65) ]
TOTAL THIS MO. 0
DPTR FM NORMAL 0 [PRESSURE DATA]
TOTAL FM JAN 1 0 HIGHEST SLP 30.54 ON 16
DPTR FM NORMAL 0 LOWEST SLP 29.22 ON 26
[REMARKS]
#FINAL-02-24#