000
CXUS51 KPHI 012230
CLMMPO
CLIMATE REPORT
NATIONAL WEATHER SERVICE MOUNT HOLLY NJ
530 PM EST FRI DEC 01 2023
...................................
...THE MOUNT POCONO PA CLIMATE SUMMARY FOR THE MONTH OF NOVEMBER 2023...
CLIMATE NORMAL PERIOD: 1991 TO 2020
CLIMATE RECORD PERIOD: 1901 TO 2023
WEATHER OBSERVED NORMAL DEPART LAST YEAR`S
VALUE DATE(S) VALUE FROM VALUE
NORMAL
..............................................................
TEMPERATURE (F)
RECORD
HIGH 77 11/02/1982
11/01/1950
LOW -2 11/23/2018
11/26/1938
01/14/1912
HIGHEST 63 MM MM 68
LOWEST 15 MM MM 13
AVG. MAXIMUM 45.2 45.7 -0.5 48.9
AVG. MINIMUM 27.7 29.8 -2.1 32.7
MEAN 36.5 37.8 -1.3 40.8
DAYS MAX >= 90 0 0.0 0.0 0
DAYS MAX <= 32 2 2.6 -0.6 2
DAYS MIN <= 32 22 18.2 3.8 17
DAYS MIN <= 0 0 0.0 0.0 0
PRECIPITATION (INCHES)
RECORD
MAXIMUM 11.20 1972
MINIMUM 0.49 1917
TOTALS 3.53 4.08 -0.55 4.78
DAILY AVG. 0.12 0.14 -0.02 0.16
DAYS >= .01 7 11.4 -4.4 12
DAYS >= .10 3 5.5 -2.5 9
DAYS >= .50 2 2.5 -0.5 4
DAYS >= 1.00 2 1.0 1.0 1
GREATEST
24 HR. TOTAL 2.03 11/21 TO 11/22 2.20
DEGREE DAYS
HEATING TOTAL 850 818 32 720
SINCE 7/1 1372 1620 -248 MM
COOLING TOTAL 0 0 0 0
SINCE 1/1 278 288 -10 MM
..............................................................
WIND (MPH)
AVERAGE WIND SPEED 9.9
HIGHEST WIND SPEED/DIRECTION 31/320 DATE 11/18
HIGHEST GUST SPEED/DIRECTION 43/280 DATE 11/28
SKY COVER
POSSIBLE SUNSHINE (PERCENT) MM
AVERAGE SKY COVER 0.36
NUMBER OF DAYS FAIR 15
NUMBER OF DAYS PC 13
NUMBER OF DAYS CLOUDY 2
AVERAGE RH (PERCENT) 68
WEATHER CONDITIONS. NUMBER OF DAYS WITH
THUNDERSTORM 0 MIXED PRECIP 0
HEAVY RAIN 2 RAIN 3
LIGHT RAIN 12 FREEZING RAIN 1
LT FREEZING RAIN 1 HEAVY SNOW 0
SNOW 0 LIGHT SNOW 3
SLEET 1 FOG 7
FOG W/VIS <= 1/4 MILE 1 HAZE 0
- INDICATES NEGATIVE NUMBERS.
R INDICATES RECORD WAS SET OR TIED.
MM INDICATES DATA IS MISSING.
T INDICATES TRACE AMOUNT.
$$