000
CXUS53 KMPX 010910
CF6MPX
PRELIMINARY LOCAL CLIMATOLOGICAL DATA (WS FORM: F-6)
STATION: CHANHASSEN MN
MONTH: MAY
YEAR: 2022
LATITUDE: 44 50 N
LONGITUDE: 93 34 W
TEMPERATURE IN F: :PCPN: SNOW: WIND :SUNSHINE: SKY :PK WND
================================================================================
1 2 3 4 5 6A 6B 7 8 9 10 11 12 13 14 15 16 17 18
12Z AVG MX 2MIN
DY MAX MIN AVG DEP HDD CDD WTR SNW DPTH SPD SPD DIR MIN PSBL S-S WX SPD DR
================================================================================
1 47 40 44 -8 21 0 0.18 0.0 0 M M M M M M M M
2 47 38 43 -9 22 0 0.00 0.0 0 M M M M M M M M
3 58 42 50 -2 15 0 0.00 0.0 0 M M M M M M M M
4 63 36 50 -3 15 0 0.00 0.0 0 M M M M M M M M
5 63 40 52 -1 13 0 0.01 0.0 0 M M M M M M M M
6 71 40 56 2 9 0 0.00 0.0 0 M M M M M M M M
7 73 45 59 5 6 0 0.00 0.0 0 M M M M M M M M
8 61 50 56 2 9 0 0.05 0.0 0 M M M M M M M M
9 86 56 71 16 0 6 0.02 0.0 0 M M M M M M M M
10 78 53 66 11 0 1 0.00 0.0 0 M M M M M M M M
11 75 61 68 12 0 3 2.13 T 0 M M M M M M M M
12 91 57 74 18 0 9 0.08 0.0 0 M M M M M M M M
13 75 53 64 8 1 0 0.03 0.0 0 M M M M M M M M
14 72 49 61 4 4 0 0.00 0.0 0 M M M M M M M M
15 73 47 60 3 5 0 0.00 0.0 0 M M M M M M M M
16 69 52 61 4 4 0 0.00 0.0 0 M M M M M M M M
17 71 47 59 1 6 0 0.13 0.0 0 M M M M M M M M
18 72 54 63 5 2 0 0.01 0.0 0 M M M M M M M M
19 71 48 60 2 5 0 0.00 0.0 0 M M M M M M M M
20 64 46 55 -4 10 0 0.04 0.0 0 M M M M M M M M
21 53 39 46 -13 19 0 0.00 0.0 0 M M M M M M M M
22 57 38 48 -12 17 0 0.01 0.0 0 M M M M M M M M
23 65 39 52 -8 13 0 0.00 0.0 0 M M M M M M M M
24 67 47 57 -3 8 0 0.02 0.0 0 M M M M M M M M
25 52 46 49 -12 16 0 0.52 0.0 0 M M M M M M M M
26 61 44 53 -8 12 0 T 0.0 0 M M M M M M M M
27 75 41 58 -3 7 0 0.00 0.0 0 M M M M M M M M
28 89 59 74 12 0 9 0.05 0.0 0 M M M M M M M M
29 82 64 73 11 0 8 0.01 0.0 0 M M M M M M M M
30 85 62 74 12 0 9 0.47 0.0 0 M M M M M M M M
31 69 56 63 0 2 0 T 0.0 0 M M M M M M M M
================================================================================
SM 2135 1489 241 45 3.76 T M M M
================================================================================
AV 68.9 48.0 M FASTST M M M MAX(MPH)
MISC ----> M M M M
================================================================================
NOTES:
# LAST OF SEVERAL OCCURRENCES
COLUMN 17 PEAK WIND IN M.P.H.
PRELIMINARY LOCAL CLIMATOLOGICAL DATA (WS FORM: F-6) , PAGE 2
STATION: CHANHASSEN MN
MONTH: MAY
YEAR: 2022
LATITUDE: 44 50 N
LONGITUDE: 93 34 W
[TEMPERATURE DATA] [PRECIPITATION DATA] SYMBOLS USED IN COLUMN 16
AVERAGE MONTHLY: 58.5 TOTAL FOR MONTH: 3.76 1 = FOG OR MIST
DPTR FM NORMAL: 1.2 DPTR FM NORMAL: -0.60 2 = FOG REDUCING VISIBILITY
HIGHEST: 91 ON 12 GRTST 24HR 2.13 ON 11-11 TO 1/4 MILE OR LESS
LOWEST: 36 ON 4 3 = THUNDER
SNOW, ICE PELLETS, HAIL 4 = ICE PELLETS
TOTAL MONTH: T 5 = HAIL
GRTST 24HR T ON 11-11 6 = FREEZING RAIN OR DRIZZLE
GRTST DEPTH: 0 7 = DUSTSTORM OR SANDSTORM:
VSBY 1/2 MILE OR LESS
8 = SMOKE OR HAZE
[NO. OF DAYS WITH] [WEATHER - DAYS WITH] 9 = BLOWING SNOW
X = TORNADO
MAX 32 OR BELOW: 0 0.01 INCH OR MORE: 16
MAX 90 OR ABOVE: 1 0.10 INCH OR MORE: 5
MIN 32 OR BELOW: 0 0.50 INCH OR MORE: 2
MIN 0 OR BELOW: 0 1.00 INCH OR MORE: 1
[HDD (BASE 65) ]
TOTAL THIS MO. 241 CLEAR (SCALE 0-3) 0
DPTR FM NORMAL -26 PTCLDY (SCALE 4-7) 0
TOTAL FM JUL 1 8016 CLOUDY (SCALE 8-10) 31
DPTR FM NORMAL 83
[CDD (BASE 65) ]
TOTAL THIS MO. 45
DPTR FM NORMAL 17 [PRESSURE DATA]
TOTAL FM JAN 1 45 HIGHEST SLP M ON M
DPTR FM NORMAL 15 LOWEST SLP M ON M
[REMARKS]
#FINAL-05-22#