328
CDUS43 KMPX 230657
CLIMPX


CLIMATE REPORT
NATIONAL WEATHER SERVICE CHANHASSEN MN
1256 AM CST TUE JAN 23 2018


...................................

...THE CHANHASSEN MN CLIMATE SUMMARY FOR JANUARY 22 2018...

CLIMATE NORMAL PERIOD 1981 TO 2010
CLIMATE RECORD PERIOD 1995 TO 2018


WEATHER ITEM   OBSERVED TIME   RECORD YEAR NORMAL DEPARTURE LAST
                VALUE   (LST)  VALUE       VALUE  FROM      YEAR
                                                  NORMAL
..................................................................
TEMPERATURE (F)
 YESTERDAY
  MAXIMUM         33        MM  MM      MM  23     10       38
  MINIMUM         24        MM  MM      MM   5     19       31
  AVERAGE         29                        14     15       35

PRECIPITATION (IN)
  YESTERDAY        0.99         MM      MM   0.03   0.96      T
  MONTH TO DATE    1.32                      0.64   0.68     0.55
  SINCE DEC 1      1.97                      1.89   0.08     2.80
  SINCE JAN 1      1.32                      0.64   0.68     0.55

SNOWFALL (IN)
  YESTERDAY       11.0          MM      MM   0.4   10.6      0.0
  MONTH TO DATE   16.7                       7.2    9.5      4.8
  SINCE DEC 1     23.3                      21.1    2.2     23.2
  SINCE JUL 1     25.1                      26.9   -1.8     28.3
  SNOW DEPTH       T

DEGREE DAYS
 HEATING
  YESTERDAY       36                        51    -15       30
  MONTH TO DATE 1150                      1120     30     1079
  SINCE DEC 1   2629                      2574     55     2511
  SINCE JUL 1   4242                      4281    -39     3734

 COOLING
  YESTERDAY        0                         0      0        0
  MONTH TO DATE    0                         0      0        0
  SINCE DEC 1      0                         0      0        0
  SINCE JAN 1      0                         0      0        0
..................................................................


WIND (MPH)
  HIGHEST WIND SPEED    MM   HIGHEST WIND DIRECTION    MM
  HIGHEST GUST SPEED    MM   HIGHEST GUST DIRECTION    MM
  AVERAGE WIND SPEED    MM


SKY COVER
  POSSIBLE SUNSHINE  MM
  AVERAGE SKY COVER  MM


WEATHER CONDITIONS
 THE FOLLOWING WEATHER WAS RECORDED YESTERDAY.
  NO SIGNIFICANT WEATHER WAS OBSERVED.


RELATIVE HUMIDITY (PERCENT)
 HIGHEST    MM
 LOWEST     MM
 AVERAGE    MM

..........................................................


THE CHANHASSEN MN CLIMATE NORMALS FOR TODAY
                         NORMAL    RECORD    YEAR
 MAXIMUM TEMPERATURE (F)   23        MM        MM
 MINIMUM TEMPERATURE (F)    5        MM        MM


SUNRISE AND SUNSET
JANUARY 23 2018.......SUNRISE   743 AM CST   SUNSET   510 PM CST
JANUARY 24 2018.......SUNRISE   742 AM CST   SUNSET   511 PM CST


-  INDICATES NEGATIVE NUMBERS.
R  INDICATES RECORD WAS SET OR TIED.
MM INDICATES DATA IS MISSING.
T  INDICATES TRACE AMOUNT.




$$
