000
CDUS43 KMPX 310712
CLIMPX


CLIMATE REPORT
NATIONAL WEATHER SERVICE CHANHASSEN MN
211 AM CDT TUE MAY 31 2016


...................................

...THE CHANHASSEN MN CLIMATE SUMMARY FOR MAY 30 2016...

CLIMATE NORMAL PERIOD 1981 TO 2010
CLIMATE RECORD PERIOD 1995 TO 2016


WEATHER ITEM   OBSERVED TIME   RECORD YEAR NORMAL DEPARTURE LAST
                VALUE   (LST)  VALUE       VALUE  FROM      YEAR
                                                  NORMAL
..................................................................
TEMPERATURE (F)
 YESTERDAY
  MAXIMUM         81        MM  MM      MM  73      8       63
  MINIMUM         51        MM  MM      MM  52     -1       46
  AVERAGE         66                        62      4       55

PRECIPITATION (IN)
  YESTERDAY        0.00         MM      MM   0.13  -0.13     0.00
  MONTH TO DATE    2.00                      3.54  -1.54     4.96
  SINCE MAR 1      6.73                      8.32  -1.59     7.96
  SINCE JAN 1      8.22                     10.13  -1.91     8.72

SNOWFALL (IN)
  YESTERDAY        0.0          MM      MM   0.0    0.0      0.0
  MONTH TO DATE    0.0                       0.3   -0.3       T
  SINCE MAR 1      5.6                      14.5   -8.9      9.3
  SINCE JUL 1     35.5                      54.2  -18.7     33.4
  SNOW DEPTH       0

DEGREE DAYS
 HEATING
  YESTERDAY        0                         4     -4       10
  MONTH TO DATE  243                       241      2      242
  SINCE MAR 1   1584                      1845   -261     1718
  SINCE JUL 1   6799                      7860  -1061     7976

 COOLING
  YESTERDAY        1                         2     -1        0
  MONTH TO DATE   35                        27      8        8
  SINCE MAR 1     42                        30     12        8
  SINCE JAN 1     42                        30     12        8
..................................................................


WIND (MPH)
  HIGHEST WIND SPEED    MM   HIGHEST WIND DIRECTION    MM
  HIGHEST GUST SPEED    MM   HIGHEST GUST DIRECTION    MM
  AVERAGE WIND SPEED    MM


SKY COVER
  POSSIBLE SUNSHINE  MM
  AVERAGE SKY COVER  MM


WEATHER CONDITIONS
 THE FOLLOWING WEATHER WAS RECORDED YESTERDAY.
  NO SIGNIFICANT WEATHER WAS OBSERVED.


RELATIVE HUMIDITY (PERCENT)
 HIGHEST    MM
 LOWEST     MM
 AVERAGE    MM

..........................................................


THE CHANHASSEN MN CLIMATE NORMALS FOR TODAY
                         NORMAL    RECORD    YEAR
 MAXIMUM TEMPERATURE (F)   73        MM        MM
 MINIMUM TEMPERATURE (F)   52        MM        MM


SUNRISE AND SUNSET
MAY 31 2016...........SUNRISE   532 AM CDT   SUNSET   853 PM CDT
JUNE  1 2016..........SUNRISE   531 AM CDT   SUNSET   854 PM CDT


-  INDICATES NEGATIVE NUMBERS.
R  INDICATES RECORD WAS SET OR TIED.
MM INDICATES DATA IS MISSING.
T  INDICATES TRACE AMOUNT.




$$
