000
CDUS43 KMPX 290823
CLIMPX


CLIMATE REPORT
NATIONAL WEATHER SERVICE CHANHASSEN MN
319 AM CDT SUN MAR 29 2015


...................................

...THE CHANHASSEN MN CLIMATE SUMMARY FOR MARCH 28 2015...

CLIMATE NORMAL PERIOD 1981 TO 2010
CLIMATE RECORD PERIOD 1995 TO 2015


WEATHER ITEM   OBSERVED TIME   RECORD YEAR NORMAL DEPARTURE LAST
                VALUE   (LST)  VALUE       VALUE  FROM      YEAR
                                                  NORMAL
..................................................................
TEMPERATURE (F)
 YESTERDAY
  MAXIMUM         41        MM  MM      MM  47     -6       35
  MINIMUM         18        MM  MM      MM  28    -10       22
  AVERAGE         30                        37     -7       29

PRECIPITATION (IN)
  YESTERDAY        0.00         MM      MM   0.07  -0.07     0.00
  MONTH TO DATE    0.71                      1.54  -0.83     0.67
  SINCE MAR 1      0.71                      1.54  -0.83     0.67
  SINCE JAN 1      1.47                      3.35  -1.88     3.58

SNOWFALL (IN)
  YESTERDAY        0.0          MM      MM   0.2   -0.2      0.0
  MONTH TO DATE    8.8                      10.1   -1.3      3.4
  SINCE MAR 1      8.8                      10.1   -1.3      3.4
  SINCE JUL 1     32.9                      49.8  -16.9     58.7
  SNOW DEPTH       0

DEGREE DAYS
 HEATING
  YESTERDAY       35                        28      7       36
  MONTH TO DATE  905                       964    -59     1195
  SINCE MAR 1    905                       964    -59     1195
  SINCE JUL 1   7163                      6979    184     8078

 COOLING
  YESTERDAY        0                         0      0        0
  MONTH TO DATE    0                         0      0        0
  SINCE MAR 1      0                         0      0        0
  SINCE JAN 1      0                         0      0        0
..................................................................


WIND (MPH)
  HIGHEST WIND SPEED    MM   HIGHEST WIND DIRECTION    MM
  HIGHEST GUST SPEED    MM   HIGHEST GUST DIRECTION    MM
  AVERAGE WIND SPEED    MM


SKY COVER
  POSSIBLE SUNSHINE  MM
  AVERAGE SKY COVER  MM


WEATHER CONDITIONS
 THE FOLLOWING WEATHER WAS RECORDED YESTERDAY.
  NO SIGNIFICANT WEATHER WAS OBSERVED.


RELATIVE HUMIDITY (PERCENT)
 HIGHEST    MM
 LOWEST     MM
 AVERAGE    MM

..........................................................


THE CHANHASSEN MN CLIMATE NORMALS FOR TODAY
                         NORMAL    RECORD    YEAR
 MAXIMUM TEMPERATURE (F)   47        MM        MM
 MINIMUM TEMPERATURE (F)   28        MM        MM


SUNRISE AND SUNSET
MARCH 29 2015.........SUNRISE   701 AM CDT   SUNSET   738 PM CDT
MARCH 30 2015.........SUNRISE   659 AM CDT   SUNSET   739 PM CDT


-  INDICATES NEGATIVE NUMBERS.
R  INDICATES RECORD WAS SET OR TIED.
MM INDICATES DATA IS MISSING.
T  INDICATES TRACE AMOUNT.




$$
