000
CDUS43 KMPX 300635
CLIMPX


CLIMATE REPORT
NATIONAL WEATHER SERVICE CHANHASSEN MN
135 AM CDT THU MAR 30 2017


...................................

...THE CHANHASSEN MN CLIMATE SUMMARY FOR MARCH 29 2017...

CLIMATE NORMAL PERIOD 1981 TO 2010
CLIMATE RECORD PERIOD 1995 TO 2017


WEATHER ITEM   OBSERVED TIME   RECORD YEAR NORMAL DEPARTURE LAST
                VALUE   (LST)  VALUE       VALUE  FROM      YEAR
                                                  NORMAL
..................................................................
TEMPERATURE (F)
 YESTERDAY
  MAXIMUM         50        MM  MM      MM  47      3       62
  MINIMUM         37        MM  MM      MM  28      9       36
  AVERAGE         44                        38      6       49

PRECIPITATION (IN)
  YESTERDAY        0.07         MM      MM   0.08  -0.01     0.22
  MONTH TO DATE    0.71                      1.62  -0.91     0.95
  SINCE MAR 1      0.71                      1.62  -0.91     0.95
  SINCE JAN 1      2.31                      3.43  -1.12     2.44

SNOWFALL (IN)
  YESTERDAY        0.0          MM      MM   0.3   -0.3      0.0
  MONTH TO DATE    5.5                      10.4   -4.9      5.1
  SINCE MAR 1      5.5                      10.4   -4.9      5.1
  SINCE JUL 1     37.9                      50.1  -12.2     35.0
  SNOW DEPTH       0

DEGREE DAYS
 HEATING
  YESTERDAY       21                        27     -6       16
  MONTH TO DATE  970                       991    -21      751
  SINCE MAR 1    970                       991    -21      751
  SINCE JUL 1   6039                      7006   -967     5966

 COOLING
  YESTERDAY        0                         0      0        0
  MONTH TO DATE    0                         0      0        0
  SINCE MAR 1      0                         0      0        0
  SINCE JAN 1      0                         0      0        0
..................................................................


WIND (MPH)
  HIGHEST WIND SPEED    MM   HIGHEST WIND DIRECTION    MM
  HIGHEST GUST SPEED    MM   HIGHEST GUST DIRECTION    MM
  AVERAGE WIND SPEED    MM


SKY COVER
  POSSIBLE SUNSHINE  MM
  AVERAGE SKY COVER  MM


WEATHER CONDITIONS
 THE FOLLOWING WEATHER WAS RECORDED YESTERDAY.
  NO SIGNIFICANT WEATHER WAS OBSERVED.


RELATIVE HUMIDITY (PERCENT)
 HIGHEST    MM
 LOWEST     MM
 AVERAGE    MM

..........................................................


THE CHANHASSEN MN CLIMATE NORMALS FOR TODAY
                         NORMAL    RECORD    YEAR
 MAXIMUM TEMPERATURE (F)   48        MM        MM
 MINIMUM TEMPERATURE (F)   29        MM        MM


SUNRISE AND SUNSET
MARCH 30 2017.........SUNRISE   658 AM CDT   SUNSET   740 PM CDT
MARCH 31 2017.........SUNRISE   656 AM CDT   SUNSET   741 PM CDT


-  INDICATES NEGATIVE NUMBERS.
R  INDICATES RECORD WAS SET OR TIED.
MM INDICATES DATA IS MISSING.
T  INDICATES TRACE AMOUNT.




$$
