548
CDUS43 KMPX 240624
CLIMPX


CLIMATE REPORT
NATIONAL WEATHER SERVICE CHANHASSEN MN
123 AM CDT WED AUG 24 2016


...................................

...THE CHANHASSEN MN CLIMATE SUMMARY FOR AUGUST 23 2016...

CLIMATE NORMAL PERIOD 1981 TO 2010
CLIMATE RECORD PERIOD 1995 TO 2016


WEATHER ITEM   OBSERVED TIME   RECORD YEAR NORMAL DEPARTURE LAST
                VALUE   (LST)  VALUE       VALUE  FROM      YEAR
                                                  NORMAL
..................................................................
TEMPERATURE (F)
 YESTERDAY
  MAXIMUM         82        MM  MM      MM  79      3       68
  MINIMUM         65        MM  MM      MM  60      5       54
  AVERAGE         74                        69      5       61

PRECIPITATION (IN)
  YESTERDAY        0.94         MM      MM   0.14   0.80      T
  MONTH TO DATE    8.52                      3.04   5.48     2.71
  SINCE JUN 1     18.53                     10.65   7.88    14.26
  SINCE JAN 1     26.78                     20.90   5.88    22.98

SNOWFALL (IN)
  YESTERDAY        0.0          MM      MM   0.0    0.0      0.0
  MONTH TO DATE    0.0                       0.0    0.0      0.0
  SINCE JUN 1      T                         0.0    0.0       T
  SINCE JUL 1      0.0                       0.0    0.0      0.0
  SNOW DEPTH       0

DEGREE DAYS
 HEATING
  YESTERDAY        0                         0      0        4
  MONTH TO DATE    3                         0      3       14
  SINCE JUN 1     27                        57    -30       44
  SINCE JUL 1      6                         8     -2       26

 COOLING
  YESTERDAY        9                         5      4        0
  MONTH TO DATE  155                       138     17      115
  SINCE JUN 1    520                       490     30      411
  SINCE JAN 1    562                       523     39      419
..................................................................


WIND (MPH)
  HIGHEST WIND SPEED    MM   HIGHEST WIND DIRECTION    MM
  HIGHEST GUST SPEED    MM   HIGHEST GUST DIRECTION    MM
  AVERAGE WIND SPEED    MM


SKY COVER
  POSSIBLE SUNSHINE  MM
  AVERAGE SKY COVER  MM


WEATHER CONDITIONS
 THE FOLLOWING WEATHER WAS RECORDED YESTERDAY.
  NO SIGNIFICANT WEATHER WAS OBSERVED.


RELATIVE HUMIDITY (PERCENT)
 HIGHEST    MM
 LOWEST     MM
 AVERAGE    MM

..........................................................


THE CHANHASSEN MN CLIMATE NORMALS FOR TODAY
                         NORMAL    RECORD    YEAR
 MAXIMUM TEMPERATURE (F)   79        MM        MM
 MINIMUM TEMPERATURE (F)   59        MM        MM


SUNRISE AND SUNSET
AUGUST 24 2016........SUNRISE   628 AM CDT   SUNSET   804 PM CDT
AUGUST 25 2016........SUNRISE   629 AM CDT   SUNSET   803 PM CDT


-  INDICATES NEGATIVE NUMBERS.
R  INDICATES RECORD WAS SET OR TIED.
MM INDICATES DATA IS MISSING.
T  INDICATES TRACE AMOUNT.




$$
