000
CDUS43 KMPX 282139
CLIMPX


CLIMATE REPORT
NATIONAL WEATHER SERVICE CHANHASSEN MN
438 PM CDT TUE OCT 28 2014


...................................

...THE CHANHASSEN MN CLIMATE SUMMARY FOR OCTOBER 28 2014...
VALID AS OF 0400 PM LOCAL TIME.

CLIMATE NORMAL PERIOD 1981 TO 2010
CLIMATE RECORD PERIOD 1995 TO 2014


WEATHER ITEM   OBSERVED NORMAL DEPARTURE LAST
                VALUE   VALUE  FROM      YEAR
                               NORMAL
...............................................
TEMPERATURE (F)
 TODAY
  MAXIMUM         47     52     -5       42
  MINIMUM         39     34      5       30
  AVERAGE         43     43      0       36

PRECIPITATION (IN)
  TODAY            T      0.06  -0.06     0.00
  MONTH TO DATE    1.06   2.32  -1.26     3.40
  SINCE SEP 1      2.21   5.75  -3.54     4.97
  SINCE JAN 1     34.72  27.75   6.97    33.18

SNOWFALL (IN)
  TODAY            0.0    0.0    0.0      0.0
  MONTH TO DATE    T      0.3   -0.3       T
  SINCE SEP 1      T      0.3   -0.3       T
  SINCE JUL 1      T      0.3   -0.3       T
  SNOW DEPTH       0

DEGREE DAYS
 HEATING
  TODAY           22     22      0       29
  MONTH TO DATE  448    467    -19      500
  SINCE SEP 1    615    643    -28      607
  SINCE JUL 1    631    666    -35      628

 COOLING
  TODAY            0      0      0        0
  MONTH TO DATE    0      0      0        0
  SINCE SEP 1     35     47    -12       88
  SINCE JAN 1    514    600    -86      667
...............................................







THE CHANHASSEN MN CLIMATE NORMALS FOR TOMORROW
                         NORMAL
 MAXIMUM TEMPERATURE (F)   51
 MINIMUM TEMPERATURE (F)   34



-  INDICATES NEGATIVE NUMBERS.
R  INDICATES RECORD WAS SET OR TIED.
MM INDICATES DATA IS MISSING.
T  INDICATES TRACE AMOUNT.




$$
