000
CDUS43 KMPX 210727
CLIMPX


CLIMATE REPORT
NATIONAL WEATHER SERVICE CHANHASSEN MN
227 AM CDT TUE OCT 21 2014


...................................

...THE CHANHASSEN MN CLIMATE SUMMARY FOR OCTOBER 20 2014...

CLIMATE NORMAL PERIOD 1981 TO 2010
CLIMATE RECORD PERIOD 1995 TO 2014


WEATHER ITEM   OBSERVED NORMAL DEPARTURE LAST
                VALUE   VALUE  FROM      YEAR
                               NORMAL
...............................................
TEMPERATURE (F)
 YESTERDAY
  MAXIMUM         62     56      6       45
  MINIMUM         41     37      4       29
  AVERAGE         52     46      6       37

PRECIPITATION (IN)
  YESTERDAY        0.00   0.07  -0.07     0.03
  MONTH TO DATE    1.03   1.81  -0.78     3.40
  SINCE SEP 1      2.18   5.24  -3.06     4.97
  SINCE JAN 1     34.69  27.24   7.45    33.18

SNOWFALL (IN)
  YESTERDAY        0.0    0.0    0.0       T
  MONTH TO DATE    T      0.2   -0.2       T
  SINCE SEP 1      T      0.2   -0.2       T
  SINCE JUL 1      T      0.2   -0.2       T
  SNOW DEPTH       0

DEGREE DAYS
 HEATING
  YESTERDAY       13     19     -6       28
  MONTH TO DATE  332    303     29      275
  SINCE SEP 1    499    479     20      382
  SINCE JUL 1    515    502     13      403

 COOLING
  YESTERDAY        0      0      0        0
  MONTH TO DATE    0      0      0        0
  SINCE SEP 1     35     47    -12       88
  SINCE JAN 1    514    600    -86      667
...............................................







THE CHANHASSEN MN CLIMATE NORMALS FOR TODAY
                         NORMAL
 MAXIMUM TEMPERATURE (F)   56
 MINIMUM TEMPERATURE (F)   36



-  INDICATES NEGATIVE NUMBERS.
R  INDICATES RECORD WAS SET OR TIED.
MM INDICATES DATA IS MISSING.
T  INDICATES TRACE AMOUNT.




$$
