000
CDUS43 KMPX 290740
CLIMPX


CLIMATE REPORT
NATIONAL WEATHER SERVICE CHANHASSEN MN
239 AM CDT TUE JUL 29 2014


...................................

...THE CHANHASSEN MN CLIMATE SUMMARY FOR JULY 28 2014...

CLIMATE NORMAL PERIOD 1981 TO 2010
CLIMATE RECORD PERIOD 1995 TO 2014


WEATHER ITEM   OBSERVED NORMAL DEPARTURE LAST
                VALUE   VALUE  FROM      YEAR
                               NORMAL
...............................................
TEMPERATURE (F)
 YESTERDAY
  MAXIMUM         74     82     -8       71
  MINIMUM         62     62      0       50
  AVERAGE         68     72     -4       61

PRECIPITATION (IN)
  YESTERDAY        0.00   0.12  -0.12     0.00
  MONTH TO DATE    3.33   3.24   0.09     4.59
  SINCE JUN 1     13.75   7.26   6.49    10.87
  SINCE JAN 1     29.65  17.51  12.14    26.37

SNOWFALL (IN)
  YESTERDAY        0.0    0.0    0.0      0.0
  MONTH TO DATE    0.0    0.0    0.0      0.0
  SINCE JUN 1      0.0    0.0    0.0      0.0
  SINCE JUL 1      0.0    0.0    0.0      0.0
  SNOW DEPTH       0

DEGREE DAYS
 HEATING
  YESTERDAY        0      0      0        4
  MONTH TO DATE   13      0     13       14
  SINCE JUN 1     46     49     -3       76
  SINCE JUL 1     13      0     13       14

 COOLING
  YESTERDAY        3      7     -4        0
  MONTH TO DATE  130    200    -70      235
  SINCE JUN 1    242    327    -85      347
  SINCE JAN 1    279    360    -81      370
...............................................







THE CHANHASSEN MN CLIMATE NORMALS FOR TODAY
                         NORMAL
 MAXIMUM TEMPERATURE (F)   82
 MINIMUM TEMPERATURE (F)   62



-  INDICATES NEGATIVE NUMBERS.
R  INDICATES RECORD WAS SET OR TIED.
MM INDICATES DATA IS MISSING.
T  INDICATES TRACE AMOUNT.




$$
