000
CDUS43 KMPX 162215
CLIMPX


CLIMATE REPORT
NATIONAL WEATHER SERVICE CHANHASSEN MN
415 PM CST TUE JAN 16 2018


...................................

...THE CHANHASSEN MN CLIMATE SUMMARY FOR JANUARY 16 2018...
VALID TODAY AS OF 0400 PM LOCAL TIME.

CLIMATE NORMAL PERIOD 1981 TO 2010
CLIMATE RECORD PERIOD 1995 TO 2018


WEATHER ITEM   OBSERVED TIME   RECORD YEAR NORMAL DEPARTURE LAST
                VALUE   (LST)  VALUE       VALUE  FROM      YEAR
                                                  NORMAL
..................................................................
TEMPERATURE (F)
 TODAY
  MAXIMUM          3        MM  36    2013  23    -20       31
  MINIMUM         -3        MM -26           5     -8       11
  AVERAGE          0                        14    -14       21

PRECIPITATION (IN)
  TODAY            T             0.10 2017   0.03  -0.03     0.10
  MONTH TO DATE    0.33                      0.48  -0.15     0.45
  SINCE DEC 1      0.98                      1.73  -0.75     2.70
  SINCE JAN 1      0.33                      0.48  -0.15     0.45

SNOWFALL (IN)
  TODAY            T             0.5  2002   0.3   -0.3       T
  MONTH TO DATE    5.7                       5.2    0.5      4.5
  SINCE DEC 1     12.3                      19.1   -6.8     22.9
  SINCE JUL 1     14.1                      24.9  -10.8     28.0
  SNOW DEPTH       4

DEGREE DAYS
 HEATING
  TODAY           65                        51     14       44
  MONTH TO DATE  929                       814    115      893
  SINCE DEC 1   2408                      2268    140     2325
  SINCE JUL 1   4021                      3975     46     3548

 COOLING
  TODAY            0                         0      0        0
  MONTH TO DATE    0                         0      0        0
  SINCE DEC 1      0                         0      0        0
  SINCE JAN 1      0                         0      0        0
..................................................................


WIND (MPH)
  HIGHEST WIND SPEED    MM   HIGHEST WIND DIRECTION    MM
  HIGHEST GUST SPEED    MM   HIGHEST GUST DIRECTION    MM
  AVERAGE WIND SPEED    MM


SKY COVER
  POSSIBLE SUNSHINE  MM
  AVERAGE SKY COVER  MM


WEATHER CONDITIONS
 THE FOLLOWING WEATHER WAS RECORDED TODAY.
  NO SIGNIFICANT WEATHER WAS OBSERVED.


RELATIVE HUMIDITY (PERCENT)
 HIGHEST    MM
 LOWEST     MM
 AVERAGE    MM

..........................................................


THE CHANHASSEN MN CLIMATE NORMALS FOR TOMORROW
                         NORMAL    RECORD    YEAR
 MAXIMUM TEMPERATURE (F)   23        37      2015
 MINIMUM TEMPERATURE (F)    5       -17      2016


SUNRISE AND SUNSET
JANUARY 16 2018.......SUNRISE   748 AM CST   SUNSET   501 PM CST
JANUARY 17 2018.......SUNRISE   747 AM CST   SUNSET   502 PM CST


-  INDICATES NEGATIVE NUMBERS.
R  INDICATES RECORD WAS SET OR TIED.
MM INDICATES DATA IS MISSING.
T  INDICATES TRACE AMOUNT.




$$
