000
CDUS43 KMPX 242149
CLIMPX


CLIMATE REPORT
NATIONAL WEATHER SERVICE CHANHASSEN MN
447 PM CDT WED AUG 24 2016


...................................

...THE CHANHASSEN MN CLIMATE SUMMARY FOR AUGUST 24 2016...
VALID AS OF 0400 PM LOCAL TIME.

CLIMATE NORMAL PERIOD 1981 TO 2010
CLIMATE RECORD PERIOD 1995 TO 2016


WEATHER ITEM   OBSERVED TIME   RECORD YEAR NORMAL DEPARTURE LAST
                VALUE   (LST)  VALUE       VALUE  FROM      YEAR
                                                  NORMAL
..................................................................
TEMPERATURE (F)
 TODAY
  MAXIMUM         79        MM  MM      MM  79      0       66
  MINIMUM         65        MM  MM      MM  59      6       52
  AVERAGE         72                        69      3       59

PRECIPITATION (IN)
  TODAY            0.10         MM      MM   0.15  -0.05     0.00
  MONTH TO DATE    8.62                      3.19   5.43     2.71
  SINCE JUN 1     18.63                     10.80   7.83    14.26
  SINCE JAN 1     26.88                     21.05   5.83    22.98

SNOWFALL (IN)
  TODAY            0.0          MM      MM   0.0    0.0      0.0
  MONTH TO DATE    0.0                       0.0    0.0      0.0
  SINCE JUN 1      T                         0.0    0.0       T
  SINCE JUL 1      0.0                       0.0    0.0      0.0
  SNOW DEPTH       0

DEGREE DAYS
 HEATING
  TODAY            0                         1     -1        6
  MONTH TO DATE    3                         1      2       20
  SINCE JUN 1     27                        58    -31       50
  SINCE JUL 1      6                         9     -3       32

 COOLING
  TODAY            7                         4      3        0
  MONTH TO DATE  162                       142     20      115
  SINCE JUN 1    527                       494     33      411
  SINCE JAN 1    569                       527     42      419
..................................................................




SKY COVER
  POSSIBLE SUNSHINE  MM
  AVERAGE SKY COVER  MM


WEATHER CONDITIONS
 THE FOLLOWING WEATHER WAS RECORDED TODAY.
  NO SIGNIFICANT WEATHER WAS OBSERVED.


RELATIVE HUMIDITY (PERCENT)
 HIGHEST    MM
 LOWEST     MM
 AVERAGE    MM

..........................................................


THE CHANHASSEN MN CLIMATE NORMALS FOR TOMORROW
                         NORMAL    RECORD    YEAR
 MAXIMUM TEMPERATURE (F)   78        MM        MM
 MINIMUM TEMPERATURE (F)   59        MM        MM


SUNRISE AND SUNSET
AUGUST 24 2016........SUNRISE   628 AM CDT   SUNSET   804 PM CDT
AUGUST 25 2016........SUNRISE   629 AM CDT   SUNSET   803 PM CDT


-  INDICATES NEGATIVE NUMBERS.
R  INDICATES RECORD WAS SET OR TIED.
MM INDICATES DATA IS MISSING.
T  INDICATES TRACE AMOUNT.




$$
