000
CDUS43 KMPX 310044
CLIMPX


CLIMATE REPORT
NATIONAL WEATHER SERVICE CHANHASSEN MN
744 PM CDT SAT AUG 30 2014


...................................

...THE CHANHASSEN MN CLIMATE SUMMARY FOR AUGUST 30 2014...
VALID TODAY AS OF 0700 PM LOCAL TIME.

CLIMATE NORMAL PERIOD 1981 TO 2010
CLIMATE RECORD PERIOD 1995 TO 2014


WEATHER ITEM   OBSERVED NORMAL DEPARTURE LAST
                VALUE   VALUE  FROM      YEAR
                               NORMAL
...............................................
TEMPERATURE (F)
 TODAY
  MAXIMUM         76     77     -1       82
  MINIMUM         65     58      7       68
  AVERAGE         71     67      4       75

PRECIPITATION (IN)
  TODAY            0.30   0.14   0.16     0.00
  MONTH TO DATE    2.44   4.00  -1.56     1.65
  SINCE JUN 1     16.19  11.61   4.58    12.62
  SINCE JAN 1     32.09  21.86  10.23    28.12

SNOWFALL (IN)
  TODAY            0.0    0.0    0.0      0.0
  MONTH TO DATE    0.0    0.0    0.0      0.0
  SINCE JUN 1      0.0    0.0    0.0      0.0
  SINCE JUL 1      0.0    0.0    0.0      0.0
  SNOW DEPTH       0

DEGREE DAYS
 HEATING
  TODAY            0      1     -1        0
  MONTH TO DATE    3      7     -4        5
  SINCE JUN 1     49     64    -15       83
  SINCE JUL 1     16     15      1       21

 COOLING
  TODAY            6      4      2       10
  MONTH TO DATE  183    166     17      196
  SINCE JUN 1    437    518    -81      547
  SINCE JAN 1    474    551    -77      570
...............................................







THE CHANHASSEN MN CLIMATE NORMALS FOR TOMORROW
                         NORMAL
 MAXIMUM TEMPERATURE (F)   77
 MINIMUM TEMPERATURE (F)   58



-  INDICATES NEGATIVE NUMBERS.
R  INDICATES RECORD WAS SET OR TIED.
MM INDICATES DATA IS MISSING.
T  INDICATES TRACE AMOUNT.




$$
