000
CDUS43 KMPX 230623
CLIMPX


CLIMATE REPORT
NATIONAL WEATHER SERVICE CHANHASSEN MN
1222 AM CST TUE DEC 23 2014


...................................

...THE CHANHASSEN MN CLIMATE SUMMARY FOR DECEMBER 22 2014...

CLIMATE NORMAL PERIOD 1981 TO 2010
CLIMATE RECORD PERIOD 1995 TO 2014


WEATHER ITEM   OBSERVED TIME   RECORD YEAR NORMAL DEPARTURE LAST
                VALUE   (LST)  VALUE       VALUE  FROM      YEAR
                                                  NORMAL
..................................................................
TEMPERATURE (F)
 YESTERDAY
  MAXIMUM         38        MM  41    2005  24     14       16
  MINIMUM         34        MM -16    2008   8     26        1
  AVERAGE         36                        16     20        9

PRECIPITATION (IN)
  YESTERDAY        0.08          0.34 2001   0.04   0.04     0.02
  MONTH TO DATE    0.58                      0.90  -0.32     1.06
  SINCE DEC 1      0.58                      0.90  -0.32     1.06
  SINCE JAN 1     36.04                     30.81   5.23    34.88

SNOWFALL (IN)
  YESTERDAY        T             3.9  2001   0.5   -0.5      0.9
  MONTH TO DATE    1.2                      10.1   -8.9     12.8
  SINCE DEC 1      1.2                      10.1   -8.9     12.8
  SINCE JUL 1      9.3                      15.9   -6.6     14.6
  SNOW DEPTH       0

DEGREE DAYS
 HEATING
  YESTERDAY       29                        49    -20       56
  MONTH TO DATE  870                      1005   -135     1185
  SINCE DEC 1    870                      1005   -135     1185
  SINCE JUL 1   2807                      2712     95     2907

 COOLING
  YESTERDAY        0                         0      0        0
  MONTH TO DATE    0                         0      0        0
  SINCE DEC 1      0                         0      0        0
  SINCE JAN 1    514                       605    -91      667
..................................................................


WIND (MPH)
  HIGHEST WIND SPEED    MM   HIGHEST WIND DIRECTION    MM
  HIGHEST GUST SPEED    MM   HIGHEST GUST DIRECTION    MM
  AVERAGE WIND SPEED    MM


SKY COVER
  POSSIBLE SUNSHINE  MM
  AVERAGE SKY COVER  MM


WEATHER CONDITIONS
 THE FOLLOWING WEATHER WAS RECORDED YESTERDAY.
  NO SIGNIFICANT WEATHER WAS OBSERVED.


RELATIVE HUMIDITY (PERCENT)
 HIGHEST    MM
 LOWEST     MM
 AVERAGE    MM

..........................................................


THE CHANHASSEN MN CLIMATE NORMALS FOR TODAY
                         NORMAL    RECORD    YEAR
 MAXIMUM TEMPERATURE (F)   24        43      2005
 MINIMUM TEMPERATURE (F)    8       -13      2013


SUNRISE AND SUNSET
DECEMBER 23 2014......SUNRISE   750 AM CST   SUNSET   437 PM CST
DECEMBER 24 2014......SUNRISE   750 AM CST   SUNSET   438 PM CST


-  INDICATES NEGATIVE NUMBERS.
R  INDICATES RECORD WAS SET OR TIED.
MM INDICATES DATA IS MISSING.
T  INDICATES TRACE AMOUNT.




$$
