000
CDUS43 KMPX 260635
CLIMPX


CLIMATE REPORT
NATIONAL WEATHER SERVICE CHANHASSEN MN
133 AM CDT SUN OCT 26 2014


...................................

...THE CHANHASSEN MN CLIMATE SUMMARY FOR OCTOBER 25 2014...

CLIMATE NORMAL PERIOD 1981 TO 2010
CLIMATE RECORD PERIOD 1995 TO 2014


WEATHER ITEM   OBSERVED NORMAL DEPARTURE LAST
                VALUE   VALUE  FROM      YEAR
                               NORMAL
...............................................
TEMPERATURE (F)
 YESTERDAY
  MAXIMUM         62     54      8       57
  MINIMUM         37     35      2       24
  AVERAGE         50     44      6       41

PRECIPITATION (IN)
  YESTERDAY        0.00   0.06  -0.06     0.00
  MONTH TO DATE    1.06   2.13  -1.07     3.40
  SINCE SEP 1      2.21   5.56  -3.35     4.97
  SINCE JAN 1     34.72  27.56   7.16    33.18

SNOWFALL (IN)
  YESTERDAY        0.0    0.0    0.0      0.0
  MONTH TO DATE    T      0.2   -0.2       T
  SINCE SEP 1      T      0.2   -0.2       T
  SINCE JUL 1      T      0.2   -0.2       T
  SNOW DEPTH       0

DEGREE DAYS
 HEATING
  YESTERDAY       15     21     -6       24
  MONTH TO DATE  397    402     -5      424
  SINCE SEP 1    564    578    -14      531
  SINCE JUL 1    580    601    -21      552

 COOLING
  YESTERDAY        0      0      0        0
  MONTH TO DATE    0      0      0        0
  SINCE SEP 1     35     47    -12       88
  SINCE JAN 1    514    600    -86      667
...............................................







THE CHANHASSEN MN CLIMATE NORMALS FOR TODAY
                         NORMAL
 MAXIMUM TEMPERATURE (F)   53
 MINIMUM TEMPERATURE (F)   35



-  INDICATES NEGATIVE NUMBERS.
R  INDICATES RECORD WAS SET OR TIED.
MM INDICATES DATA IS MISSING.
T  INDICATES TRACE AMOUNT.




$$
