000
CDUS43 KMPX 200023
CLIMPX


CLIMATE REPORT
NATIONAL WEATHER SERVICE CHANHASSEN MN
623 PM CST FRI JAN 19 2018


...................................

...THE CHANHASSEN MN CLIMATE SUMMARY FOR JANUARY 19 2018...
VALID TODAY AS OF 0600 PM LOCAL TIME.

CLIMATE NORMAL PERIOD 1981 TO 2010
CLIMATE RECORD PERIOD 1995 TO 2018


WEATHER ITEM   OBSERVED TIME   RECORD YEAR NORMAL DEPARTURE LAST
                VALUE   (LST)  VALUE       VALUE  FROM      YEAR
                                                  NORMAL
..................................................................
TEMPERATURE (F)
 TODAY
  MAXIMUM         43R       MM  40    2017  23     20       40
  MINIMUM         27        MM -16           5     22       31
  AVERAGE         35                        14     21       36

PRECIPITATION (IN)
  TODAY            0.00          0.05 2002   0.03  -0.03     0.00
  MONTH TO DATE    0.33                      0.56  -0.23     0.50
  SINCE DEC 1      0.98                      1.81  -0.83     2.75
  SINCE JAN 1      0.33                      0.56  -0.23     0.50

SNOWFALL (IN)
  TODAY            0.0           1.7  2002   0.4   -0.4      0.0
  MONTH TO DATE    5.7                       6.2   -0.5      4.8
  SINCE DEC 1     12.3                      20.1   -7.8     23.2
  SINCE JUL 1     14.1                      25.9  -11.8     28.3
  SNOW DEPTH       3

DEGREE DAYS
 HEATING
  TODAY           30                        51    -21       29
  MONTH TO DATE 1050                       967     83      989
  SINCE DEC 1   2529                      2421    108     2421
  SINCE JUL 1   4142                      4128     14     3644

 COOLING
  TODAY            0                         0      0        0
  MONTH TO DATE    0                         0      0        0
  SINCE DEC 1      0                         0      0        0
  SINCE JAN 1      0                         0      0        0
..................................................................


WIND (MPH)
  HIGHEST WIND SPEED    MM   HIGHEST WIND DIRECTION    MM
  HIGHEST GUST SPEED    MM   HIGHEST GUST DIRECTION    MM
  AVERAGE WIND SPEED    MM


SKY COVER
  POSSIBLE SUNSHINE  MM
  AVERAGE SKY COVER  MM


WEATHER CONDITIONS
 THE FOLLOWING WEATHER WAS RECORDED TODAY.
  NO SIGNIFICANT WEATHER WAS OBSERVED.


RELATIVE HUMIDITY (PERCENT)
 HIGHEST    MM
 LOWEST     MM
 AVERAGE    MM

..........................................................


THE CHANHASSEN MN CLIMATE NORMALS FOR TOMORROW
                         NORMAL    RECORD    YEAR
 MAXIMUM TEMPERATURE (F)   23        37      2017
 MINIMUM TEMPERATURE (F)    5       -15      2011
                                             2008


SUNRISE AND SUNSET
JANUARY 19 2018.......SUNRISE   746 AM CST   SUNSET   505 PM CST
JANUARY 20 2018.......SUNRISE   745 AM CST   SUNSET   506 PM CST


-  INDICATES NEGATIVE NUMBERS.
R  INDICATES RECORD WAS SET OR TIED.
MM INDICATES DATA IS MISSING.
T  INDICATES TRACE AMOUNT.




$$
