978
CDUS43 KMPX 250642
CLIMPX


CLIMATE REPORT
NATIONAL WEATHER SERVICE CHANHASSEN MN
1241 AM CST SAT FEB 25 2017


...................................

...THE CHANHASSEN MN CLIMATE SUMMARY FOR FEBRUARY 24 2017...

CLIMATE NORMAL PERIOD 1981 TO 2010
CLIMATE RECORD PERIOD 1995 TO 2017


WEATHER ITEM   OBSERVED TIME   RECORD YEAR NORMAL DEPARTURE LAST
                VALUE   (LST)  VALUE       VALUE  FROM      YEAR
                                                  NORMAL
..................................................................
TEMPERATURE (F)
 YESTERDAY
  MAXIMUM         27        MM  42    2006  31     -4       37
  MINIMUM         19        MM  -6    2003  14      5       29
  AVERAGE         23                        22      1       33

PRECIPITATION (IN)
  YESTERDAY        T             0.75 2007   0.04  -0.04     0.00
  MONTH TO DATE    0.72                      0.78  -0.06     1.16
  SINCE DEC 1      3.85                      2.90   0.95     3.44
  SINCE JAN 1      1.60                      1.65  -0.05     1.47

SNOWFALL (IN)
  YESTERDAY        T             8.3  2007   0.3   -0.3      0.0
  MONTH TO DATE    T                         8.3   -8.3     12.6
  SINCE DEC 1     27.3                      32.5   -5.2     26.6
  SINCE JUL 1     32.4                      38.3   -5.9     29.6
  SNOW DEPTH       0

DEGREE DAYS
 HEATING
  YESTERDAY       42                        43     -1       32
  MONTH TO DATE  853                      1117   -264     1065
  SINCE DEC 1   3708                      4141   -433     3724
  SINCE JUL 1   4931                      5848   -917     5056

 COOLING
  YESTERDAY        0                         0      0        0
  MONTH TO DATE    0                         0      0        0
  SINCE DEC 1      0                         0      0        0
  SINCE JAN 1      0                         0      0        0
..................................................................


WIND (MPH)
  HIGHEST WIND SPEED    MM   HIGHEST WIND DIRECTION    MM
  HIGHEST GUST SPEED    MM   HIGHEST GUST DIRECTION    MM
  AVERAGE WIND SPEED    MM


SKY COVER
  POSSIBLE SUNSHINE  MM
  AVERAGE SKY COVER  MM


WEATHER CONDITIONS
 THE FOLLOWING WEATHER WAS RECORDED YESTERDAY.
  NO SIGNIFICANT WEATHER WAS OBSERVED.


RELATIVE HUMIDITY (PERCENT)
 HIGHEST    MM
 LOWEST     MM
 AVERAGE    MM

..........................................................


THE CHANHASSEN MN CLIMATE NORMALS FOR TODAY
                         NORMAL    RECORD    YEAR
 MAXIMUM TEMPERATURE (F)   31        37      2009
 MINIMUM TEMPERATURE (F)   14        -9      2014


SUNRISE AND SUNSET
FEBRUARY 25 2017......SUNRISE   658 AM CST   SUNSET   557 PM CST
FEBRUARY 26 2017......SUNRISE   657 AM CST   SUNSET   558 PM CST


-  INDICATES NEGATIVE NUMBERS.
R  INDICATES RECORD WAS SET OR TIED.
MM INDICATES DATA IS MISSING.
T  INDICATES TRACE AMOUNT.




$$
