000
CDUS43 KMPX 160842
CLIMPX


CLIMATE REPORT
NATIONAL WEATHER SERVICE CHANHASSEN MN
241 AM CST FRI FEB 16 2018


...................................

...THE CHANHASSEN MN CLIMATE SUMMARY FOR FEBRUARY 15 2018...

CLIMATE NORMAL PERIOD 1981 TO 2010
CLIMATE RECORD PERIOD 1995 TO 2018


WEATHER ITEM   OBSERVED TIME   RECORD YEAR NORMAL DEPARTURE LAST
                VALUE   (LST)  VALUE       VALUE  FROM      YEAR
                                                  NORMAL
..................................................................
TEMPERATURE (F)
 YESTERDAY
  MAXIMUM         35        MM  43    2002  28      7       36
  MINIMUM         12        MM -13    2001  10      2       18
  AVERAGE         24                        19      5       27

PRECIPITATION (IN)
  YESTERDAY        T             0.08 2014   0.03  -0.03     0.00
  MONTH TO DATE    0.19                      0.46  -0.27     0.04
  SINCE DEC 1      2.26                      2.58  -0.32     3.17
  SINCE JAN 1      1.61                      1.33   0.28     0.92

SNOWFALL (IN)
  YESTERDAY        T             1.5  2014   0.3   -0.3      0.0
  MONTH TO DATE    3.3                       5.2   -1.9       T
  SINCE DEC 1     28.8                      29.4   -0.6     27.3
  SINCE JUL 1     30.6                      35.2   -4.6     32.4
  SNOW DEPTH       4

DEGREE DAYS
 HEATING
  YESTERDAY       41                        46     -5       38
  MONTH TO DATE  868                       718    150      627
  SINCE DEC 1   3908                      3742    166     3482
  SINCE JUL 1   5521                      5449     72     4705

 COOLING
  YESTERDAY        0                         0      0        0
  MONTH TO DATE    0                         0      0        0
  SINCE DEC 1      0                         0      0        0
  SINCE JAN 1      0                         0      0        0
..................................................................


WIND (MPH)
  HIGHEST WIND SPEED    MM   HIGHEST WIND DIRECTION    MM
  HIGHEST GUST SPEED    MM   HIGHEST GUST DIRECTION    MM
  AVERAGE WIND SPEED    MM


SKY COVER
  POSSIBLE SUNSHINE  MM
  AVERAGE SKY COVER  MM


WEATHER CONDITIONS
 THE FOLLOWING WEATHER WAS RECORDED YESTERDAY.
  NO SIGNIFICANT WEATHER WAS OBSERVED.


RELATIVE HUMIDITY (PERCENT)
 HIGHEST    MM
 LOWEST     MM
 AVERAGE    MM

..........................................................


THE CHANHASSEN MN CLIMATE NORMALS FOR TODAY
                         NORMAL    RECORD    YEAR
 MAXIMUM TEMPERATURE (F)   28        54      2011
 MINIMUM TEMPERATURE (F)   11        -5      2007


SUNRISE AND SUNSET
FEBRUARY 16 2018......SUNRISE   713 AM CST   SUNSET   544 PM CST
FEBRUARY 17 2018......SUNRISE   712 AM CST   SUNSET   545 PM CST


-  INDICATES NEGATIVE NUMBERS.
R  INDICATES RECORD WAS SET OR TIED.
MM INDICATES DATA IS MISSING.
T  INDICATES TRACE AMOUNT.




$$
