128
CDUS43 KMPX 020739
CLIMPX


CLIMATE REPORT
NATIONAL WEATHER SERVICE CHANHASSEN MN
138 AM CST TUE FEB 2 2016


...................................

...THE CHANHASSEN MN CLIMATE SUMMARY FOR FEBRUARY 1 2016...

CLIMATE NORMAL PERIOD 1981 TO 2010
CLIMATE RECORD PERIOD 1995 TO 2016


WEATHER ITEM   OBSERVED TIME   RECORD YEAR NORMAL DEPARTURE LAST
                VALUE   (LST)  VALUE       VALUE  FROM      YEAR
                                                  NORMAL
..................................................................
TEMPERATURE (F)
 YESTERDAY
  MAXIMUM         30        MM  MM      MM  25      5       21
  MINIMUM         18        MM  MM      MM   7     11        3
  AVERAGE         24                        16      8       12

PRECIPITATION (IN)
  YESTERDAY        0.00         MM      MM   0.03  -0.03      T
  MONTH TO DATE    0.00                      0.03  -0.03      T
  SINCE DEC 1      2.28                      2.15   0.13     1.34
  SINCE JAN 1      0.31                      0.90  -0.59     0.37

SNOWFALL (IN)
  YESTERDAY        0.0          MM      MM   0.4   -0.4      0.1
  MONTH TO DATE    0.0                       0.4   -0.4      0.1
  SINCE DEC 1     14.0                      24.6  -10.6     11.3
  SINCE JUL 1     17.0                      30.4  -13.4     19.4
  SNOW DEPTH       2

DEGREE DAYS
 HEATING
  YESTERDAY       41                        50     -9       53
  MONTH TO DATE   41                        50     -9       53
  SINCE DEC 1   2700                      3074   -374     2835
  SINCE JUL 1   4032                      4781   -749     4772

 COOLING
  YESTERDAY        0                         0      0        0
  MONTH TO DATE    0                         0      0        0
  SINCE DEC 1      0                         0      0        0
  SINCE JAN 1      0                         0      0        0
..................................................................


WIND (MPH)
  HIGHEST WIND SPEED    MM   HIGHEST WIND DIRECTION    MM
  HIGHEST GUST SPEED    MM   HIGHEST GUST DIRECTION    MM
  AVERAGE WIND SPEED    MM


SKY COVER
  POSSIBLE SUNSHINE  MM
  AVERAGE SKY COVER  MM


WEATHER CONDITIONS
 THE FOLLOWING WEATHER WAS RECORDED YESTERDAY.
  NO SIGNIFICANT WEATHER WAS OBSERVED.


RELATIVE HUMIDITY (PERCENT)
 HIGHEST    MM
 LOWEST     MM
 AVERAGE    MM

..........................................................


THE CHANHASSEN MN CLIMATE NORMALS FOR TODAY
                         NORMAL    RECORD    YEAR
 MAXIMUM TEMPERATURE (F)   25        MM        MM
 MINIMUM TEMPERATURE (F)    7        MM        MM


SUNRISE AND SUNSET
FEBRUARY  2 2016......SUNRISE   733 AM CST   SUNSET   523 PM CST
FEBRUARY  3 2016......SUNRISE   732 AM CST   SUNSET   525 PM CST


-  INDICATES NEGATIVE NUMBERS.
R  INDICATES RECORD WAS SET OR TIED.
MM INDICATES DATA IS MISSING.
T  INDICATES TRACE AMOUNT.




$$
