000
CDUS43 KMPX 190721
CLIMPX


CLIMATE REPORT
NATIONAL WEATHER SERVICE CHANHASSEN MN
221 AM CDT SUN MAR 19 2017


...................................

...THE CHANHASSEN MN CLIMATE SUMMARY FOR MARCH 18 2017...

CLIMATE NORMAL PERIOD 1981 TO 2010
CLIMATE RECORD PERIOD 1995 TO 2017


WEATHER ITEM   OBSERVED TIME   RECORD YEAR NORMAL DEPARTURE LAST
                VALUE   (LST)  VALUE       VALUE  FROM      YEAR
                                                  NORMAL
..................................................................
TEMPERATURE (F)
 YESTERDAY
  MAXIMUM         40        MM  MM      MM  41     -1       35
  MINIMUM         27        MM  MM      MM  23      4       28
  AVERAGE         34                        32      2       32

PRECIPITATION (IN)
  YESTERDAY        0.00         MM      MM   0.07  -0.07     0.01
  MONTH TO DATE    0.35                      0.85  -0.50     0.11
  SINCE MAR 1      0.35                      0.85  -0.50     0.11
  SINCE JAN 1      1.95                      2.66  -0.71     1.60

SNOWFALL (IN)
  YESTERDAY        0.0          MM      MM   0.4   -0.4      0.2
  MONTH TO DATE    5.5                       7.0   -1.5      0.8
  SINCE MAR 1      5.5                       7.0   -1.5      0.8
  SINCE JUL 1     37.9                      46.7   -8.8     30.7
  SNOW DEPTH       0

DEGREE DAYS
 HEATING
  YESTERDAY       31                        33     -2       33
  MONTH TO DATE  694                       664     30      450
  SINCE MAR 1    694                       664     30      450
  SINCE JUL 1   5763                      6679   -916     5665

 COOLING
  YESTERDAY        0                         0      0        0
  MONTH TO DATE    0                         0      0        0
  SINCE MAR 1      0                         0      0        0
  SINCE JAN 1      0                         0      0        0
..................................................................


WIND (MPH)
  HIGHEST WIND SPEED    MM   HIGHEST WIND DIRECTION    MM
  HIGHEST GUST SPEED    MM   HIGHEST GUST DIRECTION    MM
  AVERAGE WIND SPEED    MM


SKY COVER
  POSSIBLE SUNSHINE  MM
  AVERAGE SKY COVER  MM


WEATHER CONDITIONS
 THE FOLLOWING WEATHER WAS RECORDED YESTERDAY.
  NO SIGNIFICANT WEATHER WAS OBSERVED.


RELATIVE HUMIDITY (PERCENT)
 HIGHEST    MM
 LOWEST     MM
 AVERAGE    MM

..........................................................


THE CHANHASSEN MN CLIMATE NORMALS FOR TODAY
                         NORMAL    RECORD    YEAR
 MAXIMUM TEMPERATURE (F)   41        MM        MM
 MINIMUM TEMPERATURE (F)   24        MM        MM


SUNRISE AND SUNSET
MARCH 19 2017.........SUNRISE   719 AM CDT   SUNSET   726 PM CDT
MARCH 20 2017.........SUNRISE   717 AM CDT   SUNSET   727 PM CDT


-  INDICATES NEGATIVE NUMBERS.
R  INDICATES RECORD WAS SET OR TIED.
MM INDICATES DATA IS MISSING.
T  INDICATES TRACE AMOUNT.




$$
