000
CDUS43 KMPX 240739
CLIMPX


CLIMATE REPORT
NATIONAL WEATHER SERVICE CHANHASSEN MN
239 AM CDT FRI OCT 24 2014


...................................

...THE CHANHASSEN MN CLIMATE SUMMARY FOR OCTOBER 23 2014...

CLIMATE NORMAL PERIOD 1981 TO 2010
CLIMATE RECORD PERIOD 1995 TO 2014


WEATHER ITEM   OBSERVED NORMAL DEPARTURE LAST
                VALUE   VALUE  FROM      YEAR
                               NORMAL
...............................................
TEMPERATURE (F)
 YESTERDAY
  MAXIMUM         68     55     13       37
  MINIMUM         44     36      8       32
  AVERAGE         56     45     11       35

PRECIPITATION (IN)
  YESTERDAY        0.03   0.06  -0.03     0.00
  MONTH TO DATE    1.06   2.00  -0.94     3.40
  SINCE SEP 1      2.21   5.43  -3.22     4.97
  SINCE JAN 1     34.72  27.43   7.29    33.18

SNOWFALL (IN)
  YESTERDAY        0.0    0.0    0.0      0.0
  MONTH TO DATE    T      0.2   -0.2       T
  SINCE SEP 1      T      0.2   -0.2       T
  SINCE JUL 1      T      0.2   -0.2       T
  SNOW DEPTH       0

DEGREE DAYS
 HEATING
  YESTERDAY        9     20    -11       30
  MONTH TO DATE  373    361     12      372
  SINCE SEP 1    540    537      3      479
  SINCE JUL 1    556    560     -4      500

 COOLING
  YESTERDAY        0      0      0        0
  MONTH TO DATE    0      0      0        0
  SINCE SEP 1     35     47    -12       88
  SINCE JAN 1    514    600    -86      667
...............................................







THE CHANHASSEN MN CLIMATE NORMALS FOR TODAY
                         NORMAL
 MAXIMUM TEMPERATURE (F)   54
 MINIMUM TEMPERATURE (F)   35



-  INDICATES NEGATIVE NUMBERS.
R  INDICATES RECORD WAS SET OR TIED.
MM INDICATES DATA IS MISSING.
T  INDICATES TRACE AMOUNT.




$$
