000
CDUS43 KMPX 220629
CLIMPX


CLIMATE REPORT
NATIONAL WEATHER SERVICE CHANHASSEN MN
129 AM CDT SUN MAY 22 2016


...................................

...THE CHANHASSEN MN CLIMATE SUMMARY FOR MAY 21 2016...

CLIMATE NORMAL PERIOD 1981 TO 2010
CLIMATE RECORD PERIOD 1995 TO 2016


WEATHER ITEM   OBSERVED TIME   RECORD YEAR NORMAL DEPARTURE LAST
                VALUE   (LST)  VALUE       VALUE  FROM      YEAR
                                                  NORMAL
..................................................................
TEMPERATURE (F)
 YESTERDAY
  MAXIMUM         78        MM  MM      MM  70      8       71
  MINIMUM         45        MM  MM      MM  49     -4       40
  AVERAGE         62                        60      2       56

PRECIPITATION (IN)
  YESTERDAY        0.00         MM      MM   0.12  -0.12     0.00
  MONTH TO DATE    1.19                      2.45  -1.26     3.01
  SINCE MAR 1      5.92                      7.23  -1.31     6.01
  SINCE JAN 1      7.41                      9.04  -1.63     6.77

SNOWFALL (IN)
  YESTERDAY        0.0          MM      MM   0.0    0.0      0.0
  MONTH TO DATE    0.0                       0.3   -0.3       T
  SINCE MAR 1      5.6                      14.5   -8.9      9.3
  SINCE JUL 1     35.5                      54.2  -18.7     33.4
  SNOW DEPTH       0

DEGREE DAYS
 HEATING
  YESTERDAY        3                         7     -4        9
  MONTH TO DATE  237                       193     44      196
  SINCE MAR 1   1578                      1797   -219     1672
  SINCE JUL 1   6793                      7812  -1019     7930

 COOLING
  YESTERDAY        0                         1     -1        0
  MONTH TO DATE    9                        15     -6        1
  SINCE MAR 1     16                        18     -2        1
  SINCE JAN 1     16                        18     -2        1
..................................................................


WIND (MPH)
  HIGHEST WIND SPEED    MM   HIGHEST WIND DIRECTION    MM
  HIGHEST GUST SPEED    MM   HIGHEST GUST DIRECTION    MM
  AVERAGE WIND SPEED    MM


SKY COVER
  POSSIBLE SUNSHINE  MM
  AVERAGE SKY COVER  MM


WEATHER CONDITIONS
 THE FOLLOWING WEATHER WAS RECORDED YESTERDAY.
  NO SIGNIFICANT WEATHER WAS OBSERVED.


RELATIVE HUMIDITY (PERCENT)
 HIGHEST    MM
 LOWEST     MM
 AVERAGE    MM

..........................................................


THE CHANHASSEN MN CLIMATE NORMALS FOR TODAY
                         NORMAL    RECORD    YEAR
 MAXIMUM TEMPERATURE (F)   70        MM        MM
 MINIMUM TEMPERATURE (F)   50        MM        MM


SUNRISE AND SUNSET
MAY 22 2016...........SUNRISE   538 AM CDT   SUNSET   844 PM CDT
MAY 23 2016...........SUNRISE   537 AM CDT   SUNSET   845 PM CDT


-  INDICATES NEGATIVE NUMBERS.
R  INDICATES RECORD WAS SET OR TIED.
MM INDICATES DATA IS MISSING.
T  INDICATES TRACE AMOUNT.




$$
