000
CDUS43 KMPX 270645
CLIMPX


CLIMATE REPORT
NATIONAL WEATHER SERVICE CHANHASSEN MN
1245 AM CST TUE JAN 27 2015


...................................

...THE CHANHASSEN MN CLIMATE SUMMARY FOR JANUARY 26 2015...

CLIMATE NORMAL PERIOD 1981 TO 2010
CLIMATE RECORD PERIOD 1995 TO 2015


WEATHER ITEM   OBSERVED TIME   RECORD YEAR NORMAL DEPARTURE LAST
                VALUE   (LST)  VALUE       VALUE  FROM      YEAR
                                                  NORMAL
..................................................................
TEMPERATURE (F)
 YESTERDAY
  MAXIMUM         MM        MM  MM      MM  24     MM       16
  MINIMUM         MM        MM  MM      MM   6     MM      -10
  AVERAGE         MM                        15     MM        3

PRECIPITATION (IN)
  YESTERDAY       MM            MM      MM   0.02  MM        0.03
  MONTH TO DATE    0.37                      0.74  -0.37     0.98
  SINCE DEC 1      1.34                      1.99  -0.65     2.24
  SINCE JAN 1      0.37                      0.74  -0.37     0.98

SNOWFALL (IN)
  YESTERDAY       MM            MM      MM   0.4   MM        0.6
  MONTH TO DATE    4.4                       8.6   -4.2     13.8
  SINCE DEC 1     11.1                      22.5  -11.4     30.6
  SINCE JUL 1     19.2                      28.3   -9.1     32.4
  SNOW DEPTH      MM

DEGREE DAYS
 HEATING
  YESTERDAY       MM                        50     MM       62
  MONTH TO DATE 1249                      1322    -73     1494
  SINCE DEC 1   2548                      2776   -228     3201
  SINCE JUL 1   4485                      4483      2     4923

 COOLING
  YESTERDAY       MM                         0     MM        0
  MONTH TO DATE    0                         0      0        0
  SINCE DEC 1      0                         0      0        0
  SINCE JAN 1      0                         0      0        0
..................................................................


WIND (MPH)
  HIGHEST WIND SPEED    MM   HIGHEST WIND DIRECTION    MM
  HIGHEST GUST SPEED    MM   HIGHEST GUST DIRECTION    MM
  AVERAGE WIND SPEED    MM


SKY COVER
  POSSIBLE SUNSHINE  MM
  AVERAGE SKY COVER  MM


WEATHER CONDITIONS
 THE FOLLOWING WEATHER WAS RECORDED YESTERDAY.
  NO SIGNIFICANT WEATHER WAS OBSERVED.


RELATIVE HUMIDITY (PERCENT)
 HIGHEST    MM
 LOWEST     MM
 AVERAGE    MM

..........................................................


THE CHANHASSEN MN CLIMATE NORMALS FOR TODAY
                         NORMAL    RECORD    YEAR
 MAXIMUM TEMPERATURE (F)   24        MM        MM
 MINIMUM TEMPERATURE (F)    6        MM        MM


SUNRISE AND SUNSET
JANUARY 27 2015.......SUNRISE   739 AM CST   SUNSET   515 PM CST
JANUARY 28 2015.......SUNRISE   738 AM CST   SUNSET   517 PM CST


-  INDICATES NEGATIVE NUMBERS.
R  INDICATES RECORD WAS SET OR TIED.
MM INDICATES DATA IS MISSING.
T  INDICATES TRACE AMOUNT.




$$
