000
CDUS43 KMPX 060704
CLIMPX


CLIMATE REPORT
NATIONAL WEATHER SERVICE CHANHASSEN MN
104 AM CST TUE DEC 6 2016


...................................

...THE CHANHASSEN MN CLIMATE SUMMARY FOR DECEMBER 5 2016...

CLIMATE NORMAL PERIOD 1981 TO 2010
CLIMATE RECORD PERIOD 1995 TO 2016


WEATHER ITEM   OBSERVED TIME   RECORD YEAR NORMAL DEPARTURE LAST
                VALUE   (LST)  VALUE       VALUE  FROM      YEAR
                                                  NORMAL
..................................................................
TEMPERATURE (F)
 YESTERDAY
  MAXIMUM         39        MM  MM      MM  29     10       44
  MINIMUM         25        MM  MM      MM  14     11       38
  AVERAGE         32                        22     10       41

PRECIPITATION (IN)
  YESTERDAY        T            MM      MM   0.05  -0.05      T
  MONTH TO DATE    0.19                      0.22  -0.03     0.04
  SINCE DEC 1      0.19                      0.22  -0.03     0.04
  SINCE JAN 1     38.47                     30.13   8.34    33.48

SNOWFALL (IN)
  YESTERDAY        0.0          MM      MM   0.4   -0.4      0.0
  MONTH TO DATE    3.1                       2.0    1.1      0.3
  SINCE DEC 1      3.1                       2.0    1.1      0.3
  SINCE JUL 1      8.2                       7.8    0.4      3.3
  SNOW DEPTH       1

DEGREE DAYS
 HEATING
  YESTERDAY       33                        43    -10       24
  MONTH TO DATE  165                       211    -46      166
  SINCE DEC 1    165                       211    -46      166
  SINCE JUL 1   1388                      1918   -530     1498

 COOLING
  YESTERDAY        0                         0      0        0
  MONTH TO DATE    0                         0      0        0
  SINCE DEC 1      0                         0      0        0
  SINCE JAN 1    631                       605     26      551
..................................................................


WIND (MPH)
  HIGHEST WIND SPEED    MM   HIGHEST WIND DIRECTION    MM
  HIGHEST GUST SPEED    MM   HIGHEST GUST DIRECTION    MM
  AVERAGE WIND SPEED    MM


SKY COVER
  POSSIBLE SUNSHINE  MM
  AVERAGE SKY COVER  MM


WEATHER CONDITIONS
 THE FOLLOWING WEATHER WAS RECORDED YESTERDAY.
  NO SIGNIFICANT WEATHER WAS OBSERVED.


RELATIVE HUMIDITY (PERCENT)
 HIGHEST    MM
 LOWEST     MM
 AVERAGE    MM

..........................................................


THE CHANHASSEN MN CLIMATE NORMALS FOR TODAY
                         NORMAL    RECORD    YEAR
 MAXIMUM TEMPERATURE (F)   29        45      2012
 MINIMUM TEMPERATURE (F)   14       -10      2013


SUNRISE AND SUNSET
DECEMBER  6 2016......SUNRISE   738 AM CST   SUNSET   433 PM CST
DECEMBER  7 2016......SUNRISE   739 AM CST   SUNSET   433 PM CST


-  INDICATES NEGATIVE NUMBERS.
R  INDICATES RECORD WAS SET OR TIED.
MM INDICATES DATA IS MISSING.
T  INDICATES TRACE AMOUNT.




$$
