000
CDUS43 KMPX 190711
CLIMPX


CLIMATE REPORT
NATIONAL WEATHER SERVICE CHANHASSEN MN
110 AM CST WED NOV 19 2014


...................................

...THE CHANHASSEN MN CLIMATE SUMMARY FOR NOVEMBER 18 2014...

CLIMATE NORMAL PERIOD 1981 TO 2010
CLIMATE RECORD PERIOD 1995 TO 2014


WEATHER ITEM   OBSERVED NORMAL DEPARTURE LAST
                VALUE   VALUE  FROM      YEAR
                               NORMAL
...............................................
TEMPERATURE (F)
 YESTERDAY
  MAXIMUM         17     39    -22       34
  MINIMUM          5     24    -19       20
  AVERAGE         11     31    -20       27

PRECIPITATION (IN)
  YESTERDAY        T      0.07  -0.07     0.00
  MONTH TO DATE    0.44   1.22  -0.78     0.50
  SINCE SEP 1      2.66   7.16  -4.50     5.60
  SINCE JAN 1     35.17  29.16   6.01    33.81

SNOWFALL (IN)
  YESTERDAY        T      0.2   -0.2      0.0
  MONTH TO DATE    4.2    2.2    2.0      1.6
  SINCE SEP 1      4.2    2.6    1.6      1.6
  SINCE JUL 1      4.2    2.6    1.6      1.6
  SNOW DEPTH       3

DEGREE DAYS
 HEATING
  YESTERDAY       54     34     20       38
  MONTH TO DATE  674    518    156      529
  SINCE SEP 1   1375   1231    144     1208
  SINCE JUL 1   1391   1254    137     1229

 COOLING
  YESTERDAY        0      0      0        0
  MONTH TO DATE    0      0      0        0
  SINCE SEP 1     35     52    -17       88
  SINCE JAN 1    514    605    -91      667
...............................................







THE CHANHASSEN MN CLIMATE NORMALS FOR TODAY
                         NORMAL
 MAXIMUM TEMPERATURE (F)   38
 MINIMUM TEMPERATURE (F)   23



-  INDICATES NEGATIVE NUMBERS.
R  INDICATES RECORD WAS SET OR TIED.
MM INDICATES DATA IS MISSING.
T  INDICATES TRACE AMOUNT.




$$
