543
CDUS43 KMPX 040657
CLIMPX


CLIMATE REPORT
NATIONAL WEATHER SERVICE CHANHASSEN MN
1257 AM CST SUN DEC 4 2016


...................................

...THE CHANHASSEN MN CLIMATE SUMMARY FOR DECEMBER 3 2016...

CLIMATE NORMAL PERIOD 1981 TO 2010
CLIMATE RECORD PERIOD 1995 TO 2016


WEATHER ITEM   OBSERVED TIME   RECORD YEAR NORMAL DEPARTURE LAST
                VALUE   (LST)  VALUE       VALUE  FROM      YEAR
                                                  NORMAL
..................................................................
TEMPERATURE (F)
 YESTERDAY
  MAXIMUM         32        MM  MM      MM  30      2       33
  MINIMUM         27        MM  MM      MM  15     12       17
  AVERAGE         30                        23      7       25

PRECIPITATION (IN)
  YESTERDAY        0.03         MM      MM   0.04  -0.01     0.00
  MONTH TO DATE    0.03                      0.13  -0.10     0.04
  SINCE DEC 1      0.03                      0.13  -0.10     0.04
  SINCE JAN 1     38.31                     30.04   8.27    33.48

SNOWFALL (IN)
  YESTERDAY        0.6          MM      MM   0.4    0.2      0.0
  MONTH TO DATE    0.6                       1.2   -0.6      0.3
  SINCE DEC 1      0.6                       1.2   -0.6      0.3
  SINCE JUL 1      5.7                       7.0   -1.3      3.3
  SNOW DEPTH       0

DEGREE DAYS
 HEATING
  YESTERDAY       35                        42     -7       40
  MONTH TO DATE  100                       125    -25      109
  SINCE DEC 1    100                       125    -25      109
  SINCE JUL 1   1323                      1832   -509     1441

 COOLING
  YESTERDAY        0                         0      0        0
  MONTH TO DATE    0                         0      0        0
  SINCE DEC 1      0                         0      0        0
  SINCE JAN 1    631                       605     26      551
..................................................................


WIND (MPH)
  HIGHEST WIND SPEED    MM   HIGHEST WIND DIRECTION    MM
  HIGHEST GUST SPEED    MM   HIGHEST GUST DIRECTION    MM
  AVERAGE WIND SPEED    MM


SKY COVER
  POSSIBLE SUNSHINE  MM
  AVERAGE SKY COVER  MM


WEATHER CONDITIONS
 THE FOLLOWING WEATHER WAS RECORDED YESTERDAY.
  NO SIGNIFICANT WEATHER WAS OBSERVED.


RELATIVE HUMIDITY (PERCENT)
 HIGHEST    MM
 LOWEST     MM
 AVERAGE    MM

..........................................................


THE CHANHASSEN MN CLIMATE NORMALS FOR TODAY
                         NORMAL    RECORD    YEAR
 MAXIMUM TEMPERATURE (F)   29        MM        MM
 MINIMUM TEMPERATURE (F)   15        MM        MM


SUNRISE AND SUNSET
DECEMBER  4 2016......SUNRISE   736 AM CST   SUNSET   434 PM CST
DECEMBER  5 2016......SUNRISE   737 AM CST   SUNSET   433 PM CST


-  INDICATES NEGATIVE NUMBERS.
R  INDICATES RECORD WAS SET OR TIED.
MM INDICATES DATA IS MISSING.
T  INDICATES TRACE AMOUNT.




$$
