000
CDUS43 KMPX 280630
CLIMPX


CLIMATE REPORT
NATIONAL WEATHER SERVICE CHANHASSEN MN
128 AM CDT SUN SEP 28 2014


...................................

...THE CHANHASSEN MN CLIMATE SUMMARY FOR SEPTEMBER 27 2014...

CLIMATE NORMAL PERIOD 1981 TO 2010
CLIMATE RECORD PERIOD 1995 TO 2014


WEATHER ITEM   OBSERVED NORMAL DEPARTURE LAST
                VALUE   VALUE  FROM      YEAR
                               NORMAL
...............................................
TEMPERATURE (F)
 YESTERDAY
  MAXIMUM         81     66     15       82
  MINIMUM         60     45     15       65
  AVERAGE         71     56     15       74

PRECIPITATION (IN)
  YESTERDAY        T      0.10  -0.10      T
  MONTH TO DATE    1.12   3.14  -2.02     1.38
  SINCE SEP 1      1.12   3.14  -2.02     1.38
  SINCE JAN 1     33.63  25.14   8.49    29.59

SNOWFALL (IN)
  YESTERDAY        0.0    0.0    0.0      0.0
  MONTH TO DATE    0.0    0.0    0.0      0.0
  SINCE SEP 1      0.0    0.0    0.0      0.0
  SINCE JUL 1      0.0    0.0    0.0      0.0
  SNOW DEPTH       0

DEGREE DAYS
 HEATING
  YESTERDAY        0     10    -10        0
  MONTH TO DATE  139    144     -5       95
  SINCE SEP 1    139    144     -5       95
  SINCE JUL 1    155    167    -12      116

 COOLING
  YESTERDAY        6      1      5        9
  MONTH TO DATE   32     48    -16       84
  SINCE SEP 1     32     48    -16       84
  SINCE JAN 1    511    601    -90      663
...............................................







THE CHANHASSEN MN CLIMATE NORMALS FOR TODAY
                         NORMAL
 MAXIMUM TEMPERATURE (F)   65
 MINIMUM TEMPERATURE (F)   45



-  INDICATES NEGATIVE NUMBERS.
R  INDICATES RECORD WAS SET OR TIED.
MM INDICATES DATA IS MISSING.
T  INDICATES TRACE AMOUNT.




$$
