191
CDUS43 KMPX 082243
CLIMPX


CLIMATE REPORT
NATIONAL WEATHER SERVICE CHANHASSEN MN
442 PM CST MON FEB 8 2016


...................................

...THE CHANHASSEN MN CLIMATE SUMMARY FOR FEBRUARY 8 2016...
VALID AS OF 0400 PM LOCAL TIME.

CLIMATE NORMAL PERIOD 1981 TO 2010
CLIMATE RECORD PERIOD 1995 TO 2016


WEATHER ITEM   OBSERVED TIME   RECORD YEAR NORMAL DEPARTURE LAST
                VALUE   (LST)  VALUE       VALUE  FROM      YEAR
                                                  NORMAL
..................................................................
TEMPERATURE (F)
 TODAY
  MAXIMUM         15        MM  51    2002  26    -11       31
  MINIMUM          9        MM -16    2007   8      1       22
  AVERAGE         12                        17     -5       27

PRECIPITATION (IN)
  TODAY            0.01          0.34 2010   0.03  -0.02     0.00
  MONTH TO DATE    0.73                      0.24   0.49     0.11
  SINCE DEC 1      3.01                      2.36   0.65     1.45
  SINCE JAN 1      1.04                      1.11  -0.07     0.48

SNOWFALL (IN)
  TODAY            0.2          10.4  2010   0.3   -0.1      0.0
  MONTH TO DATE   10.9                       2.8    8.1      2.5
  SINCE DEC 1     24.9                      27.0   -2.1     13.7
  SINCE JUL 1     27.9                      32.8   -4.9     21.8
  SNOW DEPTH       4

DEGREE DAYS
 HEATING
  TODAY           53                        48      5       38
  MONTH TO DATE  362                       390    -28      410
  SINCE DEC 1   3021                      3414   -393     3192
  SINCE JUL 1   4353                      5121   -768     5129

 COOLING
  TODAY            0                         0      0        0
  MONTH TO DATE    0                         0      0        0
  SINCE DEC 1      0                         0      0        0
  SINCE JAN 1      0                         0      0        0
..................................................................




SKY COVER
  POSSIBLE SUNSHINE  MM
  AVERAGE SKY COVER  MM


WEATHER CONDITIONS
 THE FOLLOWING WEATHER WAS RECORDED TODAY.
  NO SIGNIFICANT WEATHER WAS OBSERVED.


RELATIVE HUMIDITY (PERCENT)
 HIGHEST    MM
 LOWEST     MM
 AVERAGE    MM

..........................................................


THE CHANHASSEN MN CLIMATE NORMALS FOR TOMORROW
                         NORMAL    RECORD    YEAR
 MAXIMUM TEMPERATURE (F)   26        46      2009
 MINIMUM TEMPERATURE (F)    8       -11      2011


SUNRISE AND SUNSET
FEBRUARY  8 2016......SUNRISE   725 AM CST   SUNSET   532 PM CST
FEBRUARY  9 2016......SUNRISE   724 AM CST   SUNSET   533 PM CST


-  INDICATES NEGATIVE NUMBERS.
R  INDICATES RECORD WAS SET OR TIED.
MM INDICATES DATA IS MISSING.
T  INDICATES TRACE AMOUNT.




$$
