000
CDUS43 KMPX 240644
CLIMPX


CLIMATE REPORT
NATIONAL WEATHER SERVICE CHANHASSEN MN
144 AM CDT TUE MAR 24 2015


...................................

...THE CHANHASSEN MN CLIMATE SUMMARY FOR MARCH 23 2015...

CLIMATE NORMAL PERIOD 1981 TO 2010
CLIMATE RECORD PERIOD 1995 TO 2015


WEATHER ITEM   OBSERVED TIME   RECORD YEAR NORMAL DEPARTURE LAST
                VALUE   (LST)  VALUE       VALUE  FROM      YEAR
                                                  NORMAL
..................................................................
TEMPERATURE (F)
 YESTERDAY
  MAXIMUM         32        MM  MM      MM  44    -12       25
  MINIMUM         28        MM  MM      MM  26      2        4
  AVERAGE         30                        35     -5       15

PRECIPITATION (IN)
  YESTERDAY        0.03         MM      MM   0.07  -0.04      T
  MONTH TO DATE    0.59                      1.18  -0.59     0.29
  SINCE MAR 1      0.59                      1.18  -0.59     0.29
  SINCE JAN 1      1.35                      2.99  -1.64     3.20

SNOWFALL (IN)
  YESTERDAY        0.4          MM      MM   0.3    0.1       T
  MONTH TO DATE    7.8                       8.7   -0.9      2.9
  SINCE MAR 1      7.8                       8.7   -0.9      2.9
  SINCE JUL 1     31.9                      48.4  -16.5     58.2
  SNOW DEPTH       5

DEGREE DAYS
 HEATING
  YESTERDAY       35                        30      5       50
  MONTH TO DATE  725                       820    -95      998
  SINCE MAR 1    725                       820    -95      998
  SINCE JUL 1   6983                      6835    148     7881

 COOLING
  YESTERDAY        0                         0      0        0
  MONTH TO DATE    0                         0      0        0
  SINCE MAR 1      0                         0      0        0
  SINCE JAN 1      0                         0      0        0
..................................................................


WIND (MPH)
  HIGHEST WIND SPEED    MM   HIGHEST WIND DIRECTION    MM
  HIGHEST GUST SPEED    MM   HIGHEST GUST DIRECTION    MM
  AVERAGE WIND SPEED    MM


SKY COVER
  POSSIBLE SUNSHINE  MM
  AVERAGE SKY COVER  MM


WEATHER CONDITIONS
 THE FOLLOWING WEATHER WAS RECORDED YESTERDAY.
  NO SIGNIFICANT WEATHER WAS OBSERVED.


RELATIVE HUMIDITY (PERCENT)
 HIGHEST    MM
 LOWEST     MM
 AVERAGE    MM

..........................................................


THE CHANHASSEN MN CLIMATE NORMALS FOR TODAY
                         NORMAL    RECORD    YEAR
 MAXIMUM TEMPERATURE (F)   44        MM        MM
 MINIMUM TEMPERATURE (F)   26        MM        MM


SUNRISE AND SUNSET
MARCH 24 2015.........SUNRISE   710 AM CDT   SUNSET   732 PM CDT
MARCH 25 2015.........SUNRISE   708 AM CDT   SUNSET   733 PM CDT


-  INDICATES NEGATIVE NUMBERS.
R  INDICATES RECORD WAS SET OR TIED.
MM INDICATES DATA IS MISSING.
T  INDICATES TRACE AMOUNT.




$$
