000
CDUS43 KMPX 190759
CLIMPX


CLIMATE REPORT
NATIONAL WEATHER SERVICE CHANHASSEN MN
258 AM CDT FRI SEP 19 2014


...................................

...THE CHANHASSEN MN CLIMATE SUMMARY FOR SEPTEMBER 18 2014...

CLIMATE NORMAL PERIOD 1981 TO 2010
CLIMATE RECORD PERIOD 1995 TO 2014


WEATHER ITEM   OBSERVED NORMAL DEPARTURE LAST
                VALUE   VALUE  FROM      YEAR
                               NORMAL
...............................................
TEMPERATURE (F)
 YESTERDAY
  MAXIMUM         74     70      4       76
  MINIMUM         47     50     -3       58
  AVERAGE         61     60      1       67

PRECIPITATION (IN)
  YESTERDAY        0.00   0.11  -0.11     0.09
  MONTH TO DATE    0.61   2.19  -1.58     1.16
  SINCE SEP 1      0.61   2.19  -1.58     1.16
  SINCE JAN 1     33.12  24.19   8.93    29.37

SNOWFALL (IN)
  YESTERDAY        0.0    0.0    0.0      0.0
  MONTH TO DATE    0.0    0.0    0.0      0.0
  SINCE SEP 1      0.0    0.0    0.0      0.0
  SINCE JUL 1      0.0    0.0    0.0      0.0
  SNOW DEPTH       0

DEGREE DAYS
 HEATING
  YESTERDAY        4      6     -2        0
  MONTH TO DATE  117     69     48       59
  SINCE SEP 1    117     69     48       59
  SINCE JUL 1    133     92     41       80

 COOLING
  YESTERDAY        0      1     -1        2
  MONTH TO DATE   19     39    -20       70
  SINCE SEP 1     19     39    -20       70
  SINCE JAN 1    498    592    -94      649
...............................................







THE CHANHASSEN MN CLIMATE NORMALS FOR TODAY
                         NORMAL
 MAXIMUM TEMPERATURE (F)   69
 MINIMUM TEMPERATURE (F)   49



-  INDICATES NEGATIVE NUMBERS.
R  INDICATES RECORD WAS SET OR TIED.
MM INDICATES DATA IS MISSING.
T  INDICATES TRACE AMOUNT.




$$
