000
CDUS43 KMPX 200625
CLIMPX


CLIMATE REPORT
NATIONAL WEATHER SERVICE CHANHASSEN MN
125 AM CDT WED APR 20 2016


...................................

...THE CHANHASSEN MN CLIMATE SUMMARY FOR APRIL 19 2016...

CLIMATE NORMAL PERIOD 1981 TO 2010
CLIMATE RECORD PERIOD 1995 TO 2016


WEATHER ITEM   OBSERVED TIME   RECORD YEAR NORMAL DEPARTURE LAST
                VALUE   (LST)  VALUE       VALUE  FROM      YEAR
                                                  NORMAL
..................................................................
TEMPERATURE (F)
 YESTERDAY
  MAXIMUM         55        MM  MM      MM  59     -4       60
  MINIMUM         45        MM  MM      MM  38      7       43
  AVERAGE         50                        48      2       52

PRECIPITATION (IN)
  YESTERDAY        0.22         MM      MM   0.10   0.12     0.10
  MONTH TO DATE    0.37                      1.83  -1.46     1.78
  SINCE MAR 1      1.79                      3.61  -1.82     2.56
  SINCE JAN 1      3.28                      5.42  -2.14     3.32

SNOWFALL (IN)
  YESTERDAY        0.0          MM      MM   0.1   -0.1      0.0
  MONTH TO DATE    0.5                       2.8   -2.3      0.5
  SINCE MAR 1      5.6                      13.6   -8.0      9.3
  SINCE JUL 1     35.5                      53.3  -17.8     33.4
  SNOW DEPTH       0

DEGREE DAYS
 HEATING
  YESTERDAY       15                        17     -2       13
  MONTH TO DATE  381                       404    -23      309
  SINCE MAR 1   1174                      1450   -276     1274
  SINCE JUL 1   6389                      7465  -1076     7532

 COOLING
  YESTERDAY        0                         0      0        0
  MONTH TO DATE    7                         0      7        0
  SINCE MAR 1      7                         0      7        0
  SINCE JAN 1      7                         0      7        0
..................................................................


WIND (MPH)
  HIGHEST WIND SPEED    MM   HIGHEST WIND DIRECTION    MM
  HIGHEST GUST SPEED    MM   HIGHEST GUST DIRECTION    MM
  AVERAGE WIND SPEED    MM


SKY COVER
  POSSIBLE SUNSHINE  MM
  AVERAGE SKY COVER  MM


WEATHER CONDITIONS
 THE FOLLOWING WEATHER WAS RECORDED YESTERDAY.
  NO SIGNIFICANT WEATHER WAS OBSERVED.


RELATIVE HUMIDITY (PERCENT)
 HIGHEST    MM
 LOWEST     MM
 AVERAGE    MM

..........................................................


THE CHANHASSEN MN CLIMATE NORMALS FOR TODAY
                         NORMAL    RECORD    YEAR
 MAXIMUM TEMPERATURE (F)   60        MM        MM
 MINIMUM TEMPERATURE (F)   38        MM        MM


SUNRISE AND SUNSET
APRIL 20 2016.........SUNRISE   620 AM CDT   SUNSET   806 PM CDT
APRIL 21 2016.........SUNRISE   619 AM CDT   SUNSET   808 PM CDT


-  INDICATES NEGATIVE NUMBERS.
R  INDICATES RECORD WAS SET OR TIED.
MM INDICATES DATA IS MISSING.
T  INDICATES TRACE AMOUNT.




$$
