000
CDUS43 KMPX 150641
CLIMPX


CLIMATE REPORT
NATIONAL WEATHER SERVICE CHANHASSEN MN
1241 AM CST WED FEB 15 2017


...................................

...THE CHANHASSEN MN CLIMATE SUMMARY FOR FEBRUARY 14 2017...

CLIMATE NORMAL PERIOD 1981 TO 2010
CLIMATE RECORD PERIOD 1995 TO 2017


WEATHER ITEM   OBSERVED TIME   RECORD YEAR NORMAL DEPARTURE LAST
                VALUE   (LST)  VALUE       VALUE  FROM      YEAR
                                                  NORMAL
..................................................................
TEMPERATURE (F)
 YESTERDAY
  MAXIMUM         41        MM  46    2002  28     13       18
  MINIMUM         25        MM  -4    2015  10     15        8
                                      2007
  AVERAGE         33                        19     14       13

PRECIPITATION (IN)
  YESTERDAY        0.00          0.07 2008   0.04  -0.04     0.04
  MONTH TO DATE    0.04                      0.43  -0.39     0.78
  SINCE DEC 1      3.17                      2.55   0.62     3.06
  SINCE JAN 1      0.92                      1.30  -0.38     1.09

SNOWFALL (IN)
  YESTERDAY        0.0           1.0  2016   0.4   -0.4      1.0
                                      2010
                                      2008
  MONTH TO DATE    T                         4.9   -4.9     12.4
  SINCE DEC 1     27.3                      29.1   -1.8     26.4
  SINCE JUL 1     32.4                      34.9   -2.5     29.4
  SNOW DEPTH       0

DEGREE DAYS
 HEATING
  YESTERDAY       32                        46    -14       52
  MONTH TO DATE  589                       672    -83      712
  SINCE DEC 1   3444                      3696   -252     3371
  SINCE JUL 1   4667                      5403   -736     4703

 COOLING
  YESTERDAY        0                         0      0        0
  MONTH TO DATE    0                         0      0        0
  SINCE DEC 1      0                         0      0        0
  SINCE JAN 1      0                         0      0        0
..................................................................


WIND (MPH)
  HIGHEST WIND SPEED    MM   HIGHEST WIND DIRECTION    MM
  HIGHEST GUST SPEED    MM   HIGHEST GUST DIRECTION    MM
  AVERAGE WIND SPEED    MM


SKY COVER
  POSSIBLE SUNSHINE  MM
  AVERAGE SKY COVER  MM


WEATHER CONDITIONS
 THE FOLLOWING WEATHER WAS RECORDED YESTERDAY.
  NO SIGNIFICANT WEATHER WAS OBSERVED.


RELATIVE HUMIDITY (PERCENT)
 HIGHEST    MM
 LOWEST     MM
 AVERAGE    MM

..........................................................


THE CHANHASSEN MN CLIMATE NORMALS FOR TODAY
                         NORMAL    RECORD    YEAR
 MAXIMUM TEMPERATURE (F)   28        43      2002
 MINIMUM TEMPERATURE (F)   10       -13      2001


SUNRISE AND SUNSET
FEBRUARY 15 2017......SUNRISE   714 AM CST   SUNSET   543 PM CST
FEBRUARY 16 2017......SUNRISE   713 AM CST   SUNSET   544 PM CST


-  INDICATES NEGATIVE NUMBERS.
R  INDICATES RECORD WAS SET OR TIED.
MM INDICATES DATA IS MISSING.
T  INDICATES TRACE AMOUNT.




$$
