000
CDUS43 KMPX 200626
CLIMPX


CLIMATE REPORT
NATIONAL WEATHER SERVICE CHANHASSEN MN
125 AM CDT SUN APR 20 2014


...................................

...THE CHANHASSEN MN CLIMATE SUMMARY FOR APRIL 19 2014...

CLIMATE NORMAL PERIOD 1981 TO 2010
CLIMATE RECORD PERIOD 1995 TO 2014


WEATHER ITEM   OBSERVED NORMAL DEPARTURE LAST
                VALUE   VALUE  FROM      YEAR
                               NORMAL
...............................................
TEMPERATURE (F)
 YESTERDAY
  MAXIMUM         67     59      8       37
  MINIMUM         43     38      5       28
  AVERAGE         55     48      7       33

PRECIPITATION (IN)
  YESTERDAY        0.16   0.10   0.06     0.11
  MONTH TO DATE    1.60   1.83  -0.23     4.85
  SINCE MAR 1      2.29   3.61  -1.32     6.49
  SINCE JAN 1      5.20   5.42  -0.22     8.20

SNOWFALL (IN)
  YESTERDAY        0.0    0.1   -0.1      1.0
  MONTH TO DATE   10.8    2.8    8.0     17.8
  SINCE MAR 1     14.2   13.6    0.6     29.3
  SINCE JUL 1     69.5   53.3   16.2     66.9
  SNOW DEPTH       0

DEGREE DAYS
 HEATING
  YESTERDAY       10     17     -7       32
  MONTH TO DATE  489    404     85      572
  SINCE MAR 1   1757   1450    307     1817
  SINCE JUL 1   8640   7465   1175     7639

 COOLING
  YESTERDAY        0      0      0        0
  MONTH TO DATE    0      0      0        0
  SINCE MAR 1      0      0      0        0
  SINCE JAN 1      0      0      0        0
...............................................







THE CHANHASSEN MN CLIMATE NORMALS FOR TODAY
                         NORMAL
 MAXIMUM TEMPERATURE (F)   60
 MINIMUM TEMPERATURE (F)   38



-  INDICATES NEGATIVE NUMBERS.
R  INDICATES RECORD WAS SET OR TIED.
MM INDICATES DATA IS MISSING.
T  INDICATES TRACE AMOUNT.




$$
