000
CDUS43 KMPX 220725
CLIMPX


CLIMATE REPORT
NATIONAL WEATHER SERVICE CHANHASSEN MN
224 AM CDT SAT APR 22 2017


...................................

...THE CHANHASSEN MN CLIMATE SUMMARY FOR APRIL 21 2017...

CLIMATE NORMAL PERIOD 1981 TO 2010
CLIMATE RECORD PERIOD 1995 TO 2017


WEATHER ITEM   OBSERVED TIME   RECORD YEAR NORMAL DEPARTURE LAST
                VALUE   (LST)  VALUE       VALUE  FROM      YEAR
                                                  NORMAL
..................................................................
TEMPERATURE (F)
 YESTERDAY
  MAXIMUM         60        MM  MM      MM  60      0       65
  MINIMUM         34        MM  MM      MM  38     -4       49
  AVERAGE         47                        49     -2       57

PRECIPITATION (IN)
  YESTERDAY        0.00         MM      MM   0.10  -0.10     0.47
  MONTH TO DATE    3.30                      2.02   1.28     1.10
  SINCE MAR 1      4.04                      3.80   0.24     2.52
  SINCE JAN 1      5.64                      5.61   0.03     4.01

SNOWFALL (IN)
  YESTERDAY        0.0          MM      MM   0.0    0.0      0.0
  MONTH TO DATE    0.6                       2.9   -2.3      0.5
  SINCE MAR 1      6.1                      13.7   -7.6      5.6
  SINCE JUL 1     38.5                      53.4  -14.9     35.5
  SNOW DEPTH       0

DEGREE DAYS
 HEATING
  YESTERDAY       18                        16      2        8
  MONTH TO DATE  334                       436   -102      396
  SINCE MAR 1   1348                      1482   -134     1189
  SINCE JUL 1   6417                      7497  -1080     6404

 COOLING
  YESTERDAY        0                         0      0        0
  MONTH TO DATE    0                         0      0        7
  SINCE MAR 1      0                         0      0        7
  SINCE JAN 1      0                         0      0        7
..................................................................


WIND (MPH)
  HIGHEST WIND SPEED    MM   HIGHEST WIND DIRECTION    MM
  HIGHEST GUST SPEED    MM   HIGHEST GUST DIRECTION    MM
  AVERAGE WIND SPEED    MM


SKY COVER
  POSSIBLE SUNSHINE  MM
  AVERAGE SKY COVER  MM


WEATHER CONDITIONS
 THE FOLLOWING WEATHER WAS RECORDED YESTERDAY.
  NO SIGNIFICANT WEATHER WAS OBSERVED.


RELATIVE HUMIDITY (PERCENT)
 HIGHEST    MM
 LOWEST     MM
 AVERAGE    MM

..........................................................


THE CHANHASSEN MN CLIMATE NORMALS FOR TODAY
                         NORMAL    RECORD    YEAR
 MAXIMUM TEMPERATURE (F)   61        MM        MM
 MINIMUM TEMPERATURE (F)   39        MM        MM


SUNRISE AND SUNSET
APRIL 22 2017.........SUNRISE   618 AM CDT   SUNSET   809 PM CDT
APRIL 23 2017.........SUNRISE   616 AM CDT   SUNSET   810 PM CDT


-  INDICATES NEGATIVE NUMBERS.
R  INDICATES RECORD WAS SET OR TIED.
MM INDICATES DATA IS MISSING.
T  INDICATES TRACE AMOUNT.




$$
