000
CDUS43 KMPX 150625
CLIMPX


CLIMATE REPORT
NATIONAL WEATHER SERVICE CHANHASSEN MN
125 AM CDT THU JUN 15 2017


...................................

...THE CHANHASSEN MN CLIMATE SUMMARY FOR JUNE 14 2017...

CLIMATE NORMAL PERIOD 1981 TO 2010
CLIMATE RECORD PERIOD 1995 TO 2017


WEATHER ITEM   OBSERVED TIME   RECORD YEAR NORMAL DEPARTURE LAST
                VALUE   (LST)  VALUE       VALUE  FROM      YEAR
                                                  NORMAL
..................................................................
TEMPERATURE (F)
 YESTERDAY
  MAXIMUM         82        MM  MM      MM  78      4       72
  MINIMUM         63        MM  MM      MM  57      6       62
  AVERAGE         73                        67      6       67

PRECIPITATION (IN)
  YESTERDAY        0.03         MM      MM   0.14  -0.11     0.87
  MONTH TO DATE    2.04                      1.85   0.19     4.50
  SINCE JUN 1      2.04                      1.85   0.19     4.50
  SINCE JAN 1     14.46                     12.10   2.36    12.75

SNOWFALL (IN)
  YESTERDAY        0.0          MM      MM   0.0    0.0      0.0
  MONTH TO DATE    T                         0.0    0.0       T
  SINCE JUN 1      T                         0.0    0.0       T
  SINCE JUL 1     38.5                      53.9  -15.4     35.5
  SNOW DEPTH       0

DEGREE DAYS
 HEATING
  YESTERDAY        0                         1     -1        0
  MONTH TO DATE    5                        37    -32       20
  SINCE JUN 1      5                        37    -32       20
  SINCE JUL 1   6874                      7902  -1028     6819

 COOLING
  YESTERDAY        8                         4      4        2
  MONTH TO DATE   85                        40     45       48
  SINCE JUN 1     85                        40     45       48
  SINCE JAN 1     98                        73     25       90
..................................................................


WIND (MPH)
  HIGHEST WIND SPEED    MM   HIGHEST WIND DIRECTION    MM
  HIGHEST GUST SPEED    MM   HIGHEST GUST DIRECTION    MM
  AVERAGE WIND SPEED    MM


SKY COVER
  POSSIBLE SUNSHINE  MM
  AVERAGE SKY COVER  MM


WEATHER CONDITIONS
 THE FOLLOWING WEATHER WAS RECORDED YESTERDAY.
  NO SIGNIFICANT WEATHER WAS OBSERVED.


RELATIVE HUMIDITY (PERCENT)
 HIGHEST    MM
 LOWEST     MM
 AVERAGE    MM

..........................................................


THE CHANHASSEN MN CLIMATE NORMALS FOR TODAY
                         NORMAL    RECORD    YEAR
 MAXIMUM TEMPERATURE (F)   78        MM        MM
 MINIMUM TEMPERATURE (F)   58        MM        MM


SUNRISE AND SUNSET
JUNE 15 2017..........SUNRISE   528 AM CDT   SUNSET   902 PM CDT
JUNE 16 2017..........SUNRISE   528 AM CDT   SUNSET   903 PM CDT


-  INDICATES NEGATIVE NUMBERS.
R  INDICATES RECORD WAS SET OR TIED.
MM INDICATES DATA IS MISSING.
T  INDICATES TRACE AMOUNT.




$$
