000
CDUS43 KMPX 080720
CLIMPX


CLIMATE REPORT
NATIONAL WEATHER SERVICE CHANHASSEN MN
118 AM CST FRI DEC 8 2017


...................................

...THE CHANHASSEN MN CLIMATE SUMMARY FOR DECEMBER 7 2017...

CLIMATE NORMAL PERIOD 1981 TO 2010
CLIMATE RECORD PERIOD 1995 TO 2017


WEATHER ITEM   OBSERVED TIME   RECORD YEAR NORMAL DEPARTURE LAST
                VALUE   (LST)  VALUE       VALUE  FROM      YEAR
                                                  NORMAL
..................................................................
TEMPERATURE (F)
 YESTERDAY
  MAXIMUM         20        MM  44    2015  28     -8       18
  MINIMUM          5        MM -16    2013  13     -8       14
  AVERAGE         13                        21     -8       16

PRECIPITATION (IN)
  YESTERDAY        0.00          0.07 2012   0.04  -0.04      T
  MONTH TO DATE    0.37                      0.30   0.07     0.19
  SINCE DEC 1      0.37                      0.30   0.07     0.19
  SINCE JAN 1     37.59                     30.21   7.38    38.47

SNOWFALL (IN)
  YESTERDAY        0.0           0.8  2012   0.4   -0.4       T
  MONTH TO DATE    3.0                       2.9    0.1      3.1
  SINCE DEC 1      3.0                       2.9    0.1      3.1
  SINCE JUL 1      4.8                       8.7   -3.9      8.2
  SNOW DEPTH       2

DEGREE DAYS
 HEATING
  YESTERDAY       52                        44      8       49
  MONTH TO DATE  260                       299    -39      253
  SINCE DEC 1    260                       299    -39      253
  SINCE JUL 1   1873                      2006   -133     1476

 COOLING
  YESTERDAY        0                         0      0        0
  MONTH TO DATE    0                         0      0        0
  SINCE DEC 1      0                         0      0        0
  SINCE JAN 1    478                       605   -127      631
..................................................................


WIND (MPH)
  HIGHEST WIND SPEED    MM   HIGHEST WIND DIRECTION    MM
  HIGHEST GUST SPEED    MM   HIGHEST GUST DIRECTION    MM
  AVERAGE WIND SPEED    MM


SKY COVER
  POSSIBLE SUNSHINE  MM
  AVERAGE SKY COVER  MM


WEATHER CONDITIONS
 THE FOLLOWING WEATHER WAS RECORDED YESTERDAY.
  NO SIGNIFICANT WEATHER WAS OBSERVED.


RELATIVE HUMIDITY (PERCENT)
 HIGHEST    MM
 LOWEST     MM
 AVERAGE    MM

..........................................................


THE CHANHASSEN MN CLIMATE NORMALS FOR TODAY
                         NORMAL    RECORD    YEAR
 MAXIMUM TEMPERATURE (F)   28        47      1999
 MINIMUM TEMPERATURE (F)   13        -7      2007


SUNRISE AND SUNSET
DECEMBER  8 2017......SUNRISE   739 AM CST   SUNSET   433 PM CST
DECEMBER  9 2017......SUNRISE   740 AM CST   SUNSET   433 PM CST


-  INDICATES NEGATIVE NUMBERS.
R  INDICATES RECORD WAS SET OR TIED.
MM INDICATES DATA IS MISSING.
T  INDICATES TRACE AMOUNT.




$$
