000
CDUS43 KMPX 042130
CLIMPX


CLIMATE REPORT
NATIONAL WEATHER SERVICE CHANHASSEN MN
430 PM CDT FRI JUL 4 2014


...................................

...THE CHANHASSEN MN CLIMATE SUMMARY FOR JULY 4 2014...
VALID AS OF 0400 PM LOCAL TIME.

CLIMATE NORMAL PERIOD 1981 TO 2010
CLIMATE RECORD PERIOD 1995 TO 2014


WEATHER ITEM   OBSERVED NORMAL DEPARTURE LAST
                VALUE   VALUE  FROM      YEAR
                               NORMAL
...............................................
TEMPERATURE (F)
 TODAY
  MAXIMUM         78     82     -4       88
  MINIMUM         52     62    -10       63
  AVERAGE         65     72     -7       76

PRECIPITATION (IN)
  TODAY            0.00   0.12  -0.12     0.00
  MONTH TO DATE    0.07   0.49  -0.42     0.00
  SINCE JUN 1     10.49   4.51   5.98     6.28
  SINCE JAN 1     26.39  14.76  11.63    21.78

SNOWFALL (IN)
  TODAY            0.0    0.0    0.0      0.0
  MONTH TO DATE    0.0    0.0    0.0      0.0
  SINCE JUN 1      0.0    0.0    0.0      0.0
  SINCE JUL 1      0.0    0.0    0.0      0.0
  SNOW DEPTH       0

DEGREE DAYS
 HEATING
  TODAY            0      0      0        0
  MONTH TO DATE    4      0      4        0
  SINCE JUN 1     37     49    -12       62
  SINCE JUL 1      4      0      4        0

 COOLING
  TODAY            0      7     -7       11
  MONTH TO DATE    0     28    -28       28
  SINCE JUN 1    112    155    -43      140
  SINCE JAN 1    149    188    -39      163
...............................................







THE CHANHASSEN MN CLIMATE NORMALS FOR TOMORROW
                         NORMAL
 MAXIMUM TEMPERATURE (F)   82
 MINIMUM TEMPERATURE (F)   62



-  INDICATES NEGATIVE NUMBERS.
R  INDICATES RECORD WAS SET OR TIED.
MM INDICATES DATA IS MISSING.
T  INDICATES TRACE AMOUNT.




$$
