000
CDUS43 KMPX 261049
CLIMPX


CLIMATE REPORT
NATIONAL WEATHER SERVICE CHANHASSEN MN
449 AM CST SUN FEB 26 2017


...................................

...THE CHANHASSEN MN CLIMATE SUMMARY FOR FEBRUARY 25 2017...

CLIMATE NORMAL PERIOD 1981 TO 2010
CLIMATE RECORD PERIOD 1995 TO 2017


WEATHER ITEM   OBSERVED TIME   RECORD YEAR NORMAL DEPARTURE LAST
                VALUE   (LST)  VALUE       VALUE  FROM      YEAR
                                                  NORMAL
..................................................................
TEMPERATURE (F)
 YESTERDAY
  MAXIMUM         32        MM  37    2009  31      1       31
  MINIMUM         13        MM  -9    2014  14     -1       24
  AVERAGE         23                        23      0       28

PRECIPITATION (IN)
  YESTERDAY        0.00          0.40 2001   0.03  -0.03     0.00
  MONTH TO DATE    0.72                      0.81  -0.09     1.16
  SINCE DEC 1      3.85                      2.93   0.92     3.44
  SINCE JAN 1      1.60                      1.68  -0.08     1.47

SNOWFALL (IN)
  YESTERDAY        0.0           4.8  2001   0.3   -0.3      0.0
  MONTH TO DATE    T                         8.6   -8.6     12.6
  SINCE DEC 1     27.3                      32.8   -5.5     26.6
  SINCE JUL 1     32.4                      38.6   -6.2     29.6
  SNOW DEPTH       0

DEGREE DAYS
 HEATING
  YESTERDAY       42                        42      0       37
  MONTH TO DATE  895                      1159   -264     1102
  SINCE DEC 1   3750                      4183   -433     3761
  SINCE JUL 1   4973                      5890   -917     5093

 COOLING
  YESTERDAY        0                         0      0        0
  MONTH TO DATE    0                         0      0        0
  SINCE DEC 1      0                         0      0        0
  SINCE JAN 1      0                         0      0        0
..................................................................


WIND (MPH)
  HIGHEST WIND SPEED    MM   HIGHEST WIND DIRECTION    MM
  HIGHEST GUST SPEED    MM   HIGHEST GUST DIRECTION    MM
  AVERAGE WIND SPEED    MM


SKY COVER
  POSSIBLE SUNSHINE  MM
  AVERAGE SKY COVER  MM


WEATHER CONDITIONS
 THE FOLLOWING WEATHER WAS RECORDED YESTERDAY.
  NO SIGNIFICANT WEATHER WAS OBSERVED.


RELATIVE HUMIDITY (PERCENT)
 HIGHEST    MM
 LOWEST     MM
 AVERAGE    MM

..........................................................


THE CHANHASSEN MN CLIMATE NORMALS FOR TODAY
                         NORMAL    RECORD    YEAR
 MAXIMUM TEMPERATURE (F)   32        MM        MM
 MINIMUM TEMPERATURE (F)   15        MM        MM


SUNRISE AND SUNSET
FEBRUARY 26 2017......SUNRISE   657 AM CST   SUNSET   558 PM CST
FEBRUARY 27 2017......SUNRISE   655 AM CST   SUNSET   600 PM CST


-  INDICATES NEGATIVE NUMBERS.
R  INDICATES RECORD WAS SET OR TIED.
MM INDICATES DATA IS MISSING.
T  INDICATES TRACE AMOUNT.




$$
