000
CDUS43 KMPX 290653
CLIMPX


CLIMATE REPORT
NATIONAL WEATHER SERVICE CHANHASSEN MN
1252 AM CST THU JAN 29 2015


...................................

...THE CHANHASSEN MN CLIMATE SUMMARY FOR JANUARY 28 2015...

CLIMATE NORMAL PERIOD 1981 TO 2010
CLIMATE RECORD PERIOD 1995 TO 2015


WEATHER ITEM   OBSERVED TIME   RECORD YEAR NORMAL DEPARTURE LAST
                VALUE   (LST)  VALUE       VALUE  FROM      YEAR
                                                  NORMAL
..................................................................
TEMPERATURE (F)
 YESTERDAY
  MAXIMUM         31        MM  MM      MM  24      7       -1
  MINIMUM         27        MM  MM      MM   6     21      -20
  AVERAGE         29                        15     14      -10

PRECIPITATION (IN)
  YESTERDAY        T            MM      MM   0.03  -0.03     0.00
  MONTH TO DATE    0.37                      0.80  -0.43     0.98
  SINCE DEC 1      1.34                      2.05  -0.71     2.24
  SINCE JAN 1      0.37                      0.80  -0.43     0.98

SNOWFALL (IN)
  YESTERDAY        0.0          MM      MM   0.3   -0.3      0.0
  MONTH TO DATE    4.5                       9.3   -4.8     13.8
  SINCE DEC 1     11.2                      23.2  -12.0     30.6
  SINCE JUL 1     19.3                      29.0   -9.7     32.4
  SNOW DEPTH       T

DEGREE DAYS
 HEATING
  YESTERDAY       36                        50    -14       75
  MONTH TO DATE 1351                      1422    -71     1646
  SINCE DEC 1   2650                      2876   -226     3353
  SINCE JUL 1   4587                      4583      4     5075

 COOLING
  YESTERDAY        0                         0      0        0
  MONTH TO DATE    0                         0      0        0
  SINCE DEC 1      0                         0      0        0
  SINCE JAN 1      0                         0      0        0
..................................................................


WIND (MPH)
  HIGHEST WIND SPEED    MM   HIGHEST WIND DIRECTION    MM
  HIGHEST GUST SPEED    MM   HIGHEST GUST DIRECTION    MM
  AVERAGE WIND SPEED    MM


SKY COVER
  POSSIBLE SUNSHINE  MM
  AVERAGE SKY COVER  MM


WEATHER CONDITIONS
 THE FOLLOWING WEATHER WAS RECORDED YESTERDAY.
  NO SIGNIFICANT WEATHER WAS OBSERVED.


RELATIVE HUMIDITY (PERCENT)
 HIGHEST    MM
 LOWEST     MM
 AVERAGE    MM

..........................................................


THE CHANHASSEN MN CLIMATE NORMALS FOR TODAY
                         NORMAL    RECORD    YEAR
 MAXIMUM TEMPERATURE (F)   24        MM        MM
 MINIMUM TEMPERATURE (F)    6        MM        MM


SUNRISE AND SUNSET
JANUARY 29 2015.......SUNRISE   737 AM CST   SUNSET   518 PM CST
JANUARY 30 2015.......SUNRISE   736 AM CST   SUNSET   519 PM CST


-  INDICATES NEGATIVE NUMBERS.
R  INDICATES RECORD WAS SET OR TIED.
MM INDICATES DATA IS MISSING.
T  INDICATES TRACE AMOUNT.




$$
