000
CDUS43 KMPX 260637
CLIMPX


CLIMATE REPORT
NATIONAL WEATHER SERVICE CHANHASSEN MN
1236 AM CST THU FEB 26 2015


...................................

...THE CHANHASSEN MN CLIMATE SUMMARY FOR FEBRUARY 25 2015...

CLIMATE NORMAL PERIOD 1981 TO 2010
CLIMATE RECORD PERIOD 1995 TO 2015


WEATHER ITEM   OBSERVED TIME   RECORD YEAR NORMAL DEPARTURE LAST
                VALUE   (LST)  VALUE       VALUE  FROM      YEAR
                                                  NORMAL
..................................................................
TEMPERATURE (F)
 YESTERDAY
  MAXIMUM         14        MM  37    2009  31    -17        4
  MINIMUM          2        MM  -9    2014  14    -12       -9
  AVERAGE          8                        23    -15       -2

PRECIPITATION (IN)
  YESTERDAY        0.05          0.40 2001   0.03   0.02     0.00
  MONTH TO DATE    0.35                      0.81  -0.46     1.58
  SINCE DEC 1      1.69                      2.93  -1.24     4.16
  SINCE JAN 1      0.72                      1.68  -0.96     2.90

SNOWFALL (IN)
  YESTERDAY        0.6           4.8  2001   0.3    0.3      0.0
  MONTH TO DATE    4.8                       8.6   -3.8     18.1
  SINCE DEC 1     16.0                      32.8  -16.8     53.2
  SINCE JUL 1     24.1                      38.6  -14.5     55.0
  SNOW DEPTH       T

DEGREE DAYS
 HEATING
  YESTERDAY       57                        42     15       67
  MONTH TO DATE 1355                      1159    196     1432
  SINCE DEC 1   4137                      4183    -46     4960
  SINCE JUL 1   6074                      5890    184     6682

 COOLING
  YESTERDAY        0                         0      0        0
  MONTH TO DATE    0                         0      0        0
  SINCE DEC 1      0                         0      0        0
  SINCE JAN 1      0                         0      0        0
..................................................................


WIND (MPH)
  HIGHEST WIND SPEED    MM   HIGHEST WIND DIRECTION    MM
  HIGHEST GUST SPEED    MM   HIGHEST GUST DIRECTION    MM
  AVERAGE WIND SPEED    MM


SKY COVER
  POSSIBLE SUNSHINE  MM
  AVERAGE SKY COVER  MM


WEATHER CONDITIONS
 THE FOLLOWING WEATHER WAS RECORDED YESTERDAY.
  NO SIGNIFICANT WEATHER WAS OBSERVED.


RELATIVE HUMIDITY (PERCENT)
 HIGHEST    MM
 LOWEST     MM
 AVERAGE    MM

..........................................................


THE CHANHASSEN MN CLIMATE NORMALS FOR TODAY
                         NORMAL    RECORD    YEAR
 MAXIMUM TEMPERATURE (F)   32        MM        MM
 MINIMUM TEMPERATURE (F)   15        MM        MM


SUNRISE AND SUNSET
FEBRUARY 26 2015......SUNRISE   657 AM CST   SUNSET   558 PM CST
FEBRUARY 27 2015......SUNRISE   656 AM CST   SUNSET   559 PM CST


-  INDICATES NEGATIVE NUMBERS.
R  INDICATES RECORD WAS SET OR TIED.
MM INDICATES DATA IS MISSING.
T  INDICATES TRACE AMOUNT.




$$
