000
CDUS43 KMPX 160625
CLIMPX


CLIMATE REPORT
NATIONAL WEATHER SERVICE CHANHASSEN MN
122 AM CDT SUN APR 16 2017


...................................

...THE CHANHASSEN MN CLIMATE SUMMARY FOR APRIL 15 2017...

CLIMATE NORMAL PERIOD 1981 TO 2010
CLIMATE RECORD PERIOD 1995 TO 2017


WEATHER ITEM   OBSERVED TIME   RECORD YEAR NORMAL DEPARTURE LAST
                VALUE   (LST)  VALUE       VALUE  FROM      YEAR
                                                  NORMAL
..................................................................
TEMPERATURE (F)
 YESTERDAY
  MAXIMUM         71        MM  MM      MM  57     14       75
  MINIMUM         50        MM  MM      MM  36     14       48
  AVERAGE         61                        46     15       62

PRECIPITATION (IN)
  YESTERDAY        1.30         MM      MM   0.09   1.21     0.00
  MONTH TO DATE    2.21                      1.44   0.77     0.12
  SINCE MAR 1      2.95                      3.22  -0.27     1.54
  SINCE JAN 1      4.55                      5.03  -0.48     3.03

SNOWFALL (IN)
  YESTERDAY        0.0          MM      MM   0.2   -0.2      0.0
  MONTH TO DATE    0.6                       2.5   -1.9      0.5
  SINCE MAR 1      6.1                      13.3   -7.2      5.6
  SINCE JUL 1     38.5                      53.0  -14.5     35.5
  SNOW DEPTH       0

DEGREE DAYS
 HEATING
  YESTERDAY        4                        19    -15        3
  MONTH TO DATE  238                       334    -96      365
  SINCE MAR 1   1252                      1380   -128     1158
  SINCE JUL 1   6321                      7395  -1074     6373

 COOLING
  YESTERDAY        0                         0      0        0
  MONTH TO DATE    0                         0      0        0
  SINCE MAR 1      0                         0      0        0
  SINCE JAN 1      0                         0      0        0
..................................................................


WIND (MPH)
  HIGHEST WIND SPEED    MM   HIGHEST WIND DIRECTION    MM
  HIGHEST GUST SPEED    MM   HIGHEST GUST DIRECTION    MM
  AVERAGE WIND SPEED    MM


SKY COVER
  POSSIBLE SUNSHINE  MM
  AVERAGE SKY COVER  MM


WEATHER CONDITIONS
 THE FOLLOWING WEATHER WAS RECORDED YESTERDAY.
  NO SIGNIFICANT WEATHER WAS OBSERVED.


RELATIVE HUMIDITY (PERCENT)
 HIGHEST    MM
 LOWEST     MM
 AVERAGE    MM

..........................................................


THE CHANHASSEN MN CLIMATE NORMALS FOR TODAY
                         NORMAL    RECORD    YEAR
 MAXIMUM TEMPERATURE (F)   58        MM        MM
 MINIMUM TEMPERATURE (F)   36        MM        MM


SUNRISE AND SUNSET
APRIL 16 2017.........SUNRISE   628 AM CDT   SUNSET   801 PM CDT
APRIL 17 2017.........SUNRISE   626 AM CDT   SUNSET   802 PM CDT


-  INDICATES NEGATIVE NUMBERS.
R  INDICATES RECORD WAS SET OR TIED.
MM INDICATES DATA IS MISSING.
T  INDICATES TRACE AMOUNT.




$$
