000
CDUS43 KMPX 250238
CLIMPX


CLIMATE REPORT
NATIONAL WEATHER SERVICE CHANHASSEN MN
938 PM CDT SUN APR 24 2016


...................................

...THE CHANHASSEN MN CLIMATE SUMMARY FOR APRIL 24 2016...
VALID TODAY AS OF 0900 PM LOCAL TIME.

CLIMATE NORMAL PERIOD 1981 TO 2010
CLIMATE RECORD PERIOD 1995 TO 2016


WEATHER ITEM   OBSERVED TIME   RECORD YEAR NORMAL DEPARTURE LAST
                VALUE   (LST)  VALUE       VALUE  FROM      YEAR
                                                  NORMAL
..................................................................
TEMPERATURE (F)
 TODAY
  MAXIMUM         61        MM  MM      MM  62     -1       48
  MINIMUM         51        MM  MM          40     11       37
  AVERAGE         56                        51      5       43

PRECIPITATION (IN)
  TODAY            0.39         MM      MM   0.10   0.29     0.43
  MONTH TO DATE    1.49                      2.31  -0.82     2.22
  SINCE MAR 1      2.91                      4.09  -1.18     3.00
  SINCE JAN 1      4.40                      5.90  -1.50     3.76

SNOWFALL (IN)
  TODAY            0.0          MM      MM   0.0    0.0      0.0
  MONTH TO DATE    0.5                       3.1   -2.6      0.5
  SINCE MAR 1      5.6                      13.9   -8.3      9.3
  SINCE JUL 1     35.5                      53.6  -18.1     33.4
  SNOW DEPTH       0

DEGREE DAYS
 HEATING
  TODAY            9                        15     -6       22
  MONTH TO DATE  429                       481    -52      435
  SINCE MAR 1   1222                      1527   -305     1400
  SINCE JUL 1   6437                      7542  -1105     7658

 COOLING
  TODAY            0                         0      0        0
  MONTH TO DATE    7                         0      7        0
  SINCE MAR 1      7                         0      7        0
  SINCE JAN 1      7                         0      7        0
..................................................................


WIND (MPH)
  HIGHEST WIND SPEED    MM   HIGHEST WIND DIRECTION    MM
  HIGHEST GUST SPEED    MM   HIGHEST GUST DIRECTION    MM
  AVERAGE WIND SPEED    MM


SKY COVER
  POSSIBLE SUNSHINE  MM
  AVERAGE SKY COVER  MM


WEATHER CONDITIONS
 THE FOLLOWING WEATHER WAS RECORDED TODAY.
  NO SIGNIFICANT WEATHER WAS OBSERVED.


RELATIVE HUMIDITY (PERCENT)
 HIGHEST    MM
 LOWEST     MM
 AVERAGE    MM

..........................................................


THE CHANHASSEN MN CLIMATE NORMALS FOR TOMORROW
                         NORMAL    RECORD    YEAR
 MAXIMUM TEMPERATURE (F)   62        MM        MM
 MINIMUM TEMPERATURE (F)   40        MM        MM


SUNRISE AND SUNSET
APRIL 24 2016.........SUNRISE   614 AM CDT   SUNSET   811 PM CDT
APRIL 25 2016.........SUNRISE   612 AM CDT   SUNSET   813 PM CDT


-  INDICATES NEGATIVE NUMBERS.
R  INDICATES RECORD WAS SET OR TIED.
MM INDICATES DATA IS MISSING.
T  INDICATES TRACE AMOUNT.




$$
