000
CDUS43 KMPX 150724
CLIMPX


CLIMATE REPORT
NATIONAL WEATHER SERVICE CHANHASSEN MN
124 AM CST THU FEB 15 2018


...................................

...THE CHANHASSEN MN CLIMATE SUMMARY FOR FEBRUARY 14 2018...

CLIMATE NORMAL PERIOD 1981 TO 2010
CLIMATE RECORD PERIOD 1995 TO 2018


WEATHER ITEM   OBSERVED TIME   RECORD YEAR NORMAL DEPARTURE LAST
                VALUE   (LST)  VALUE       VALUE  FROM      YEAR
                                                  NORMAL
..................................................................
TEMPERATURE (F)
 YESTERDAY
  MAXIMUM         39        MM  46    2002  28     11       41
  MINIMUM         16        MM  -4    2015  10      6       25
                                      2007
  AVERAGE         28                        19      9       33

PRECIPITATION (IN)
  YESTERDAY        0.00          0.07 2008   0.04  -0.04     0.00
  MONTH TO DATE    0.19                      0.43  -0.24     0.04
  SINCE DEC 1      2.26                      2.55  -0.29     3.17
  SINCE JAN 1      1.61                      1.30   0.31     0.92

SNOWFALL (IN)
  YESTERDAY        0.0           1.0  2016   0.4   -0.4      0.0
                                      2010
                                      2008
  MONTH TO DATE    3.3                       4.9   -1.6       T
  SINCE DEC 1     28.8                      29.1   -0.3     27.3
  SINCE JUL 1     30.6                      34.9   -4.3     32.4
  SNOW DEPTH       6

DEGREE DAYS
 HEATING
  YESTERDAY       37                        46     -9       32
  MONTH TO DATE  827                       672    155      589
  SINCE DEC 1   3867                      3696    171     3444
  SINCE JUL 1   5480                      5403     77     4667

 COOLING
  YESTERDAY        0                         0      0        0
  MONTH TO DATE    0                         0      0        0
  SINCE DEC 1      0                         0      0        0
  SINCE JAN 1      0                         0      0        0
..................................................................


WIND (MPH)
  HIGHEST WIND SPEED    MM   HIGHEST WIND DIRECTION    MM
  HIGHEST GUST SPEED    MM   HIGHEST GUST DIRECTION    MM
  AVERAGE WIND SPEED    MM


SKY COVER
  POSSIBLE SUNSHINE  MM
  AVERAGE SKY COVER  MM


WEATHER CONDITIONS
 THE FOLLOWING WEATHER WAS RECORDED YESTERDAY.
  NO SIGNIFICANT WEATHER WAS OBSERVED.


RELATIVE HUMIDITY (PERCENT)
 HIGHEST    MM
 LOWEST     MM
 AVERAGE    MM

..........................................................


THE CHANHASSEN MN CLIMATE NORMALS FOR TODAY
                         NORMAL    RECORD    YEAR
 MAXIMUM TEMPERATURE (F)   28        43      2002
 MINIMUM TEMPERATURE (F)   10       -13      2001


SUNRISE AND SUNSET
FEBRUARY 15 2018......SUNRISE   715 AM CST   SUNSET   543 PM CST
FEBRUARY 16 2018......SUNRISE   713 AM CST   SUNSET   544 PM CST


-  INDICATES NEGATIVE NUMBERS.
R  INDICATES RECORD WAS SET OR TIED.
MM INDICATES DATA IS MISSING.
T  INDICATES TRACE AMOUNT.




$$
