000
CDUS43 KMPX 280026
CLIMPX


CLIMATE REPORT
NATIONAL WEATHER SERVICE CHANHASSEN MN
726 PM CDT SUN JUL 27 2014


...................................

...THE CHANHASSEN MN CLIMATE SUMMARY FOR JULY 27 2014...
VALID TODAY AS OF 0700 PM LOCAL TIME.

CLIMATE NORMAL PERIOD 1981 TO 2010
CLIMATE RECORD PERIOD 1995 TO 2014


WEATHER ITEM   OBSERVED NORMAL DEPARTURE LAST
                VALUE   VALUE  FROM      YEAR
                               NORMAL
...............................................
TEMPERATURE (F)
 TODAY
  MAXIMUM         75     82     -7       63
  MINIMUM         62     62      0       50
  AVERAGE         69     72     -3       57

PRECIPITATION (IN)
  TODAY            0.04   0.11  -0.07      T
  MONTH TO DATE    3.33   3.12   0.21     4.59
  SINCE JUN 1     13.75   7.14   6.61    10.87
  SINCE JAN 1     29.65  17.39  12.26    26.37

SNOWFALL (IN)
  TODAY            0.0    0.0    0.0      0.0
  MONTH TO DATE    0.0    0.0    0.0      0.0
  SINCE JUN 1      0.0    0.0    0.0      0.0
  SINCE JUL 1      0.0    0.0    0.0      0.0
  SNOW DEPTH       0

DEGREE DAYS
 HEATING
  TODAY            0      0      0        8
  MONTH TO DATE   13      0     13       10
  SINCE JUN 1     46     49     -3       72
  SINCE JUL 1     13      0     13       10

 COOLING
  TODAY            4      7     -3        0
  MONTH TO DATE  127    193    -66      235
  SINCE JUN 1    239    320    -81      347
  SINCE JAN 1    276    353    -77      370
...............................................







THE CHANHASSEN MN CLIMATE NORMALS FOR TOMORROW
                         NORMAL
 MAXIMUM TEMPERATURE (F)   82
 MINIMUM TEMPERATURE (F)   62



-  INDICATES NEGATIVE NUMBERS.
R  INDICATES RECORD WAS SET OR TIED.
MM INDICATES DATA IS MISSING.
T  INDICATES TRACE AMOUNT.




$$
