000
CDUS43 KMPX 300103
CLIMPX


CLIMATE REPORT
NATIONAL WEATHER SERVICE CHANHASSEN MN
702 PM CST TUE NOV 29 2016


...................................

...THE CHANHASSEN MN CLIMATE SUMMARY FOR NOVEMBER 29 2016...
VALID TODAY AS OF 0700 PM LOCAL TIME.

CLIMATE NORMAL PERIOD 1981 TO 2010
CLIMATE RECORD PERIOD 1995 TO 2016


WEATHER ITEM   OBSERVED TIME   RECORD YEAR NORMAL DEPARTURE LAST
                VALUE   (LST)  VALUE       VALUE  FROM      YEAR
                                                  NORMAL
..................................................................
TEMPERATURE (F)
 TODAY
  MAXIMUM         36        MM  MM      MM  32      4       33
  MINIMUM         33        MM  MM          17     16       15
  AVERAGE         35                        25     10       24

PRECIPITATION (IN)
  TODAY            0.01         MM      MM   0.05  -0.04      T
  MONTH TO DATE    1.63                      1.91  -0.28     4.44
  SINCE SEP 1     10.24                      7.85   2.39    10.17
  SINCE JAN 1     38.20                     29.85   8.35    33.15

SNOWFALL (IN)
  TODAY            T            MM      MM   0.3   -0.3       T
  MONTH TO DATE    5.1                       5.1    0.0      0.9
  SINCE SEP 1      5.1                       5.5   -0.4      0.9
  SINCE JUL 1      5.1                       5.5   -0.4      0.9
  SNOW DEPTH       0

DEGREE DAYS
 HEATING
  TODAY           30                        40    -10       41
  MONTH TO DATE  666                       929   -263      717
  SINCE SEP 1   1180                      1642   -462     1255
  SINCE JUL 1   1193                      1665   -472     1297

 COOLING
  TODAY            0                         0      0        0
  MONTH TO DATE    0                         0      0        0
  SINCE SEP 1     45                        52     -7      119
  SINCE JAN 1    631                       605     26      551
..................................................................


WIND (MPH)
  HIGHEST WIND SPEED    MM   HIGHEST WIND DIRECTION    MM
  HIGHEST GUST SPEED    MM   HIGHEST GUST DIRECTION    MM
  AVERAGE WIND SPEED    MM


SKY COVER
  POSSIBLE SUNSHINE  MM
  AVERAGE SKY COVER  MM


WEATHER CONDITIONS
 THE FOLLOWING WEATHER WAS RECORDED TODAY.
  NO SIGNIFICANT WEATHER WAS OBSERVED.


RELATIVE HUMIDITY (PERCENT)
 HIGHEST    MM
 LOWEST     MM
 AVERAGE    MM

..........................................................


THE CHANHASSEN MN CLIMATE NORMALS FOR TOMORROW
                         NORMAL    RECORD    YEAR
 MAXIMUM TEMPERATURE (F)   31        MM        MM
 MINIMUM TEMPERATURE (F)   17        MM        MM


SUNRISE AND SUNSET
NOVEMBER 29 2016......SUNRISE   730 AM CST   SUNSET   435 PM CST
NOVEMBER 30 2016......SUNRISE   731 AM CST   SUNSET   435 PM CST


-  INDICATES NEGATIVE NUMBERS.
R  INDICATES RECORD WAS SET OR TIED.
MM INDICATES DATA IS MISSING.
T  INDICATES TRACE AMOUNT.




$$
