000
CDUS43 KMPX 250621
CLIMPX


CLIMATE REPORT
NATIONAL WEATHER SERVICE CHANHASSEN MN
121 AM CDT TUE AUG 25 2015


...................................

...THE CHANHASSEN MN CLIMATE SUMMARY FOR AUGUST 24 2015...

CLIMATE NORMAL PERIOD 1981 TO 2010
CLIMATE RECORD PERIOD 1995 TO 2015


WEATHER ITEM   OBSERVED TIME   RECORD YEAR NORMAL DEPARTURE LAST
                VALUE   (LST)  VALUE       VALUE  FROM      YEAR
                                                  NORMAL
..................................................................
TEMPERATURE (F)
 YESTERDAY
  MAXIMUM         66        MM  MM      MM  79    -13       85
  MINIMUM         52        MM  MM      MM  59     -7       68
  AVERAGE         59                        69    -10       77

PRECIPITATION (IN)
  YESTERDAY        0.00         MM      MM   0.15  -0.15     0.08
  MONTH TO DATE    2.71                      3.19  -0.48     1.26
  SINCE JUN 1     14.26                     10.80   3.46    15.01
  SINCE JAN 1     22.98                     21.05   1.93    30.91

SNOWFALL (IN)
  YESTERDAY        0.0          MM      MM   0.0    0.0      0.0
  MONTH TO DATE    0.0                       0.0    0.0      0.0
  SINCE JUN 1      T                         0.0    0.0      0.0
  SINCE JUL 1      0.0                       0.0    0.0      0.0
  SNOW DEPTH       0

DEGREE DAYS
 HEATING
  YESTERDAY        6                         1      5        0
  MONTH TO DATE   20                         1     19        0
  SINCE JUN 1     50                        58     -8       46
  SINCE JUL 1     32                         9     23       13

 COOLING
  YESTERDAY        0                         4     -4       12
  MONTH TO DATE  115                       142    -27      165
  SINCE JUN 1    411                       494    -83      419
  SINCE JAN 1    419                       527   -108      456
..................................................................


WIND (MPH)
  HIGHEST WIND SPEED    MM   HIGHEST WIND DIRECTION    MM
  HIGHEST GUST SPEED    MM   HIGHEST GUST DIRECTION    MM
  AVERAGE WIND SPEED    MM


SKY COVER
  POSSIBLE SUNSHINE  MM
  AVERAGE SKY COVER  MM


WEATHER CONDITIONS
 THE FOLLOWING WEATHER WAS RECORDED YESTERDAY.
  NO SIGNIFICANT WEATHER WAS OBSERVED.


RELATIVE HUMIDITY (PERCENT)
 HIGHEST    MM
 LOWEST     MM
 AVERAGE    MM

..........................................................


THE CHANHASSEN MN CLIMATE NORMALS FOR TODAY
                         NORMAL    RECORD    YEAR
 MAXIMUM TEMPERATURE (F)   78        MM        MM
 MINIMUM TEMPERATURE (F)   59        MM        MM


SUNRISE AND SUNSET
AUGUST 25 2015........SUNRISE   628 AM CDT   SUNSET   804 PM CDT
AUGUST 26 2015........SUNRISE   629 AM CDT   SUNSET   802 PM CDT


-  INDICATES NEGATIVE NUMBERS.
R  INDICATES RECORD WAS SET OR TIED.
MM INDICATES DATA IS MISSING.
T  INDICATES TRACE AMOUNT.




$$
