000
CDUS43 KMPX 220058
CLIMPX


CLIMATE REPORT
NATIONAL WEATHER SERVICE CHANHASSEN MN
757 PM CDT THU APR 21 2016


...................................

...THE CHANHASSEN MN CLIMATE SUMMARY FOR APRIL 21 2016...
VALID TODAY AS OF 0700 PM LOCAL TIME.

CLIMATE NORMAL PERIOD 1981 TO 2010
CLIMATE RECORD PERIOD 1995 TO 2016


WEATHER ITEM   OBSERVED TIME   RECORD YEAR NORMAL DEPARTURE LAST
                VALUE   (LST)  VALUE       VALUE  FROM      YEAR
                                                  NORMAL
..................................................................
TEMPERATURE (F)
 TODAY
  MAXIMUM         65        MM  MM      MM  60      5       40
  MINIMUM         51        MM  MM          38     13       33
  AVERAGE         58                        49      9       37

PRECIPITATION (IN)
  TODAY            0.47         MM      MM   0.10   0.37     0.01
  MONTH TO DATE    1.10                      2.02  -0.92     1.79
  SINCE MAR 1      2.52                      3.80  -1.28     2.57
  SINCE JAN 1      4.01                      5.61  -1.60     3.33

SNOWFALL (IN)
  TODAY            0.0          MM      MM   0.0    0.0       T
  MONTH TO DATE    0.5                       2.9   -2.4      0.5
  SINCE MAR 1      5.6                      13.7   -8.1      9.3
  SINCE JUL 1     35.5                      53.4  -17.9     33.4
  SNOW DEPTH       0

DEGREE DAYS
 HEATING
  TODAY            7                        16     -9       28
  MONTH TO DATE  395                       436    -41      363
  SINCE MAR 1   1188                      1482   -294     1328
  SINCE JUL 1   6403                      7497  -1094     7586

 COOLING
  TODAY            0                         0      0        0
  MONTH TO DATE    7                         0      7        0
  SINCE MAR 1      7                         0      7        0
  SINCE JAN 1      7                         0      7        0
..................................................................


WIND (MPH)
  HIGHEST WIND SPEED    MM   HIGHEST WIND DIRECTION    MM
  HIGHEST GUST SPEED    MM   HIGHEST GUST DIRECTION    MM
  AVERAGE WIND SPEED    MM


SKY COVER
  POSSIBLE SUNSHINE  MM
  AVERAGE SKY COVER  MM


WEATHER CONDITIONS
 THE FOLLOWING WEATHER WAS RECORDED TODAY.
  NO SIGNIFICANT WEATHER WAS OBSERVED.


RELATIVE HUMIDITY (PERCENT)
 HIGHEST    MM
 LOWEST     MM
 AVERAGE    MM

..........................................................


THE CHANHASSEN MN CLIMATE NORMALS FOR TOMORROW
                         NORMAL    RECORD    YEAR
 MAXIMUM TEMPERATURE (F)   61        MM        MM
 MINIMUM TEMPERATURE (F)   39        MM        MM


SUNRISE AND SUNSET
APRIL 21 2016.........SUNRISE   619 AM CDT   SUNSET   808 PM CDT
APRIL 22 2016.........SUNRISE   617 AM CDT   SUNSET   809 PM CDT


-  INDICATES NEGATIVE NUMBERS.
R  INDICATES RECORD WAS SET OR TIED.
MM INDICATES DATA IS MISSING.
T  INDICATES TRACE AMOUNT.




$$
