000
CDUS43 KMPX 130037
CLIMPX


CLIMATE REPORT
NATIONAL WEATHER SERVICE CHANHASSEN MN
636 PM CST SUN NOV 12 2017


...................................

...THE CHANHASSEN MN CLIMATE SUMMARY FOR NOVEMBER 12 2017...
VALID TODAY AS OF 0600 PM LOCAL TIME.

CLIMATE NORMAL PERIOD 1981 TO 2010
CLIMATE RECORD PERIOD 1995 TO 2017


WEATHER ITEM   OBSERVED TIME   RECORD YEAR NORMAL DEPARTURE LAST
                VALUE   (LST)  VALUE       VALUE  FROM      YEAR
                                                  NORMAL
..................................................................
TEMPERATURE (F)
 TODAY
  MAXIMUM         34        MM  MM      MM  43     -9       53
  MINIMUM         24        MM  MM          27     -3       27
  AVERAGE         29                        35     -6       40

PRECIPITATION (IN)
  TODAY            0.00         MM      MM   0.07  -0.07     0.00
  MONTH TO DATE    0.19                      0.82  -0.63     0.00
  SINCE SEP 1      7.63                      6.76   0.87     8.61
  SINCE JAN 1     37.17                     28.76   8.41    36.57

SNOWFALL (IN)
  TODAY            0.0          MM      MM   0.1   -0.1      0.0
  MONTH TO DATE    1.1                       1.1    0.0      0.0
  SINCE SEP 1      1.8                       1.5    0.3      0.0
  SINCE JUL 1      1.8                       1.5    0.3      0.0
  SNOW DEPTH       0

DEGREE DAYS
 HEATING
  TODAY           36                        30      6       25
  MONTH TO DATE  425                       324    101      189
  SINCE SEP 1   1036                      1037     -1      703
  SINCE JUL 1   1057                      1060     -3      716

 COOLING
  TODAY            0                         0      0        0
  MONTH TO DATE    0                         0      0        0
  SINCE SEP 1     80                        52     28       45
  SINCE JAN 1    478                       605   -127      631
..................................................................


WIND (MPH)
  HIGHEST WIND SPEED    MM   HIGHEST WIND DIRECTION    MM
  HIGHEST GUST SPEED    MM   HIGHEST GUST DIRECTION    MM
  AVERAGE WIND SPEED    MM


SKY COVER
  POSSIBLE SUNSHINE  MM
  AVERAGE SKY COVER  MM


WEATHER CONDITIONS
 THE FOLLOWING WEATHER WAS RECORDED TODAY.
  NO SIGNIFICANT WEATHER WAS OBSERVED.


RELATIVE HUMIDITY (PERCENT)
 HIGHEST    MM
 LOWEST     MM
 AVERAGE    MM

..........................................................


THE CHANHASSEN MN CLIMATE NORMALS FOR TOMORROW
                         NORMAL    RECORD    YEAR
 MAXIMUM TEMPERATURE (F)   42        MM        MM
 MINIMUM TEMPERATURE (F)   27        MM        MM


SUNRISE AND SUNSET
NOVEMBER 12 2017......SUNRISE   708 AM CST   SUNSET   449 PM CST
NOVEMBER 13 2017......SUNRISE   709 AM CST   SUNSET   447 PM CST


-  INDICATES NEGATIVE NUMBERS.
R  INDICATES RECORD WAS SET OR TIED.
MM INDICATES DATA IS MISSING.
T  INDICATES TRACE AMOUNT.




$$
