000
CDUS43 KMPX 060744
CLIMPX


CLIMATE REPORT
NATIONAL WEATHER SERVICE CHANHASSEN MN
242 AM CDT SUN JUL 6 2014


...................................

...THE CHANHASSEN MN CLIMATE SUMMARY FOR JULY 5 2014...

CLIMATE NORMAL PERIOD 1981 TO 2010
CLIMATE RECORD PERIOD 1995 TO 2014


WEATHER ITEM   OBSERVED NORMAL DEPARTURE LAST
                VALUE   VALUE  FROM      YEAR
                               NORMAL
...............................................
TEMPERATURE (F)
 YESTERDAY
  MAXIMUM         82     82      0       86
  MINIMUM         65     62      3       68
  AVERAGE         74     72      2       77

PRECIPITATION (IN)
  YESTERDAY        0.00   0.12  -0.12     0.03
  MONTH TO DATE    0.07   0.61  -0.54     0.03
  SINCE JUN 1     10.49   4.63   5.86     6.31
  SINCE JAN 1     26.39  14.88  11.51    21.81

SNOWFALL (IN)
  YESTERDAY        0.0    0.0    0.0      0.0
  MONTH TO DATE    0.0    0.0    0.0      0.0
  SINCE JUN 1      0.0    0.0    0.0      0.0
  SINCE JUL 1      0.0    0.0    0.0      0.0
  SNOW DEPTH       0

DEGREE DAYS
 HEATING
  YESTERDAY        0      0      0        0
  MONTH TO DATE    4      0      4        0
  SINCE JUN 1     37     49    -12       62
  SINCE JUL 1      4      0      4        0

 COOLING
  YESTERDAY        9      7      2       12
  MONTH TO DATE    9     35    -26       40
  SINCE JUN 1    121    162    -41      152
  SINCE JAN 1    158    195    -37      175
...............................................







THE CHANHASSEN MN CLIMATE NORMALS FOR TODAY
                         NORMAL
 MAXIMUM TEMPERATURE (F)   82
 MINIMUM TEMPERATURE (F)   62



-  INDICATES NEGATIVE NUMBERS.
R  INDICATES RECORD WAS SET OR TIED.
MM INDICATES DATA IS MISSING.
T  INDICATES TRACE AMOUNT.




$$
