000
CDUS43 KMPX 180641
CLIMPX


CLIMATE REPORT
NATIONAL WEATHER SERVICE CHANHASSEN MN
137 AM CDT THU MAY 18 2017


...................................

...THE CHANHASSEN MN CLIMATE SUMMARY FOR MAY 17 2017...

CLIMATE NORMAL PERIOD 1981 TO 2010
CLIMATE RECORD PERIOD 1995 TO 2017


WEATHER ITEM   OBSERVED TIME   RECORD YEAR NORMAL DEPARTURE LAST
                VALUE   (LST)  VALUE       VALUE  FROM      YEAR
                                                  NORMAL
..................................................................
TEMPERATURE (F)
 YESTERDAY
  MAXIMUM         68        MM  MM      MM  69     -1       63
  MINIMUM         51        MM  MM      MM  48      3       41
  AVERAGE         60                        58      2       52

PRECIPITATION (IN)
  YESTERDAY        2.00         MM      MM   0.12   1.88     0.00
  MONTH TO DATE    3.07                      1.97   1.10     1.19
  SINCE MAR 1      8.77                      6.75   2.02     5.92
  SINCE JAN 1     10.37                      8.56   1.81     7.41

SNOWFALL (IN)
  YESTERDAY        0.0          MM      MM   0.0    0.0      0.0
  MONTH TO DATE    T                         0.3   -0.3      0.0
  SINCE MAR 1      6.1                      14.5   -8.4      5.6
  SINCE JUL 1     38.5                      54.2  -15.7     35.5
  SNOW DEPTH       0

DEGREE DAYS
 HEATING
  YESTERDAY        5                         8     -3       13
  MONTH TO DATE  139                       165    -26      209
  SINCE MAR 1   1653                      1769   -116     1550
  SINCE JUL 1   6722                      7784  -1062     6765

 COOLING
  YESTERDAY        0                         1     -1        0
  MONTH TO DATE   11                        11      0        9
  SINCE MAR 1     11                        14     -3       16
  SINCE JAN 1     11                        14     -3       16
..................................................................


WIND (MPH)
  HIGHEST WIND SPEED    MM   HIGHEST WIND DIRECTION    MM
  HIGHEST GUST SPEED    MM   HIGHEST GUST DIRECTION    MM
  AVERAGE WIND SPEED    MM


SKY COVER
  POSSIBLE SUNSHINE  MM
  AVERAGE SKY COVER  MM


WEATHER CONDITIONS
 THE FOLLOWING WEATHER WAS RECORDED YESTERDAY.
  NO SIGNIFICANT WEATHER WAS OBSERVED.


RELATIVE HUMIDITY (PERCENT)
 HIGHEST    MM
 LOWEST     MM
 AVERAGE    MM

..........................................................


THE CHANHASSEN MN CLIMATE NORMALS FOR TODAY
                         NORMAL    RECORD    YEAR
 MAXIMUM TEMPERATURE (F)   69        MM        MM
 MINIMUM TEMPERATURE (F)   48        MM        MM


SUNRISE AND SUNSET
MAY 18 2017...........SUNRISE   542 AM CDT   SUNSET   840 PM CDT
MAY 19 2017...........SUNRISE   541 AM CDT   SUNSET   841 PM CDT


-  INDICATES NEGATIVE NUMBERS.
R  INDICATES RECORD WAS SET OR TIED.
MM INDICATES DATA IS MISSING.
T  INDICATES TRACE AMOUNT.




$$
