000
CDUS43 KMPX 130051
CLIMPX


CLIMATE REPORT
NATIONAL WEATHER SERVICE CHANHASSEN MN
746 PM CDT THU MAY 12 2016


...................................

...THE CHANHASSEN MN CLIMATE SUMMARY FOR MAY 12 2016...
VALID TODAY AS OF 0700 PM LOCAL TIME.

CLIMATE NORMAL PERIOD 1981 TO 2010
CLIMATE RECORD PERIOD 1995 TO 2016


WEATHER ITEM   OBSERVED TIME   RECORD YEAR NORMAL DEPARTURE LAST
                VALUE   (LST)  VALUE       VALUE  FROM      YEAR
                                                  NORMAL
..................................................................
TEMPERATURE (F)
 TODAY
  MAXIMUM         57        MM  MM      MM  68    -11       55
  MINIMUM         45        MM  MM          46     -1       38
  AVERAGE         51                        57     -6       47

PRECIPITATION (IN)
  TODAY            T            MM      MM   0.11  -0.11     0.01
  MONTH TO DATE    0.97                      1.38  -0.41     1.85
  SINCE MAR 1      5.70                      6.16  -0.46     4.85
  SINCE JAN 1      7.19                      7.97  -0.78     5.61

SNOWFALL (IN)
  TODAY            0.0          MM      MM   0.0    0.0      0.0
  MONTH TO DATE    0.0                       0.3   -0.3       T
  SINCE MAR 1      5.6                      14.5   -8.9      9.3
  SINCE JUL 1     35.5                      54.2  -18.7     33.4
  SNOW DEPTH       0

DEGREE DAYS
 HEATING
  TODAY           14                         9      5       18
  MONTH TO DATE  122                       124     -2       92
  SINCE MAR 1   1463                      1728   -265     1568
  SINCE JUL 1   6678                      7743  -1065     7826

 COOLING
  TODAY            0                         1     -1        0
  MONTH TO DATE    9                         6      3        1
  SINCE MAR 1     16                         9      7        1
  SINCE JAN 1     16                         9      7        1
..................................................................


WIND (MPH)
  HIGHEST WIND SPEED    MM   HIGHEST WIND DIRECTION    MM
  HIGHEST GUST SPEED    MM   HIGHEST GUST DIRECTION    MM
  AVERAGE WIND SPEED    MM


SKY COVER
  POSSIBLE SUNSHINE  MM
  AVERAGE SKY COVER  MM


WEATHER CONDITIONS
 THE FOLLOWING WEATHER WAS RECORDED TODAY.
  NO SIGNIFICANT WEATHER WAS OBSERVED.


RELATIVE HUMIDITY (PERCENT)
 HIGHEST    MM
 LOWEST     MM
 AVERAGE    MM

..........................................................


THE CHANHASSEN MN CLIMATE NORMALS FOR TOMORROW
                         NORMAL    RECORD    YEAR
 MAXIMUM TEMPERATURE (F)   68        MM        MM
 MINIMUM TEMPERATURE (F)   47        MM        MM


SUNRISE AND SUNSET
MAY 12 2016...........SUNRISE   549 AM CDT   SUNSET   833 PM CDT
MAY 13 2016...........SUNRISE   547 AM CDT   SUNSET   835 PM CDT


-  INDICATES NEGATIVE NUMBERS.
R  INDICATES RECORD WAS SET OR TIED.
MM INDICATES DATA IS MISSING.
T  INDICATES TRACE AMOUNT.




$$
