250
CDUS43 KMPX 180802
CLIMPX


CLIMATE REPORT
NATIONAL WEATHER SERVICE CHANHASSEN MN
302 AM CDT SUN JUN 18 2017


...................................

...THE CHANHASSEN MN CLIMATE SUMMARY FOR JUNE 17 2017...

CLIMATE NORMAL PERIOD 1981 TO 2010
CLIMATE RECORD PERIOD 1995 TO 2017


WEATHER ITEM   OBSERVED TIME   RECORD YEAR NORMAL DEPARTURE LAST
                VALUE   (LST)  VALUE       VALUE  FROM      YEAR
                                                  NORMAL
..................................................................
TEMPERATURE (F)
 YESTERDAY
  MAXIMUM         82        MM  MM      MM  79      3       83
  MINIMUM         57        MM  MM      MM  58     -1       62
  AVERAGE         70                        68      2       73

PRECIPITATION (IN)
  YESTERDAY        0.16         MM      MM   0.14   0.02     0.03
  MONTH TO DATE    2.20                      2.27  -0.07     4.53
  SINCE JUN 1      2.20                      2.27  -0.07     4.53
  SINCE JAN 1     14.62                     12.52   2.10    12.78

SNOWFALL (IN)
  YESTERDAY        0.0          MM      MM   0.0    0.0      0.0
  MONTH TO DATE    T                         0.0    0.0       T
  SINCE JUN 1      T                         0.0    0.0       T
  SINCE JUL 1     38.5                      53.9  -15.4     35.5
  SNOW DEPTH       0

DEGREE DAYS
 HEATING
  YESTERDAY        0                         1     -1        0
  MONTH TO DATE    5                        40    -35       20
  SINCE JUN 1      5                        40    -35       20
  SINCE JUL 1   6874                      7905  -1031     6819

 COOLING
  YESTERDAY        5                         4      1        8
  MONTH TO DATE  105                        52     53       64
  SINCE JUN 1    105                        52     53       64
  SINCE JAN 1    118                        85     33      106
..................................................................


WIND (MPH)
  HIGHEST WIND SPEED    MM   HIGHEST WIND DIRECTION    MM
  HIGHEST GUST SPEED    MM   HIGHEST GUST DIRECTION    MM
  AVERAGE WIND SPEED    MM


SKY COVER
  POSSIBLE SUNSHINE  MM
  AVERAGE SKY COVER  MM


WEATHER CONDITIONS
 THE FOLLOWING WEATHER WAS RECORDED YESTERDAY.
  NO SIGNIFICANT WEATHER WAS OBSERVED.


RELATIVE HUMIDITY (PERCENT)
 HIGHEST    MM
 LOWEST     MM
 AVERAGE    MM

..........................................................


THE CHANHASSEN MN CLIMATE NORMALS FOR TODAY
                         NORMAL    RECORD    YEAR
 MAXIMUM TEMPERATURE (F)   79        MM        MM
 MINIMUM TEMPERATURE (F)   58        MM        MM


SUNRISE AND SUNSET
JUNE 18 2017..........SUNRISE   528 AM CDT   SUNSET   903 PM CDT
JUNE 19 2017..........SUNRISE   528 AM CDT   SUNSET   904 PM CDT


-  INDICATES NEGATIVE NUMBERS.
R  INDICATES RECORD WAS SET OR TIED.
MM INDICATES DATA IS MISSING.
T  INDICATES TRACE AMOUNT.




$$
