000
CDUS43 KMPX 070650
CLIMPX


CLIMATE REPORT
NATIONAL WEATHER SERVICE CHANHASSEN MN
150 AM CDT THU SEP 7 2017


...................................

...THE CHANHASSEN MN CLIMATE SUMMARY FOR SEPTEMBER 6 2017...

CLIMATE NORMAL PERIOD 1981 TO 2010
CLIMATE RECORD PERIOD 1995 TO 2017


WEATHER ITEM   OBSERVED TIME   RECORD YEAR NORMAL DEPARTURE LAST
                VALUE   (LST)  VALUE       VALUE  FROM      YEAR
                                                  NORMAL
..................................................................
TEMPERATURE (F)
 YESTERDAY
  MAXIMUM         65        MM  MM      MM  75    -10       77
  MINIMUM         47        MM  MM      MM  55     -8       69
  AVERAGE         56                        65     -9       73

PRECIPITATION (IN)
  YESTERDAY        0.00         MM      MM   0.12  -0.12     1.23
  MONTH TO DATE    0.33                      0.77  -0.44     1.97
  SINCE SEP 1      0.33                      0.77  -0.44     1.97
  SINCE JAN 1     29.87                     22.77   7.10    29.93

SNOWFALL (IN)
  YESTERDAY        0.0          MM      MM   0.0    0.0      0.0
  MONTH TO DATE    T                         0.0    0.0      0.0
  SINCE SEP 1      T                         0.0    0.0      0.0
  SINCE JUL 1      T                         0.0    0.0      0.0
  SNOW DEPTH       0

DEGREE DAYS
 HEATING
  YESTERDAY        9                         3      6        0
  MONTH TO DATE   24                        14     10        2
  SINCE SEP 1     24                        14     10        2
  SINCE JUL 1     45                        37      8       15

 COOLING
  YESTERDAY        0                         3     -3        8
  MONTH TO DATE    6                        18    -12       19
  SINCE SEP 1      6                        18    -12       19
  SINCE JAN 1    404                       571   -167      605
..................................................................


WIND (MPH)
  HIGHEST WIND SPEED    MM   HIGHEST WIND DIRECTION    MM
  HIGHEST GUST SPEED    MM   HIGHEST GUST DIRECTION    MM
  AVERAGE WIND SPEED    MM


SKY COVER
  POSSIBLE SUNSHINE  MM
  AVERAGE SKY COVER  MM


WEATHER CONDITIONS
 THE FOLLOWING WEATHER WAS RECORDED YESTERDAY.
  NO SIGNIFICANT WEATHER WAS OBSERVED.


RELATIVE HUMIDITY (PERCENT)
 HIGHEST    MM
 LOWEST     MM
 AVERAGE    MM

..........................................................


THE CHANHASSEN MN CLIMATE NORMALS FOR TODAY
                         NORMAL    RECORD    YEAR
 MAXIMUM TEMPERATURE (F)   74        MM        MM
 MINIMUM TEMPERATURE (F)   55        MM        MM


SUNRISE AND SUNSET
SEPTEMBER  7 2017.....SUNRISE   644 AM CDT   SUNSET   740 PM CDT
SEPTEMBER  8 2017.....SUNRISE   645 AM CDT   SUNSET   738 PM CDT


-  INDICATES NEGATIVE NUMBERS.
R  INDICATES RECORD WAS SET OR TIED.
MM INDICATES DATA IS MISSING.
T  INDICATES TRACE AMOUNT.




$$
