000
CDUS43 KMPX 250639
CLIMPX


CLIMATE REPORT
NATIONAL WEATHER SERVICE CHANHASSEN MN
1238 AM CST WED FEB 25 2015


...................................

...THE CHANHASSEN MN CLIMATE SUMMARY FOR FEBRUARY 24 2015...

CLIMATE NORMAL PERIOD 1981 TO 2010
CLIMATE RECORD PERIOD 1995 TO 2015


WEATHER ITEM   OBSERVED TIME   RECORD YEAR NORMAL DEPARTURE LAST
                VALUE   (LST)  VALUE       VALUE  FROM      YEAR
                                                  NORMAL
..................................................................
TEMPERATURE (F)
 YESTERDAY
  MAXIMUM         31        MM  42    2006  31      0       10
  MINIMUM         12        MM  -6    2003  14     -2       -4
  AVERAGE         22                        22      0        3

PRECIPITATION (IN)
  YESTERDAY        T             0.75 2007   0.04  -0.04     0.01
  MONTH TO DATE    0.30                      0.78  -0.48     1.58
  SINCE DEC 1      1.64                      2.90  -1.26     4.16
  SINCE JAN 1      0.67                      1.65  -0.98     2.90

SNOWFALL (IN)
  YESTERDAY        T             8.3  2007   0.3   -0.3      0.2
  MONTH TO DATE    4.2                       8.3   -4.1     18.1
  SINCE DEC 1     15.4                      32.5  -17.1     53.2
  SINCE JUL 1     23.5                      38.3  -14.8     55.0
  SNOW DEPTH       1

DEGREE DAYS
 HEATING
  YESTERDAY       43                        43      0       62
  MONTH TO DATE 1298                      1117    181     1365
  SINCE DEC 1   4080                      4141    -61     4893
  SINCE JUL 1   6017                      5848    169     6615

 COOLING
  YESTERDAY        0                         0      0        0
  MONTH TO DATE    0                         0      0        0
  SINCE DEC 1      0                         0      0        0
  SINCE JAN 1      0                         0      0        0
..................................................................


WIND (MPH)
  HIGHEST WIND SPEED    MM   HIGHEST WIND DIRECTION    MM
  HIGHEST GUST SPEED    MM   HIGHEST GUST DIRECTION    MM
  AVERAGE WIND SPEED    MM


SKY COVER
  POSSIBLE SUNSHINE  MM
  AVERAGE SKY COVER  MM


WEATHER CONDITIONS
 THE FOLLOWING WEATHER WAS RECORDED YESTERDAY.
  NO SIGNIFICANT WEATHER WAS OBSERVED.


RELATIVE HUMIDITY (PERCENT)
 HIGHEST    MM
 LOWEST     MM
 AVERAGE    MM

..........................................................


THE CHANHASSEN MN CLIMATE NORMALS FOR TODAY
                         NORMAL    RECORD    YEAR
 MAXIMUM TEMPERATURE (F)   31        37      2009
 MINIMUM TEMPERATURE (F)   14        -9      2014


SUNRISE AND SUNSET
FEBRUARY 25 2015......SUNRISE   659 AM CST   SUNSET   556 PM CST
FEBRUARY 26 2015......SUNRISE   657 AM CST   SUNSET   558 PM CST


-  INDICATES NEGATIVE NUMBERS.
R  INDICATES RECORD WAS SET OR TIED.
MM INDICATES DATA IS MISSING.
T  INDICATES TRACE AMOUNT.




$$
